000
CXUS56 KSGX 011045
CF6AJO
PRELIMINARY LOCAL CLIMATOLOGICAL DATA (WS FORM: F-6)
STATION: CORONA AIRPORT CA
MONTH: JUNE
YEAR: 2021
LATITUDE: 33 53 N
LONGITUDE: 117-36 E
TEMPERATURE IN F: :PCPN: SNOW: WIND :SUNSHINE: SKY :PK WND
================================================================================
1 2 3 4 5 6A 6B 7 8 9 10 11 12 13 14 15 16 17 18
12Z AVG MX 2MIN
DY MAX MIN AVG DEP HDD CDD WTR SNW DPTH SPD SPD DIR MIN PSBL S-S WX SPD DR
================================================================================
1 85 56 71 M 0 6 0.00 M M 8.3 23 270 M M 2 30 270
2 84 53 69 M 0 4 0.00 M M 7.5 17 290 M M 0 1 23 300
3 84 57 71 M 0 6 0.00 M M 6.7 17 290 M M 2 24 280
4 83 52 68 M 0 3 0.00 M M 5.3 16 280 M M 0 22 280
5 83 53 68 M 0 3 0.00 M M 7.3 15 290 M M 0 21 270
6 76 54 65 M 0 0 0.00 M M 7.6 16 280 M M 2 24 270
7 71 54 63 M 2 0 0.00 M M 5.9 15 260 M M 7 22 260
8 78 56 67 M 0 2 0.00 M M 7.2 16 280 M M 4 20 300
9 79 51 65 M 0 0 0.00 M M 6.7 20 300 M M 0 26 280
10 79 45 62 M 3 0 0.00 M M 4.4 17 290 M M 0 22 290
11 86 46 66 M 0 1 0.00 M M 5.9 18 300 M M 0 24 300
12 90 49 70 M 0 5 0.00 M M 6.3 17 280 M M 0 26 270
13 92 57 75 M 0 10 0.00 M M 6.4 17 280 M M 0 24 280
14 95 53 74 M 0 9 0.00 M M 5.9 17 280 M M 0 23 290
15 97 70 84 M 0 19 0.00 M M 4.7 15 280 M M 0 21 260
16 92 62 77 M 0 12 0.00 M M 6.3 14 290 M M 0 24 290
17 91 62 77 M 0 12 0.00 M M 8.2 17 280 M M 0 24 280
18 88 64 76 M 0 11 0.00 M M 7.0 14 280 M M 0 22 280
19 87 62 75 M 0 10 0.00 M M 7.3 15 290 M M 0 21 280
20 85 61 73 M 0 8 0.00 M M 7.7 14 270 M M 0 26 270
21 87 58 73 M 0 8 0.00 M M 6.9 16 270 M M 1 21 270
22 88 56 72 M 0 7 0.00 M M 6.4 15 280 M M 0 23 270
23 88 61 75 M 0 10 0.00 M M 7.8 17 270 M M 0 24 270
24 84 59 72 M 0 7 0.00 M M 7.1 18 280 M M 0 25 280
25 85 54 70 M 0 5 0.00 M M 5.6 13 260 M M 0 24 260
26 91 59 75 M 0 10 0.00 M M 6.4 17 290 M M 0 25 290
27 91 62 77 M 0 12 0.00 M M 7.5 20 280 M M 0 25 280
28 92 62 77 M 0 12 0.00 M M 6.8 18 280 M M 0 30 270
29 85 61 73 M 0 8 0.00 M M 6.4 15 280 M M 0 21 270
30 88 62 75 M 0 10 0.00 M M 7.3 16 280 M M 0 26 280
================================================================================
SM 2584 1711 5 210 0.00 M 200.6 M 18
================================================================================
AV 86.1 57.0 6.7 FASTST M M 1 MAX(MPH)
MISC ----> 23 270 # 30 270
================================================================================
NOTES:
# LAST OF SEVERAL OCCURRENCES
COLUMN 17 PEAK WIND IN M.P.H.
PRELIMINARY LOCAL CLIMATOLOGICAL DATA (WS FORM: F-6) , PAGE 2
STATION: CORONA AIRPORT CA
MONTH: JUNE
YEAR: 2021
LATITUDE: 33 53 N
LONGITUDE: 117-36 E
[TEMPERATURE DATA] [PRECIPITATION DATA] SYMBOLS USED IN COLUMN 16
AVERAGE MONTHLY: 71.6 TOTAL FOR MONTH: 0.00 1 = FOG OR MIST
DPTR FM NORMAL: 0.0 DPTR FM NORMAL: M 2 = FOG REDUCING VISIBILITY
HIGHEST: 97 ON 15 GRTST 24HR 0.00 ON 1- 1 TO 1/4 MILE OR LESS
LOWEST: 45 ON 10 3 = THUNDER
SNOW, ICE PELLETS, HAIL 4 = ICE PELLETS
TOTAL MONTH: M 5 = HAIL
GRTST 24HR M ON M 6 = FREEZING RAIN OR DRIZZLE
GRTST DEPTH: M ON M 7 = DUSTSTORM OR SANDSTORM:
VSBY 1/2 MILE OR LESS
8 = SMOKE OR HAZE
[NO. OF DAYS WITH] [WEATHER - DAYS WITH] 9 = BLOWING SNOW
X = TORNADO
MAX 32 OR BELOW: 0 0.01 INCH OR MORE: 0
MAX 90 OR ABOVE: 9 0.10 INCH OR MORE: 0
MIN 32 OR BELOW: 0 0.50 INCH OR MORE: 0
MIN 0 OR BELOW: 0 1.00 INCH OR MORE: 0
[HDD (BASE 65) ]
TOTAL THIS MO. 5 CLEAR (SCALE 0-3) 28
DPTR FM NORMAL M PTCLDY (SCALE 4-7) 2
TOTAL FM JUL 1 1481 CLOUDY (SCALE 8-10) 0
DPTR FM NORMAL M
[CDD (BASE 65) ]
TOTAL THIS MO. 210
DPTR FM NORMAL M [PRESSURE DATA]
TOTAL FM JAN 1 285 HIGHEST SLP M ON M
DPTR FM NORMAL M LOWEST SLP M ON M
[REMARKS]
#FINAL-06-21#