000
CXUS56 KSGX 011245
CF6AJO
PRELIMINARY LOCAL CLIMATOLOGICAL DATA (WS FORM: F-6)
STATION: CORONA AIRPORT CA
MONTH: OCTOBER
YEAR: 2020
LATITUDE: 33 53 N
LONGITUDE: 117 36 W
TEMPERATURE IN F: :PCPN: SNOW: WIND :SUNSHINE: SKY :PK WND
================================================================================
1 2 3 4 5 6A 6B 7 8 9 10 11 12 13 14 15 16 17 18
12Z AVG MX 2MIN
DY MAX MIN AVG DEP HDD CDD WTR SNW DPTH SPD SPD DIR MIN PSBL S-S WX SPD DR
================================================================================
1 104 54 79 M 0 14 0.00 0.0 0 3.6 12 290 M M 0 17 270
2 101 53 77 M 0 12 0.00 0.0 0 3.5 14 270 M M 0 18 270
3 97 53 75 M 0 10 0.00 0.0 0 3.3 14 290 M M 0 18 290
4 97 53 75 M 0 10 0.00 0.0 0 3.5 13 270 M M 0 18 17 270
5 96 55 76 M 0 11 0.00 0.0 0 3.2 13 280 M M 0 8 M M
6 93 51 72 M 0 7 0.00 0.0 0 2.7 12 290 M M 0 8 M M
7 85 51 68 M 0 3 0.00 0.0 0 4.6 16 270 M M 0 1 22 270
8 80 59 70 M 0 5 0.00 0.0 0 4.7 12 270 M M 5 8 17 260
9 78 58 68 M 0 3 0.00 0.0 0 4.6 12 260 M M 4 16 260
10 79 59 69 M 0 4 0.00 0.0 0 5.2 14 270 M M 5 M M
11 82 53 68 M 0 3 0.00 0.0 0 3.3 12 290 M M 0 M M
12 100 52 76 M 0 11 0.00 0.0 0 1.9 10 260 M M 0 M M
13 99 52 76 M 0 11 0.00 0.0 0 3.3 13 280 M M 0 M M
14 96 51 74 M 0 9 0.00 0.0 0 3.1 10 260 M M 0 8 17 260
15 98 53 76 M 0 11 0.00 0.0 0 3.2 12 270 M M 0 M M
16 102 52 77 M 0 12 0.00 0.0 0 3.7 15 50 M M 0 21 50
17 91 52 72 M 0 7 0.00 0.0 0 3.8 13 270 M M 0 21 280
18 87 53 70 M 0 5 0.00 0.0 0 3.4 12 280 M M 0 21 270
19 83 59 71 M 0 6 0.00 0.0 0 5.0 13 280 M M 2 18 21 280
20 83 58 71 M 0 6 0.00 0.0 0 3.9 15 280 M M 4 18 18 280
21 78 56 67 M 0 2 0.00 0.0 0 3.9 10 290 M M 4 1 M M
22 75 56 66 M 0 1 0.00 0.0 0 3.0 9 260 M M 5 1 M M
23 76 57 67 M 0 2 0.00 0.0 0 4.2 12 270 M M 5 M M
24 71 56 64 M 1 0 0.00 0.0 0 3.6 9 300 M M 10 16 300
25 67 54 61 M 4 0 0.01 0.0 0 4.2 10 240 M M 9 1 17 240
26 71 47 59 M 6 0 0.00 0.0 0 17.7 33 40 M M 1 8 52 60
27 81 44 63 M 2 0 0.00 0.0 0 7.8 22 30 M M 0 30 30
28 81 38 60 M 5 0 0.00 0.0 0 2.7 13 290 M M 0 M M
29 87 40 64 M 1 0 0.00 0.0 0 1.8 8 260 M M 0 8 M M
30 87 41 64 M 1 0 0.00 0.0 0 2.8 12 290 M M 0 16 260
31 93 42 68 M 0 3 0.00 0.0 0 2.0 13 260 M M 0 18 260
================================================================================
SM 2698 1612 20 168 0.01 0.0 127.2 M 54
================================================================================
AV 87.0 52.0 4.1 FASTST M M 2 MAX(MPH)
MISC ----> # 33 40 # 52 60
================================================================================
NOTES:
# LAST OF SEVERAL OCCURRENCES
COLUMN 17 PEAK WIND IN M.P.H.
PRELIMINARY LOCAL CLIMATOLOGICAL DATA (WS FORM: F-6) , PAGE 2
STATION: CORONA AIRPORT CA
MONTH: OCTOBER
YEAR: 2020
LATITUDE: 33 53 N
LONGITUDE: 117 36 W
[TEMPERATURE DATA] [PRECIPITATION DATA] SYMBOLS USED IN COLUMN 16
AVERAGE MONTHLY: 69.5 TOTAL FOR MONTH: 0.01 1 = FOG OR MIST
DPTR FM NORMAL: M DPTR FM NORMAL: M 2 = FOG REDUCING VISIBILITY
HIGHEST: 104 ON 1 GRTST 24HR 0.01 ON 25-25 TO 1/4 MILE OR LESS
LOWEST: 38 ON 28 3 = THUNDER
SNOW, ICE PELLETS, HAIL 4 = ICE PELLETS
TOTAL MONTH: 0.0 INCH 5 = HAIL
GRTST 24HR 0.0 6 = FREEZING RAIN OR DRIZZLE
GRTST DEPTH: 0 7 = DUSTSTORM OR SANDSTORM:
VSBY 1/2 MILE OR LESS
8 = SMOKE OR HAZE
[NO. OF DAYS WITH] [WEATHER - DAYS WITH] 9 = BLOWING SNOW
X = TORNADO
MAX 32 OR BELOW: 0 0.01 INCH OR MORE: 1
MAX 90 OR ABOVE: 13 0.10 INCH OR MORE: 0
MIN 32 OR BELOW: 0 0.50 INCH OR MORE: 0
MIN 0 OR BELOW: 0 1.00 INCH OR MORE: 0
[HDD (BASE 65) ]
TOTAL THIS MO. 20 CLEAR (SCALE 0-3) 22
DPTR FM NORMAL M PTCLDY (SCALE 4-7) 7
TOTAL FM JUL 1 20 CLOUDY (SCALE 8-10) 2
DPTR FM NORMAL M
[CDD (BASE 65) ]
TOTAL THIS MO. 168
DPTR FM NORMAL M [PRESSURE DATA]
TOTAL FM JAN 1 1479 HIGHEST SLP M ON M
DPTR FM NORMAL M LOWEST SLP M ON M
[REMARKS]
#FINAL-10-20#