000
CXAK56 PAFC 141602
CF6AKN
PRELIMINARY LOCAL CLIMATOLOGICAL DATA (WS FORM: F-6)
STATION: KING SALMON
MONTH: SEPTEMBER
YEAR: 2020
LATITUDE: 58 41 N
LONGITUDE: 156 39 W
TEMPERATURE IN F: :PCPN: SNOW: WIND :SUNSHINE: SKY :PK WND
================================================================================
1 2 3 4 5 6A 6B 7 8 9 10 11 12 13 14 15 16 17 18
12Z AVG MX 2MIN
DY MAX MIN AVG DEP HDD CDD WTR SNW DPTH SPD SPD DIR MIN PSBL S-S WX SPD DR
================================================================================
1 61 49 55 3 10 0 T M M 10.6 20 270 M M 7 1 26 240
2 50 44 47 -5 18 0 0.05 M M 7.1 13 320 M M 9 1 19 320
3 54 35 45 -7 20 0 T M M 4.4 15 270 M M 8 18 270
4 60 30 45 -7 20 0 0.00 M M 5.0 15 30 M M 4 12 20 30
5 58 31 45 -7 20 0 0.03 M M 12.5 25 90 M M 2 37 80
6 60 52 56 5 9 0 0.24 M M 20.3 35 90 M M 9 1 48 90
7 60 50 55 4 10 0 0.16 M M 16.7 30 170 M M 9 1 40 170
8 58 47 53 2 12 0 0.01 M M 8.8 16 250 M M 9 1 22 260
9 58 33 46 -4 19 0 0.03 M M 5.7 14 260 M M 5 1 18 260
10 61 31 46 -4 19 0 0.00 M M 8.4 17 40 M M 0 22 20
11 62 31 47 -3 18 0 0.00 M M 5.6 12 340 M M 1 16 350
12 62 23 43 -6 22 0 0.00 M M 2.6 10 340 M M 2 128 14 330
13 63 27 45 -4 20 0 0.00 M M 3.3 7 170 M M 3 12 12 150
14 63 33 48 -1 17 0 0.28 M M 9.4 31 160 M M 5 1 42 170
15 59 37 48 0 17 0 0.27 M M 11.2 24 160 M M 8 1 35 140
16 59 37 48 0 17 0 0.33 M M 7.2 24 90 M M 5 18 32 80
17 55 48 52 5 13 0 0.31 M M 17.0 29 150 M M 7 1 37 150
18 53 37 45 -2 20 0 0.22 M M 9.6 22 230 M M 8 1 29 240
19 57 32 45 -2 20 0 0.01 M M 4.1 13 270 M M 6 16 270
20 56 36 46 0 19 0 T M M 8.5 17 130 M M 6 1 25 140
21 59 43 51 5 14 0 0.09 M M 11.3 23 80 M M 7 33 60
22 57 39 48 3 17 0 0.00 M M 12.4 21 360 M M 4 27 360
23 51 39 45 0 20 0 0.01 M M 10.0 17 350 M M 9 24 360
24 48 40 44 0 21 0 T M M 9.5 17 350 M M 10 24 340
25 46 38 42 -2 23 0 0.01 M M 6.1 13 330 M M 9 17 350
26 50 34 42 -1 23 0 T M M 3.9 9 360 M M 8 12 360
27 50 33 42 -1 23 0 T M M 8.5 17 340 M M 7 1 24 350
28 52 38 45 3 20 0 T M M 6.9 18 180 M M 9 27 240
29 53 33 43 1 22 0 T M M 12.2 30 40 M M 5 45 40
30 62 45 54 13 11 0 0.09 M M 13.6 32 30 M M 7 1 42 30
================================================================================
SM 1697 1125 534 0 2.14 M 272.4 M 188
================================================================================
AV 56.6 37.5 9.1 FASTST M M 6 MAX(MPH)
MISC ----> 35 90 48 90
================================================================================
NOTES:
# LAST OF SEVERAL OCCURRENCES
COLUMN 17 PEAK WIND IN M.P.H.
PRELIMINARY LOCAL CLIMATOLOGICAL DATA (WS FORM: F-6) , PAGE 2
STATION: KING SALMON
MONTH: SEPTEMBER
YEAR: 2020
LATITUDE: 58 41 N
LONGITUDE: 156 39 W
[TEMPERATURE DATA] [PRECIPITATION DATA] SYMBOLS USED IN COLUMN 16
AVERAGE MONTHLY: 47.0 TOTAL FOR MONTH: 2.14 1 = FOG OR MIST
DPTR FM NORMAL: -0.6 DPTR FM NORMAL: -1.05 2 = FOG REDUCING VISIBILITY
HIGHEST: 63 ON 14,13 GRTST 24HR 0.55 ON 14-15 TO 1/4 MILE OR LESS
LOWEST: 23 ON 12 3 = THUNDER
SNOW, ICE PELLETS, HAIL 4 = ICE PELLETS
TOTAL MONTH: M 5 = HAIL
GRTST 24HR M ON M 6 = FREEZING RAIN OR DRIZZLE
GRTST DEPTH: M ON M 7 = DUSTSTORM OR SANDSTORM:
VSBY 1/2 MILE OR LESS
8 = SMOKE OR HAZE
[NO. OF DAYS WITH] [WEATHER - DAYS WITH] 9 = BLOWING SNOW
X = TORNADO
MAX 32 OR BELOW: 0 0.01 INCH OR MORE: 16
MAX 90 OR ABOVE: 0 0.10 INCH OR MORE: 7
MIN 32 OR BELOW: 7 0.50 INCH OR MORE: 0
MIN 0 OR BELOW: 0 1.00 INCH OR MORE: 0
[HDD (BASE 65) ]
TOTAL THIS MO. 534 CLEAR (SCALE 0-3) 4
DPTR FM NORMAL 12 PTCLDY (SCALE 4-7) 17
TOTAL FM JUL 1 1029 CLOUDY (SCALE 8-10) 9
DPTR FM NORMAL -110
[CDD (BASE 65) ]
TOTAL THIS MO. 0
DPTR FM NORMAL 0 [PRESSURE DATA]
TOTAL FM JAN 1 1 HIGHEST SLP 30.49 ON 10
DPTR FM NORMAL 0 LOWEST SLP 28.97 ON 30
[REMARKS]
#FINAL-09-20#