000
CXUS55 KBOU 011000
CF6AKO
PRELIMINARY LOCAL CLIMATOLOGICAL DATA (WS FORM: F-6)
STATION: AKRON CO
MONTH: JANUARY
YEAR: 2023
LATITUDE: 40 10 N
LONGITUDE: 103 13 W
TEMPERATURE IN F: :PCPN: SNOW: WIND :SUNSHINE: SKY :PK WND
================================================================================
1 2 3 4 5 6A 6B 7 8 9 10 11 12 13 14 15 16 17 18
12Z AVG MX 2MIN
DY MAX MIN AVG DEP HDD CDD WTR SNW DPTH SPD SPD DIR MIN PSBL S-S WX SPD DR
================================================================================
1 37 23 30 2 35 0 T M M 8.5 18 100 M M 6 1 22 100
2 28 23 26 -2 39 0 0.20 M M 14.0 26 340 M M 10 126 33 340
3 24 14 19 -10 46 0 T M M 15.2 29 330 M M 7 1 36 350
4 29 7 18 -11 47 0 0.00 M M 14.6 31 330 M M 2 38 330
5 33 9 21 -8 44 0 0.00 M M 10.7 18 240 M M 0 23 160
6 33 10 22 -7 43 0 0.04 M M 9.8 20 280 M M 4 18 24 280
7 35 26 31 2 34 0 T M M 11.2 17 230 M M 6 12 21 230
8 41 18 30 1 35 0 0.00 M M 13.0 20 260 M M 0 23 250
9 43 22 33 4 32 0 0.00 M M 13.2 22 270 M M 0 24 270
10 47 24 36 7 29 0 0.00 M M 10.3 23 270 M M 0 28 270
11 31 25 28 -1 37 0 0.08 M M 13.2 22 10 M M 7 12 27 10
12 33 17 25 -4 40 0 T M M 11.5 18 270 M M 5 12 22 280
13 41 20 31 2 34 0 0.00 M M 14.4 22 250 M M 0 26 250
14 51 28 40 11 25 0 0.00 M M 11.5 22 280 M M 0 25 280
15 35 23 29 0 36 0 0.01 M M 7.9 16 340 M M 6 12 19 340
16 39 24 32 3 33 0 0.00 M M 9.2 23 260 M M 4 12 27 260
17 31 20 26 -3 39 0 0.05 M M 12.8 23 80 M M 5 12 30 80
18 27 20 24 -5 41 0 0.07 M M 15.2 26 90 M M 10 12 33 90
19 28 6 17 -12 48 0 0.00 M M 8.5 18 320 M M 0 24 320
20 23 7 15 -14 50 0 0.00 M M 8.2 15 280 M M 3 18 270
21 27 14 21 -8 44 0 T M M 13.1 22 330 M M 10 18 29 330
22 29 10 20 -9 45 0 0.00 M M 8.5 15 280 M M 5 16 280
23 29 14 22 -7 43 0 0.00 M M 9.8 16 180 M M 7 1 23 180
24 28 10 19 -10 46 0 T M M 14.1 23 320 M M 7 12 24 280
25 27 10 19 -10 46 0 0.02 M M 18.6 30 320 M M 8 18 35 330
26 32 19 26 -3 39 0 0.00 M M 16.7 24 290 M M 8 38 250
27 36 19 28 -1 37 0 0.00 M M 14.6 24 310 M M 3 32 160
28 22 1 12 -17 53 0 T M M 14.2 22 60 M M 7 1 27 80
29 1 -10 -4 -33 69 0 T M M 10.3 17 80 M M 9 18 21 70
30 2 -8 -3 -32 68 0 T M M 7.8 16 290 M M 8 1 19 280
31 18 -4 7 -22 58 0 0.00 M M 13.8 20 260 M M 3 22 220
================================================================================
SM 940 441 1315 0 0.47 M 374.4 M 150
================================================================================
AV 30.3 14.2 12.1 FASTST M M 5 MAX(MPH)
MISC ----> 31 330 # 38 250
================================================================================
NOTES:
# LAST OF SEVERAL OCCURRENCES
COLUMN 17 PEAK WIND IN M.P.H.
PRELIMINARY LOCAL CLIMATOLOGICAL DATA (WS FORM: F-6) , PAGE 2
STATION: AKRON CO
MONTH: JANUARY
YEAR: 2023
LATITUDE: 40 10 N
LONGITUDE: 103 13 W
[TEMPERATURE DATA] [PRECIPITATION DATA] SYMBOLS USED IN COLUMN 16
AVERAGE MONTHLY: 22.3 TOTAL FOR MONTH: 0.47 1 = FOG OR MIST
DPTR FM NORMAL: -6.8 DPTR FM NORMAL: 0.30 2 = FOG REDUCING VISIBILITY
HIGHEST: 51 ON 14 GRTST 24HR 0.20 ON 2- 2 TO 1/4 MILE OR LESS
LOWEST: -10 ON 29 3 = THUNDER
SNOW, ICE PELLETS, HAIL 4 = ICE PELLETS
TOTAL MONTH: M 5 = HAIL
GRTST 24HR M ON M 6 = FREEZING RAIN OR DRIZZLE
GRTST DEPTH: M ON M 7 = DUSTSTORM OR SANDSTORM:
VSBY 1/2 MILE OR LESS
8 = SMOKE OR HAZE
[NO. OF DAYS WITH] [WEATHER - DAYS WITH] 9 = BLOWING SNOW
X = TORNADO
MAX 32 OR BELOW: 18 0.01 INCH OR MORE: 7
MAX 90 OR ABOVE: 0 0.10 INCH OR MORE: 1
MIN 32 OR BELOW: 31 0.50 INCH OR MORE: 0
MIN 0 OR BELOW: 3 1.00 INCH OR MORE: 0
[HDD (BASE 65) ]
TOTAL THIS MO. 1315 CLEAR (SCALE 0-3) 9
DPTR FM NORMAL 204 PTCLDY (SCALE 4-7) 17
TOTAL FM JUL 1 3879 CLOUDY (SCALE 8-10) 5
DPTR FM NORMAL 254
[CDD (BASE 65) ]
TOTAL THIS MO. 0
DPTR FM NORMAL 0 [PRESSURE DATA]
TOTAL FM JAN 1 0 HIGHEST SLP 30.55 ON 29
DPTR FM NORMAL 0 LOWEST SLP 29.43 ON 15
[REMARKS]
#FINAL-01-23#