000
CXUS51 KAKQ 010810
CF6AKQ
PRELIMINARY LOCAL CLIMATOLOGICAL DATA (WS FORM: F-6)
STATION: WAKEFIELD
MONTH: JANUARY
YEAR: 2023
LATITUDE: 36 58 N
LONGITUDE: 77 0 W
TEMPERATURE IN F: :PCPN: SNOW: WIND :SUNSHINE: SKY :PK WND
================================================================================
1 2 3 4 5 6A 6B 7 8 9 10 11 12 13 14 15 16 17 18
12Z AVG MX 2MIN
DY MAX MIN AVG DEP HDD CDD WTR SNW DPTH SPD SPD DIR MIN PSBL S-S WX SPD DR
================================================================================
1 66 43 55 15 10 0 0.00 0.0 0 2.7 7 250 M M 2 12 M M
2 69 40 55 15 10 0 0.00 0.0 0 2.7 6 220 M M 1 12 M M
3 71 52 62 22 3 0 0.00 0.0 0 5.9 9 180 M M 0 1 M M
4 68 60 64 24 1 0 0.16 0.0 0 5.0 13 210 M M 5 1 23 210
5 67 46 57 17 8 0 0.00 0.0 0 3.7 8 220 M M 2 M M
6 58 33 46 6 19 0 0.00 0.0 0 2.9 12 270 M M 0 20 270
7 52 29 41 1 24 0 0.00 0.0 0 1.8 9 250 M M 0 M M
8 44 27 36 -4 29 0 0.42 0.0 0 0.4 4 220 M M 6 1 M M
9 53 31 42 2 23 0 0.06 0.0 0 2.8 8 320 M M 3 12 M M
10 50 24 37 -3 28 0 0.00 0.0 0 1.2 7 99 M M 0 M M
11 51 24 38 -2 27 0 0.00 0.0 0 1.9 7 100 M M 2 1 M M
12 66 39 53 13 12 0 0.05 0.0 0 4.2 12 250 M M 8 1 36 220
13 57 41 49 9 16 0 0.03 0.0 0 5.4 14 170 M M 7 24 160
14 41 33 37 -3 28 0 T T 0 7.8 16 350 M M 10 24 310
15 45 29 37 -3 28 0 0.00 0.0 0 5.8 15 330 M M 2 25 340
16 57 24 41 1 24 0 0.00 0.0 0 2.5 9 300 M M 0 M M
17 50 38 44 4 21 0 0.09 0.0 0 4.2 10 220 M M 7 1 17 220
18 62 43 53 13 12 0 0.00 0.0 0 5.4 10 260 M M 0 18 250
19 70 43 57 17 8 0 T 0.0 0 5.5 10 230 M M 4 18 200
20 65 33 49 9 16 0 0.00 0.0 0 6.7 13 240 M M 1 21 240
21 50 25 38 -2 27 0 0.00 0.0 0 1.9 8 320 M M 0 M M
22 49 30 40 0 25 0 0.38 0.0 0 1.8 7 120 M M 7 1 M M
23 54 34 44 4 21 0 0.08 0.0 0 7.0 12 270 M M 7 1 24 270
24 54 28 41 1 24 0 0.00 0.0 0 2.5 8 240 M M 0 M M
25 62 28 45 5 20 0 0.72 M M 4.2 13 170 M M 6 1 23 170
26 60 32 46 6 19 0 0.06 0.0 0 7.6 15 250 M M 5 1 24 260
27 49 26 38 -2 27 0 0.00 0.0 0 2.5 9 280 M M 1 17 250
28 60 27 44 4 21 0 0.00 0.0 0 2.8 7 260 M M 0 M M
29 55 30 43 3 22 0 0.03 0.0 0 2.6 12 220 M M 4 20 220
30 57 43 50 10 15 0 0.37 0.0 0 0.8 5 260 M M 9 12 M M
31 53 41 47 7 18 0 0.05 0.0 0 4.5 9 50 M M 10 12 M M
================================================================================
SM 1765 1076 586 0 2.50 T 116.7 M 109
================================================================================
AV 56.9 34.7 3.8 FASTST M M 4 MAX(MPH)
MISC ----> 16 350 36 220
================================================================================
NOTES:
# LAST OF SEVERAL OCCURRENCES
COLUMN 17 PEAK WIND IN M.P.H.
PRELIMINARY LOCAL CLIMATOLOGICAL DATA (WS FORM: F-6) , PAGE 2
STATION: WAKEFIELD
MONTH: JANUARY
YEAR: 2023
LATITUDE: 36 58 N
LONGITUDE: 77 0 W
[TEMPERATURE DATA] [PRECIPITATION DATA] SYMBOLS USED IN COLUMN 16
AVERAGE MONTHLY: 45.8 TOTAL FOR MONTH: 2.50 1 = FOG OR MIST
DPTR FM NORMAL: 5.9 DPTR FM NORMAL: -1.15 2 = FOG REDUCING VISIBILITY
HIGHEST: 71 ON 3 GRTST 24HR 1.39 ON 25-26 TO 1/4 MILE OR LESS
LOWEST: 24 ON 16,11 3 = THUNDER
SNOW, ICE PELLETS, HAIL 4 = ICE PELLETS
TOTAL MONTH: T 5 = HAIL
GRTST 24HR T ON 14-14 6 = FREEZING RAIN OR DRIZZLE
GRTST DEPTH: 0 7 = DUSTSTORM OR SANDSTORM:
VSBY 1/2 MILE OR LESS
8 = SMOKE OR HAZE
[NO. OF DAYS WITH] [WEATHER - DAYS WITH] 9 = BLOWING SNOW
X = TORNADO
MAX 32 OR BELOW: 0 0.01 INCH OR MORE: 13
MAX 90 OR ABOVE: 0 0.10 INCH OR MORE: 5
MIN 32 OR BELOW: 15 0.50 INCH OR MORE: 1
MIN 0 OR BELOW: 0 1.00 INCH OR MORE: 0
[HDD (BASE 65) ]
TOTAL THIS MO. 586 CLEAR (SCALE 0-3) 16
DPTR FM NORMAL -194 PTCLDY (SCALE 4-7) 12
TOTAL FM JUL 1 1999 CLOUDY (SCALE 8-10) 3
DPTR FM NORMAL -108
[CDD (BASE 65) ]
TOTAL THIS MO. 0
DPTR FM NORMAL -1 [PRESSURE DATA]
TOTAL FM JAN 1 0 HIGHEST SLP M ON M
DPTR FM NORMAL -1 LOWEST SLP M ON M
[REMARKS]
#FINAL-01-23#