800
CXUS54 KCRP 011300
CF6ALI
PRELIMINARY LOCAL CLIMATOLOGICAL DATA (WS FORM: F-6)
STATION: ALICE
MONTH: JULY
YEAR: 2020
LATITUDE: 27 44 N
LONGITUDE: 98 1 W
TEMPERATURE IN F: :PCPN: SNOW: WIND :SUNSHINE: SKY :PK WND
================================================================================
1 2 3 4 5 6A 6B 7 8 9 10 11 12 13 14 15 16 17 18
12Z AVG MX 2MIN
DY MAX MIN AVG DEP HDD CDD WTR SNW DPTH SPD SPD DIR MIN PSBL S-S WX SPD DR
================================================================================
1 97 79 88 3 0 23 0.00 0.0 0 13.8 23 130 M M 7 1 30 150
2 97 77 87 2 0 22 0.00 0.0 0 10.7 20 120 M M 5 1 24 130
3 98 72 85 0 0 20 0.00 0.0 0 6.9 15 140 M M 1 12 20 120
4 99 74 87 2 0 22 0.00 0.0 0 7.5 18 130 M M 1 12 23 120
5 102 76 89 4 0 24 0.00 0.0 0 11.1 20 130 M M 2 1 24 120
6 100 77 89 4 0 24 0.00 0.0 0 13.2 21 120 M M 2 27 180
7 99 80 90 5 0 25 0.00 0.0 0 12.0 22 140 M M 2 28 140
8 100 80 90 5 0 25 0.00 0.0 0 14.4 25 130 M M 5 18 33 130
9 98 80 89 4 0 24 0.00 0.0 0 13.9 24 140 M M 5 18 30 110
10 101 77 89 4 0 24 0.00 0.0 0 12.7 24 140 M M 4 31 150
11 102 77 90 5 0 25 0.00 0.0 0 9.5 20 130 M M 1 1 24 140
12 103 75 89 4 0 24 0.00 0.0 0 8.7 17 150 M M 1 1 22 140
13 106 76 91 6 0 26 0.00 0.0 0 10.4 21 120 M M 2 1 26 140
14 104 74 89 4 0 24 T 0.0 0 13.0 24 130 M M 1 18 32 120
15 102 76 89 3 0 24 T 0.0 0 13.7 25 120 M M 2 1 32 140
16 99 75 87 1 0 22 T 0.0 0 11.0 22 120 M M 4 1 32 90
17 101 73 87 1 0 22 0.09 0.0 0 6.1 24 130 M M 2 3 31 120
18 93 73 83 -3 0 18 0.41 0.0 0 5.9 28 200 M M 4 13 34 200
19 98 72 85 -1 0 20 0.00 0.0 0 6.4 18 140 M M 2 1 23 130
20 100 74 87 1 0 22 0.00 0.0 0 5.7 17 110 M M 3 1 22 120
21 100 74 87 1 0 22 0.00 0.0 0 7.3 21 130 M M 1 26 130
22 100 74 87 1 0 22 0.00 0.0 0 6.9 21 130 M M 2 26 110
23 99 75 87 1 0 22 0.06 0.0 0 6.5 23 30 M M 2 13 28 30
24 102 76 89 3 0 24 0.00 0.0 0 9.2 22 60 M M 2 29 50
25 84 76 80 -6 0 15 1.77 0.0 0 19.6 36 30 M M 7 1 47 90
26 91 76 84 -2 0 19 0.77 0.0 0 15.9 30 120 M M 7 1 38 110
27 93 76 85 -1 0 20 0.20 0.0 0 6.9 17 110 M M 5 138 22 120
28 94 74 84 -2 0 19 0.26 0.0 0 4.9 30 170 M M 3 1238 40 130
29 91 74 83 -3 0 18 0.80 0.0 0 6.0 30 170 M M 2 13 39 170
30 95 74 85 -1 0 20 0.00 0.0 0 10.4 22 150 M M 3 1 26 150
31 97 75 86 0 0 21 0.00 0.0 0 8.5 16 140 M M 4 1 21 140
================================================================================
SM 3045 2341 0 682 4.36 0.0 308.7 M 94
================================================================================
AV 98.2 75.5 10.0 FASTST M M 3 MAX(MPH)
MISC ----> # 36 30 # 47 90
================================================================================
NOTES:
# LAST OF SEVERAL OCCURRENCES
COLUMN 17 PEAK WIND IN M.P.H.
PRELIMINARY LOCAL CLIMATOLOGICAL DATA (WS FORM: F-6) , PAGE 2
STATION: ALICE
MONTH: JULY
YEAR: 2020
LATITUDE: 27 44 N
LONGITUDE: 98 1 W
[TEMPERATURE DATA] [PRECIPITATION DATA] SYMBOLS USED IN COLUMN 16
AVERAGE MONTHLY: 86.9 TOTAL FOR MONTH: 4.36 1 = FOG OR MIST
DPTR FM NORMAL: 1.3 DPTR FM NORMAL: 1.88 2 = FOG REDUCING VISIBILITY
HIGHEST: 106 ON 13 GRTST 24HR 1.77 ON 25-25 TO 1/4 MILE OR LESS
LOWEST: 72 ON 19, 3 3 = THUNDER
SNOW, ICE PELLETS, HAIL 4 = ICE PELLETS
TOTAL MONTH: 0.0 INCH 5 = HAIL
GRTST 24HR 0.0 6 = FREEZING RAIN OR DRIZZLE
GRTST DEPTH: 0 7 = DUSTSTORM OR SANDSTORM:
VSBY 1/2 MILE OR LESS
8 = SMOKE OR HAZE
[NO. OF DAYS WITH] [WEATHER - DAYS WITH] 9 = BLOWING SNOW
X = TORNADO
MAX 32 OR BELOW: 0 0.01 INCH OR MORE: 8
MAX 90 OR ABOVE: 30 0.10 INCH OR MORE: 6
MIN 32 OR BELOW: 0 0.50 INCH OR MORE: 3
MIN 0 OR BELOW: 0 1.00 INCH OR MORE: 1
[HDD (BASE 65) ]
TOTAL THIS MO. 0 CLEAR (SCALE 0-3) 19
DPTR FM NORMAL 0 PTCLDY (SCALE 4-7) 12
TOTAL FM JUL 1 0 CLOUDY (SCALE 8-10) 0
DPTR FM NORMAL 0
[CDD (BASE 65) ]
TOTAL THIS MO. 682
DPTR FM NORMAL 45 [PRESSURE DATA]
TOTAL FM JAN 1 2543 HIGHEST SLP 30.03 ON 11
DPTR FM NORMAL 424 LOWEST SLP 29.61 ON 25
[REMARKS]
#FINAL-07-20#