000
CXUS53 KDMX 102303
CF6ALO
PRELIMINARY LOCAL CLIMATOLOGICAL DATA (WS FORM: F-6)
STATION: WATERLOO IA
MONTH: JULY
YEAR: 2023
LATITUDE: 42 32 N
LONGITUDE: 92 24 W
TEMPERATURE IN F: :PCPN: SNOW: WIND :SUNSHINE: SKY :PK WND
================================================================================
1 2 3 4 5 6A 6B 7 8 9 10 11 12 13 14 15 16 17 18
12Z AVG MX 2MIN
DY MAX MIN AVG DEP HDD CDD WTR SNW DPTH SPD SPD DIR MIN PSBL S-S WX SPD DR
================================================================================
1 82 68 75 1 0 10 1.52 0.0 0 3.4 17 100 M M 5 13 23 110
2 89 67 78 4 0 13 0.03 0.0 0 5.5 16 10 M M 2 1 23 10
3 89 65 77 3 0 12 0.00 0.0 0 4.4 13 220 M M 0 1 18 260
4 90 68 79 4 0 14 0.25 0.0 0 9.0 31 40 M M 3 13 40 40
5 81 61 71 -4 0 6 T 0.0 0 9.7 21 320 M M 4 3 26 320
6 76 54 65 -10 0 0 0.00 0.0 0 7.8 16 320 M M 2 22 320
7 73 48 61 -14 4 0 0.05 0.0 0 3.3 10 60 M M 5 1 13 80
8 80 53 67 -8 0 2 0.00 0.0 0 6.7 14 320 M M 1 1 21 320
9 82 54 68 -7 0 3 0.00 0.0 0 5.2 13 260 M M 0 19 290
10 89 61 75 0 0 10 T 0.0 0 11.7 22 220 M M 0 3 30 260
11 83 64 74 -1 0 9 0.00 0.0 0 7.1 17 50 M M 1 23 40
12 81 63 72 -3 0 7 0.92 0.0 0 7.1 31 270 M M 7 13 42 270
13 86 64 75 0 0 10 0.86 0.0 0 7.6 32 310 M M 4 138 48 310
14 85 65 75 0 0 10 0.00 0.0 0 5.9 24 260 M M 3 3 31 260
15 83 65 74 -1 0 9 0.01 0.0 0 5.2 18 340 M M 3 138 29 320
16 81 62 72 -3 0 7 0.00 0.0 0 6.6 16 270 M M 4 18 22 270
17 77 57 67 -8 0 2 0.00 0.0 0 5.8 15 310 M M 2 18 23 310
18 80 54 67 -8 0 2 0.00 0.0 0 2.9 10 70 M M 1 14 80
19 83 57 70 -5 0 5 0.00 0.0 0 6.8 16 180 M M 0 22 190
20 81 63 72 -3 0 7 0.00 0.0 0 10.3 21 340 M M 2 27 320
21 83 58 71 -3 0 6 0.00 0.0 0 2.5 9 350 M M 1 14 10
22 86 57 72 -2 0 7 0.00 0.0 0 4.3 22 60 M M 1 27 60
23 88 58 73 -1 0 8 0.00 0.0 0 2.4 12 70 M M 1 3 20 290
24 91 57 74 0 0 9 0.00 0.0 0 2.4 10 220 M M 0 18 16 230
25 94 65 80 6 0 15 0.00 0.0 0 9.2 20 160 M M 1 18 26 160
26 95 73 84 10 0 19 T 0.0 0 5.3 23 20 M M 1 1 35 360
27 94 69 82 8 0 17 T 0.0 0 7.8 23 150 M M 1 1 29 220
28 98 70 84 10 0 19 0.31 0.0 0 7.3 22 320 M M 1 13 36 340
29 86 66 76 2 0 11 0.00 0.0 0 7.1 14 30 M M 3 12 20 10
30 86 59 73 -1 0 8 0.00 0.0 0 3.8 14 290 M M 1 18 330
31 87 61 74 0 0 9 0.00 0.0 0 4.6 13 40 M M 0 18 30
================================================================================
SM 2639 1906 4 266 3.95 0.0 188.7 M 60
================================================================================
AV 85.1 61.5 6.1 FASTST M M 2 MAX(MPH)
MISC ----> 32 310 48 310
================================================================================
NOTES:
# LAST OF SEVERAL OCCURRENCES
COLUMN 17 PEAK WIND IN M.P.H.
PRELIMINARY LOCAL CLIMATOLOGICAL DATA (WS FORM: F-6) , PAGE 2
STATION: WATERLOO IA
MONTH: JULY
YEAR: 2023
LATITUDE: 42 32 N
LONGITUDE: 92 24 W
[TEMPERATURE DATA] [PRECIPITATION DATA] SYMBOLS USED IN COLUMN 16
AVERAGE MONTHLY: 73.3 TOTAL FOR MONTH: 3.95 1 = FOG OR MIST
DPTR FM NORMAL: -1.2 DPTR FM NORMAL: -0.39 2 = FOG REDUCING VISIBILITY
HIGHEST: 98 ON 28 GRTST 24HR 1.52 ON 1- 1 TO 1/4 MILE OR LESS
LOWEST: 48 ON 7 3 = THUNDER
SNOW, ICE PELLETS, HAIL 4 = ICE PELLETS
TOTAL MONTH: 0.0 INCH 5 = HAIL
GRTST 24HR 0.0 6 = FREEZING RAIN OR DRIZZLE
GRTST DEPTH: 0 7 = DUSTSTORM OR SANDSTORM:
VSBY 1/2 MILE OR LESS
8 = SMOKE OR HAZE
[NO. OF DAYS WITH] [WEATHER - DAYS WITH] 9 = BLOWING SNOW
X = TORNADO
MAX 32 OR BELOW: 0 0.01 INCH OR MORE: 8
MAX 90 OR ABOVE: 6 0.10 INCH OR MORE: 5
MIN 32 OR BELOW: 0 0.50 INCH OR MORE: 3
MIN 0 OR BELOW: 0 1.00 INCH OR MORE: 1
[HDD (BASE 65) ]
TOTAL THIS MO. 4 CLEAR (SCALE 0-3) 24
DPTR FM NORMAL 1 PTCLDY (SCALE 4-7) 7
TOTAL FM JUL 1 4 CLOUDY (SCALE 8-10) 0
DPTR FM NORMAL 4
[CDD (BASE 65) ]
TOTAL THIS MO. 266
DPTR FM NORMAL -31 [PRESSURE DATA]
TOTAL FM JAN 1 601 HIGHEST SLP 30.16 ON 30
DPTR FM NORMAL 20 LOWEST SLP 29.71 ON 26
[REMARKS]
#FINAL-07-23#