000
CXUS55 KPUB 011635
CF6ALS
PRELIMINARY LOCAL CLIMATOLOGICAL DATA (WS FORM: F-6)
STATION: ALAMOSA CO
MONTH: AUGUST
YEAR: 2020
LATITUDE: 37 27 N
LONGITUDE: 105 52 W
TEMPERATURE IN F: :PCPN: SNOW: WIND :SUNSHINE: SKY :PK WND
================================================================================
1 2 3 4 5 6A 6B 7 8 9 10 11 12 13 14 15 16 17 18
12Z AVG MX 2MIN
DY MAX MIN AVG DEP HDD CDD WTR SNW DPTH SPD SPD DIR MIN PSBL S-S WX SPD DR
================================================================================
1 87 42 65 1 0 0 T 0.0 0 5.7 26 40 M M 0 38 40
2 83 46 65 1 0 0 0.02 0.0 0 6.4 26 40 M M 2 3 37 30
3 85 44 65 1 0 0 T 0.0 0 6.3 35 40 M M 2 3 46 40
4 89 55 72 8 0 7 0.00 0.0 0 6.7 21 10 M M 1 38 28 200
5 85 43 64 0 1 0 0.00 0.0 0 7.3 25 250 M M 1 12 34 240
6 85 47 66 2 0 1 0.00 0.0 0 8.5 25 260 M M 0 38 260
7 87 41 64 0 1 0 0.00 0.0 0 7.4 24 250 M M 0 34 240
8 87 43 65 1 0 0 0.00 0.0 0 5.1 21 180 M M 0 27 180
9 86 43 65 1 0 0 0.00 0.0 0 5.5 23 290 M M 1 31 290
10 87 41 64 0 1 0 0.00 0.0 0 5.1 17 260 M M 0 22 340
11 88 38 63 -1 2 0 0.00 0.0 0 8.1 26 230 M M 0 36 230
12 86 42 64 1 1 0 0.00 0.0 0 6.7 26 260 M M 1 35 240
13 89 39 64 1 1 0 0.00 0.0 0 5.5 20 320 M M 0 26 330
14 90 43 67 4 0 2 0.00 0.0 0 6.8 24 240 M M 0 34 260
15 88 41 65 2 0 0 0.00 0.0 0 8.1 26 110 M M 1 36 110
16 90 43 67 4 0 2 T 0.0 0 6.2 24 120 M M 1 31 130
17 88 47 68 5 0 3 T 0.0 0 5.3 20 300 M M 1 8 26 20
18 88 46 67 4 0 2 T 0.0 0 5.4 33 360 M M 1 38 46 350
19 92 43 68 6 0 3 0.00 0.0 0 5.3 22 130 M M 1 34 100
20 90 45 68 6 0 3 0.00 0.0 0 7.8 30 250 M M 1 39 240
21 88 48 68 6 0 3 0.00 0.0 0 6.6 18 110 M M 0 8 28 110
22 89 46 68 6 0 3 0.00 0.0 0 6.3 26 260 M M 0 35 280
23 90 41 66 4 0 1 0.00 0.0 0 5.3 23 90 M M 0 32 90
24 90 47 69 7 0 4 0.00 0.0 0 6.8 23 70 M M 2 3 34 150
25 89 42 66 4 0 1 0.00 0.0 0 5.5 21 320 M M 0 29 320
26 87 46 67 6 0 2 0.08 0.0 0 6.6 28 340 M M 3 3 36 330
27 82 50 66 5 0 1 0.00 0.0 0 4.3 17 240 M M 1 1 23 240
28 82 47 65 4 0 0 0.22 0.0 0 7.5 25 350 M M 4 13 32 350
29 74 50 62 1 3 0 0.01 0.0 0 5.6 23 320 M M 4 13 31 310
30 78 45 62 2 3 0 T 0.0 0 5.6 32 250 M M 2 43 250
31 81 38 60 0 5 0 0.00 0.0 0 9.5 35 190 M M 0 49 200
================================================================================
SM 2680 1372 18 38 0.33 0.0 198.8 M 30
================================================================================
AV 86.5 44.3 6.4 FASTST M M 1 MAX(MPH)
MISC ----> # 35 40 49 200
================================================================================
NOTES:
# LAST OF SEVERAL OCCURRENCES
COLUMN 17 PEAK WIND IN M.P.H.
PRELIMINARY LOCAL CLIMATOLOGICAL DATA (WS FORM: F-6) , PAGE 2
STATION: ALAMOSA CO
MONTH: AUGUST
YEAR: 2020
LATITUDE: 37 27 N
LONGITUDE: 105 52 W
[TEMPERATURE DATA] [PRECIPITATION DATA] SYMBOLS USED IN COLUMN 16
AVERAGE MONTHLY: 65.4 TOTAL FOR MONTH: 0.33 1 = FOG OR MIST
DPTR FM NORMAL: 2.7 DPTR FM NORMAL: -0.94 2 = FOG REDUCING VISIBILITY
HIGHEST: 92 ON 19 GRTST 24HR 0.23 ON 28-29 TO 1/4 MILE OR LESS
LOWEST: 38 ON 11,31 3 = THUNDER
SNOW, ICE PELLETS, HAIL 4 = ICE PELLETS
TOTAL MONTH: 0.0 INCH 5 = HAIL
GRTST 24HR 0.0 6 = FREEZING RAIN OR DRIZZLE
GRTST DEPTH: 0 7 = DUSTSTORM OR SANDSTORM:
VSBY 1/2 MILE OR LESS
8 = SMOKE OR HAZE
[NO. OF DAYS WITH] [WEATHER - DAYS WITH] 9 = BLOWING SNOW
X = TORNADO
MAX 32 OR BELOW: 0 0.01 INCH OR MORE: 4
MAX 90 OR ABOVE: 6 0.10 INCH OR MORE: 1
MIN 32 OR BELOW: 0 0.50 INCH OR MORE: 0
MIN 0 OR BELOW: 0 1.00 INCH OR MORE: 0
[HDD (BASE 65) ]
TOTAL THIS MO. 18 CLEAR (SCALE 0-3) 29
DPTR FM NORMAL -66 PTCLDY (SCALE 4-7) 2
TOTAL FM JUL 1 37 CLOUDY (SCALE 8-10) 0
DPTR FM NORMAL -92
[CDD (BASE 65) ]
TOTAL THIS MO. 38
DPTR FM NORMAL 25 [PRESSURE DATA]
TOTAL FM JAN 1 90 HIGHEST SLP M ON M
DPTR FM NORMAL 39 LOWEST SLP 29.71 ON 31
[REMARKS]
#FINAL-08-20#