000
CXUS53 KDMX 010810
CF6AMW
PRELIMINARY LOCAL CLIMATOLOGICAL DATA (WS FORM: F-6)
STATION: AMES IA
MONTH: AUGUST
YEAR: 2023
LATITUDE: 41 59 N
LONGITUDE: 93 37 W
TEMPERATURE IN F: :PCPN: SNOW: WIND :SUNSHINE: SKY :PK WND
================================================================================
1 2 3 4 5 6A 6B 7 8 9 10 11 12 13 14 15 16 17 18
12Z AVG MX 2MIN
DY MAX MIN AVG DEP HDD CDD WTR SNW DPTH SPD SPD DIR MIN PSBL S-S WX SPD DR
================================================================================
1 88 63 76 3 0 11 0.00 0.0 0 5.9 15 140 M M 2 1 21 150
2 79 67 73 0 0 8 0.01 0.0 0 4.7 13 140 M M 6 12 17 150
3 85 68 77 4 0 12 0.00 0.0 0 2.7 10 110 M M 6 12 16 70
4 88 63 76 3 0 11 0.00 0.0 0 4.6 16 90 M M 3 12 26 70
5 87 67 77 5 0 12 0.77 0.0 0 7.7 30 310 M M 5 13 40 300
6 77 66 72 0 0 7 1.09 0.0 0 6.7 14 50 M M 9 13 22 210
7 81 64 73 1 0 8 0.00 0.0 0 9.0 15 340 M M 4 8 22 340
8 83 62 73 1 0 8 0.00 0.0 0 2.5 12 330 M M 2 1 14 330
9 81 62 72 0 0 7 0.68 0.0 0 2.7 13 170 M M 5 1 17 170
10 85 60 73 1 0 8 T 0.0 0 5.3 12 220 M M 0 13 15 220
11 88 63 76 4 0 11 1.51 0.0 0 7.1 32 350 M M 2 13 42 350
12 85 63 74 2 0 9 0.00 0.0 0 6.2 14 240 M M 0 20 250
13 78 64 71 -1 0 6 0.03 0.0 0 5.8 15 170 M M 7 1 22 180
14 75 60 68 -4 0 3 0.12 0.0 0 11.3 28 340 M M 8 1 37 340
15 79 57 68 -3 0 3 0.00 0.0 0 6.3 14 330 M M 1 17 320
16 84 54 69 -2 0 4 0.00 0.0 0 9.6 22 190 M M 0 1 30 180
17 77 54 66 -5 0 1 0.00 0.0 0 11.3 25 320 M M 1 35 340
18 80 50 65 -6 0 0 0.00 0.0 0 6.6 16 160 M M 0 1 22 130
19 91 63 77 6 0 12 0.00 0.0 0 7.4 17 180 M M 0 23 150
20 93 74 84 14 0 19 0.00 0.0 0 7.9 15 30 M M 3 20 30
21 88 71 80 10 0 15 0.00 0.0 0 5.9 12 130 M M 1 18 16 140
22 96 71 84 14 0 19 0.00 0.0 0 7.8 14 190 M M 1 1 20 200
23 97 73 85 15 0 20 0.00 0.0 0 8.3 17 210 M M 1 128 24 200
24 96 76 86 16 0 21 0.00 0.0 0 6.7 15 280 M M 0 21 280
25 89 73 81 11 0 16 0.04 0.0 0 6.3 29 350 M M 1 13 40 360
26 83 66 75 6 0 10 0.00 0.0 0 10.2 17 10 M M 1 24 30
27 78 56 67 -2 0 2 0.00 0.0 0 3.9 9 80 M M 4 13 30
28 83 51 67 -2 0 2 0.00 0.0 0 4.7 12 220 M M 0 1 17 220
29 85 60 73 4 0 8 0.00 0.0 0 8.1 20 360 M M 0 1 27 340
30 83 54 69 1 0 4 0.00 0.0 0 3.8 12 100 M M 0 18 15 100
31 83 50 67 -1 0 2 0.00 0.0 0 6.8 17 140 M M 0 12 25 160
================================================================================
SM 2625 1945 0 279 4.25 0.0 203.8 M 73
================================================================================
AV 84.7 62.7 6.6 FASTST M M 2 MAX(MPH)
MISC ----> 32 350 42 350
================================================================================
NOTES:
# LAST OF SEVERAL OCCURRENCES
COLUMN 17 PEAK WIND IN M.P.H.
PRELIMINARY LOCAL CLIMATOLOGICAL DATA (WS FORM: F-6) , PAGE 2
STATION: AMES IA
MONTH: AUGUST
YEAR: 2023
LATITUDE: 41 59 N
LONGITUDE: 93 37 W
[TEMPERATURE DATA] [PRECIPITATION DATA] SYMBOLS USED IN COLUMN 16
AVERAGE MONTHLY: 73.7 TOTAL FOR MONTH: 4.25 1 = FOG OR MIST
DPTR FM NORMAL: 2.7 DPTR FM NORMAL: -0.60 2 = FOG REDUCING VISIBILITY
HIGHEST: 97 ON 23 GRTST 24HR 1.86 ON 5- 6 TO 1/4 MILE OR LESS
LOWEST: 50 ON 31,18 3 = THUNDER
SNOW, ICE PELLETS, HAIL 4 = ICE PELLETS
TOTAL MONTH: 0.0 INCH 5 = HAIL
GRTST 24HR 0.0 6 = FREEZING RAIN OR DRIZZLE
GRTST DEPTH: 0 7 = DUSTSTORM OR SANDSTORM:
VSBY 1/2 MILE OR LESS
8 = SMOKE OR HAZE
[NO. OF DAYS WITH] [WEATHER - DAYS WITH] 9 = BLOWING SNOW
X = TORNADO
MAX 32 OR BELOW: 0 0.01 INCH OR MORE: 8
MAX 90 OR ABOVE: 5 0.10 INCH OR MORE: 5
MIN 32 OR BELOW: 0 0.50 INCH OR MORE: 4
MIN 0 OR BELOW: 0 1.00 INCH OR MORE: 2
[HDD (BASE 65) ]
TOTAL THIS MO. 0 CLEAR (SCALE 0-3) 22
DPTR FM NORMAL -12 PTCLDY (SCALE 4-7) 8
TOTAL FM JUL 1 6 CLOUDY (SCALE 8-10) 1
DPTR FM NORMAL -5
[CDD (BASE 65) ]
TOTAL THIS MO. 279
DPTR FM NORMAL 83 [PRESSURE DATA]
TOTAL FM JAN 1 842 HIGHEST SLP M ON M
DPTR FM NORMAL 140 LOWEST SLP 29.65 ON 11
[REMARKS]
#FINAL-08-23#