000
CXUS54 KBMX 011010
CF6ANB
PRELIMINARY LOCAL CLIMATOLOGICAL DATA (WS FORM: F-6)
STATION: ANNISTON
MONTH: JUNE
YEAR: 2023
LATITUDE: 33 35 N
LONGITUDE: 85 51 W
TEMPERATURE IN F: :PCPN: SNOW: WIND :SUNSHINE: SKY :PK WND
================================================================================
1 2 3 4 5 6A 6B 7 8 9 10 11 12 13 14 15 16 17 18
12Z AVG MX 2MIN
DY MAX MIN AVG DEP HDD CDD WTR SNW DPTH SPD SPD DIR MIN PSBL S-S WX SPD DR
================================================================================
1 84 63 74 -1 0 9 T 0.0 0 3.6 13 70 M M 2 17 60
2 87 65 76 1 0 11 0.00 0.0 0 2.4 10 360 M M 3 17 30
3 90 64 77 2 0 12 0.00 0.0 0 4.0 14 360 M M 1 23 30
4 87 61 74 -1 0 9 T 0.0 0 4.9 12 50 M M 1 3 17 50
5 86 65 76 0 0 11 0.00 0.0 0 2.6 10 60 M M 1 8 14 50
6 89 63 76 0 0 11 0.00 0.0 0 4.4 14 240 M M 0 19 230
7 89 64 77 1 0 12 0.00 0.0 0 5.5 14 270 M M 1 22 260
8 85 63 74 -2 0 9 0.00 0.0 0 3.9 13 290 M M 1 1 19 290
9 84 62 73 -3 0 8 0.00 0.0 0 3.3 10 10 M M 1 17 340
10 87 58 73 -4 0 8 0.00 0.0 0 3.5 12 240 M M 3 18 140
11 90 67 79 2 0 14 0.21 0.0 M 6.4 23 320 M M 4 13 40 310
12 81 64 73 -4 0 8 M 0.0 0 4.8 15 280 M M 6 13 21 280
13 78 63 71 -6 0 6 T 0.0 0 4.1 15 240 M M 4 1 21 260
14 77 66 72 -5 0 7 0.73 0.0 0 3.0 18 300 M M 6 13 27 300
15 82 65 74 -4 0 9 0.00 0.0 M 4.9 15 240 M M 4 1 21 180
16 88 67 78 0 0 13 0.00 0.0 0 5.8 17 230 M M 4 13 24 220
17 89 65 77 -1 0 12 0.00 0.0 0 2.8 12 240 M M 2 12 15 240
18 83 67 75 -3 0 10 0.23 0.0 0 4.3 15 220 M M 2 13 20 300
19 85 69 77 -1 0 12 0.45 0.0 0 4.8 13 240 M M 7 13 18 220
20 86 66 76 -2 0 11 0.08 0.0 0 4.1 13 350 M M 5 13 20 320
21 81 68 75 -3 0 10 0.07 0.0 0 7.8 18 60 M M 9 1 29 70
22 82 67 75 -4 0 10 0.01 0.0 0 4.0 14 350 M M 8 1 20 340
23 84 65 75 -4 0 10 0.01 0.0 0 3.6 16 230 M M 4 22 310
24 89 62 76 -3 0 11 0.11 0.0 0 3.3 21 360 M M 1 13 28 360
25 90 65 78 -1 0 13 1.16 0.0 0 5.0 28 290 M M 3 123 46 280
26 90 67 79 0 0 14 0.00 0.0 M 6.6 18 230 M M 1 27 220
27 90 67 79 0 0 14 0.00 0.0 0 4.0 15 250 M M 0 1 22 280
28 91 66 79 0 0 14 0.00 0.0 M 2.5 10 280 M M 0 19 340
29 92 68 80 1 0 15 0.00 0.0 0 3.6 12 10 M M 0 8 18 10
30 93 71 82 2 0 17 0.01 0.0 M 3.5 23 60 M M 1 138 35 80
================================================================================
SM 2589 1953 0 330 3.07 0.0 127.0 M 85
================================================================================
AV 86.3 65.1 4.2 FASTST M M 3 MAX(MPH)
MISC ----> 28 290 46 280
================================================================================
NOTES:
# LAST OF SEVERAL OCCURRENCES
COLUMN 17 PEAK WIND IN M.P.H.
PRELIMINARY LOCAL CLIMATOLOGICAL DATA (WS FORM: F-6) , PAGE 2
STATION: ANNISTON
MONTH: JUNE
YEAR: 2023
LATITUDE: 33 35 N
LONGITUDE: 85 51 W
[TEMPERATURE DATA] [PRECIPITATION DATA] SYMBOLS USED IN COLUMN 16
AVERAGE MONTHLY: 75.7 TOTAL FOR MONTH: 3.07 1 = FOG OR MIST
DPTR FM NORMAL: -1.7 DPTR FM NORMAL: -1.30 2 = FOG REDUCING VISIBILITY
HIGHEST: 93 ON 30 GRTST 24HR 1.16 ON 25-25 TO 1/4 MILE OR LESS
LOWEST: 58 ON 10 3 = THUNDER
SNOW, ICE PELLETS, HAIL 4 = ICE PELLETS
TOTAL MONTH: 0.0 INCH 5 = HAIL
GRTST 24HR 0.0 6 = FREEZING RAIN OR DRIZZLE
GRTST DEPTH: 0 7 = DUSTSTORM OR SANDSTORM:
VSBY 1/2 MILE OR LESS
8 = SMOKE OR HAZE
[NO. OF DAYS WITH] [WEATHER - DAYS WITH] 9 = BLOWING SNOW
X = TORNADO
MAX 32 OR BELOW: 0 0.01 INCH OR MORE: 11
MAX 90 OR ABOVE: 8 0.10 INCH OR MORE: 6
MIN 32 OR BELOW: 0 0.50 INCH OR MORE: 2
MIN 0 OR BELOW: 0 1.00 INCH OR MORE: 1
[HDD (BASE 65) ]
TOTAL THIS MO. 0 CLEAR (SCALE 0-3) 19
DPTR FM NORMAL 0 PTCLDY (SCALE 4-7) 10
TOTAL FM JUL 1 2145 CLOUDY (SCALE 8-10) 1
DPTR FM NORMAL -490
[CDD (BASE 65) ]
TOTAL THIS MO. 330
DPTR FM NORMAL -42 [PRESSURE DATA]
TOTAL FM JAN 1 602 HIGHEST SLP 30.07 ON 30
DPTR FM NORMAL -39 LOWEST SLP 29.69 ON 7
[REMARKS]
#FINAL-06-23#