000
CXUS54 KBMX 011010
CF6ANB
PRELIMINARY LOCAL CLIMATOLOGICAL DATA (WS FORM: F-6)
STATION: ANNISTON
MONTH: JULY
YEAR: 2022
LATITUDE: 33 35 N
LONGITUDE: 85 51 W
TEMPERATURE IN F: :PCPN: SNOW: WIND :SUNSHINE: SKY :PK WND
================================================================================
1 2 3 4 5 6A 6B 7 8 9 10 11 12 13 14 15 16 17 18
12Z AVG MX 2MIN
DY MAX MIN AVG DEP HDD CDD WTR SNW DPTH SPD SPD DIR MIN PSBL S-S WX SPD DR
================================================================================
1 88 72 80 0 0 15 0.00 0.0 0 3.6 14 90 M M 2 19 100
2 91 70 81 1 0 16 0.00 0.0 0 3.3 12 130 M M 0 1 17 130
3 92 73 83 3 0 18 0.06 0.0 0 5.2 13 120 M M 3 138 18 120
4 93 72 83 3 0 18 0.00 0.0 0 2.9 8 100 M M 4 3 14 100
5 93 73 83 3 0 18 0.00 0.0 0 2.2 15 240 M M 2 3 19 250
6 95 73 84 4 0 19 0.00 0.0 0 3.6 13 250 M M 1 13 15 250
7 96 74 85 5 0 20 0.00 0.0 0 5.9 18 360 M M 1 3 22 350
8 97 75 86 6 0 21 0.04 0.0 M 4.6 17 340 M M 1 3 24 270
9 92 72 82 2 0 17 3.04 0.0 0 5.5 22 230 M M 5 123 32 230
10 88 72 80 0 0 15 T 0.0 0 3.5 12 280 M M 7 15 280
11 86 73 80 0 0 15 0.00 0.0 M 6.6 13 60 M M 5 16 60
12 91 71 81 1 0 16 0.00 0.0 M 2.9 8 70 M M 2 11 70
13 88 73 81 1 0 16 0.00 0.0 0 3.5 12 230 M M 3 15 260
14 90 71 81 1 0 16 0.00 0.0 0 2.4 13 10 M M 3 18 30
15 93 66 80 0 0 15 0.00 0.0 0 1.5 8 90 M M 1 1 11 100
16 91 70 81 1 0 16 0.02 0.0 0 2.4 13 250 M M 1 3 15 250
17 92 71 82 1 0 17 0.00 0.0 M 3.6 12 230 M M 1 15 240
18 91 70 81 0 0 16 0.03 0.0 0 4.6 20 280 M M 2 3 29 290
19 91 69 80 -1 0 15 0.21 0.0 M 5.0 20 270 M M 4 13 30 270
20 93 75 84 3 0 19 0.00 0.0 0 5.1 15 240 M M 2 22 220
21 90 70 80 -1 0 15 1.29 0.0 0 6.4 29 150 M M 5 123 37 150
22 87 70 79 -2 0 14 0.00 0.0 0 4.5 14 240 M M 1 18 120
23 91 70 81 0 0 16 0.00 0.0 0 3.6 15 230 M M 1 20 210
24 93 70 82 1 0 17 0.00 0.0 0 2.7 10 230 M M 1 12 230
25 92 72 82 1 0 17 T 0.0 0 2.8 15 230 M M 3 3 19 240
26 91 72 82 1 0 17 0.00 0.0 0 4.0 12 260 M M 2 15 240
27 92 71 82 1 0 17 0.00 0.0 0 4.0 13 220 M M 1 16 220
28 93 72 83 2 0 18 0.00 0.0 0 5.0 14 250 M M 0 17 230
29 94 73 84 3 0 19 0.51 0.0 0 5.9 20 360 M M 2 13 25 350
30 91 73 82 1 0 17 2.28 0.0 0 2.8 14 250 M M 5 123 17 270
31 90 72 81 0 0 16 0.00 0.0 M 5.3 15 250 M M 3 1 20 210
================================================================================
SM 2835 2220 0 521 7.48 0.0 124.9 M 74
================================================================================
AV 91.5 71.6 4.0 FASTST M M 2 MAX(MPH)
MISC ----> 29 150 37 150
================================================================================
NOTES:
# LAST OF SEVERAL OCCURRENCES
COLUMN 17 PEAK WIND IN M.P.H.
PRELIMINARY LOCAL CLIMATOLOGICAL DATA (WS FORM: F-6) , PAGE 2
STATION: ANNISTON
MONTH: JULY
YEAR: 2022
LATITUDE: 33 35 N
LONGITUDE: 85 51 W
[TEMPERATURE DATA] [PRECIPITATION DATA] SYMBOLS USED IN COLUMN 16
AVERAGE MONTHLY: 81.5 TOTAL FOR MONTH: 7.48 1 = FOG OR MIST
DPTR FM NORMAL: 1.1 DPTR FM NORMAL: 2.80 2 = FOG REDUCING VISIBILITY
HIGHEST: 97 ON 8 GRTST 24HR 3.04 ON 9- 9 TO 1/4 MILE OR LESS
LOWEST: 66 ON 15 3 = THUNDER
SNOW, ICE PELLETS, HAIL 4 = ICE PELLETS
TOTAL MONTH: 0.0 INCH 5 = HAIL
GRTST 24HR 0.0 6 = FREEZING RAIN OR DRIZZLE
GRTST DEPTH: 0 7 = DUSTSTORM OR SANDSTORM:
VSBY 1/2 MILE OR LESS
8 = SMOKE OR HAZE
[NO. OF DAYS WITH] [WEATHER - DAYS WITH] 9 = BLOWING SNOW
X = TORNADO
MAX 32 OR BELOW: 0 0.01 INCH OR MORE: 9
MAX 90 OR ABOVE: 26 0.10 INCH OR MORE: 5
MIN 32 OR BELOW: 0 0.50 INCH OR MORE: 4
MIN 0 OR BELOW: 0 1.00 INCH OR MORE: 3
[HDD (BASE 65) ]
TOTAL THIS MO. 0 CLEAR (SCALE 0-3) 22
DPTR FM NORMAL 0 PTCLDY (SCALE 4-7) 9
TOTAL FM JUL 1 0 CLOUDY (SCALE 8-10) 0
DPTR FM NORMAL 0
[CDD (BASE 65) ]
TOTAL THIS MO. 521
DPTR FM NORMAL 44 [PRESSURE DATA]
TOTAL FM JAN 1 1274 HIGHEST SLP 30.21 ON 31
DPTR FM NORMAL 156 LOWEST SLP 29.85 ON 21
[REMARKS]
#FINAL-07-22#