000
CXUS54 KBMX 011110
CF6ANB
PRELIMINARY LOCAL CLIMATOLOGICAL DATA (WS FORM: F-6)
STATION: ANNISTON
MONTH: AUGUST
YEAR: 2020
LATITUDE: 33 35 N
LONGITUDE: 85 51 W
TEMPERATURE IN F: :PCPN: SNOW: WIND :SUNSHINE: SKY :PK WND
================================================================================
1 2 3 4 5 6A 6B 7 8 9 10 11 12 13 14 15 16 17 18
12Z AVG MX 2MIN
DY MAX MIN AVG DEP HDD CDD WTR SNW DPTH SPD SPD DIR MIN PSBL S-S WX SPD DR
================================================================================
1 90 71 81 1 0 16 0.00 0.0 0 5.6 18 220 M M 3 24 240
2 91 72 82 2 0 17 0.00 0.0 0 2.2 9 240 M M 3 3 13 250
3 92 71 82 2 0 17 T 0.0 0 3.5 14 270 M M 4 3 17 270
4 92 69 81 1 0 16 0.00 0.0 0 3.8 14 250 M M 2 21 240
5 92 73 83 3 0 18 T 0.0 0 3.8 14 260 M M 4 19 250
6 94 72 83 3 0 18 0.32 0.0 0 4.8 22 220 M M 5 13 28 240
7 93 71 82 2 0 17 0.00 0.0 0 3.6 12 250 M M 1 17 250
8 95 69 82 2 0 17 0.00 0.0 0 2.3 8 250 M M 1 1 12 250
9 97 71 84 4 0 19 0.00 0.0 0 3.1 12 260 M M 1 1 15 270
10 M 71 M M M M M 0.0 0 2.1 7 230 M M 0 M M
11 96 72 84 4 0 19 0.00 0.0 0 4.3 22 360 M M 2 3 27 340
12 94 71 83 3 0 18 0.41 0.0 0 1.8 15 100 M M 2 138 22 100
13 94 70 82 2 0 17 0.80 0.0 0 2.8 22 250 M M 1 13 26 250
14 89 74 82 2 0 17 0.04 0.0 0 4.8 16 250 M M 4 3 21 240
15 91 73 82 2 0 17 0.00 0.0 0 4.9 13 290 M M 5 17 300
16 92 68 80 0 0 15 0.00 0.0 0 2.8 10 280 M M 0 17 300
17 93 67 80 0 0 15 0.00 0.0 0 3.2 12 340 M M 2 22 340
18 94 63 79 -1 0 14 0.00 0.0 0 2.0 8 70 M M 2 1 12 50
19 90 68 79 -1 0 14 1.86 0.0 0 4.4 41 150 M M 2 13 57 140
20 87 68 78 -2 0 13 0.02 0.0 0 4.8 13 250 M M 1 13 16 240
21 84 71 78 -2 0 13 0.24 0.0 0 3.6 14 160 M M 4 1 17 250
22 86 68 77 -2 0 12 0.02 0.0 0 3.4 10 210 M M 4 15 170
23 90 72 81 2 0 16 0.19 0.0 0 1.9 12 150 M M 4 1 17 150
24 88 74 81 2 0 16 T 0.0 0 5.4 10 60 M M 5 15 50
25 79 74 77 -2 0 12 1.44 0.0 0 5.8 12 60 M M 8 1 13 60
26 91 75 83 4 0 18 0.00 0.0 0 4.8 10 80 M M 5 12 80
27 92 76 84 5 0 19 T 0.0 0 5.3 12 120 M M 1 3 16 150
28 84 76 80 2 0 15 0.29 0.0 0 5.0 15 250 M M 3 13 18 200
29 88 75 82 4 0 17 T 0.0 0 8.0 15 230 M M 6 1 21 240
30 91 73 82 4 0 17 0.00 0.0 0 3.5 15 10 M M 5 13 20 360
31 91 73 82 4 0 17 0.08 0.0 0 3.1 15 260 M M 6 13 19 250
================================================================================
SM 2720 2211 0 486 5.71 0.0 120.4 M 96
================================================================================
AV 90.7 71.3 3.9 FASTST M M 3 MAX(MPH)
MISC ----> # 41 150 # 57 140
================================================================================
NOTES:
# LAST OF SEVERAL OCCURRENCES
COLUMN 17 PEAK WIND IN M.P.H.
PRELIMINARY LOCAL CLIMATOLOGICAL DATA (WS FORM: F-6) , PAGE 2
STATION: ANNISTON
MONTH: AUGUST
YEAR: 2020
LATITUDE: 33 35 N
LONGITUDE: 85 51 W
[TEMPERATURE DATA] [PRECIPITATION DATA] SYMBOLS USED IN COLUMN 16
AVERAGE MONTHLY: 81.0 TOTAL FOR MONTH: 5.71 1 = FOG OR MIST
DPTR FM NORMAL: 1.4 DPTR FM NORMAL: 2.42 2 = FOG REDUCING VISIBILITY
HIGHEST: 97 ON 9 GRTST 24HR 1.86 ON 19-19 TO 1/4 MILE OR LESS
LOWEST: 63 ON 18 3 = THUNDER
SNOW, ICE PELLETS, HAIL 4 = ICE PELLETS
TOTAL MONTH: 0.0 INCH 5 = HAIL
GRTST 24HR 0.0 6 = FREEZING RAIN OR DRIZZLE
GRTST DEPTH: 0 7 = DUSTSTORM OR SANDSTORM:
VSBY 1/2 MILE OR LESS
8 = SMOKE OR HAZE
[NO. OF DAYS WITH] [WEATHER - DAYS WITH] 9 = BLOWING SNOW
X = TORNADO
MAX 32 OR BELOW: 0 0.01 INCH OR MORE: 12
MAX 90 OR ABOVE: 22 0.10 INCH OR MORE: 8
MIN 32 OR BELOW: 0 0.50 INCH OR MORE: 3
MIN 0 OR BELOW: 0 1.00 INCH OR MORE: 2
[HDD (BASE 65) ]
TOTAL THIS MO. 0 CLEAR (SCALE 0-3) 16
DPTR FM NORMAL 0 PTCLDY (SCALE 4-7) 15
TOTAL FM JUL 1 0 CLOUDY (SCALE 8-10) 0
DPTR FM NORMAL 0
[CDD (BASE 65) ]
TOTAL THIS MO. 486
DPTR FM NORMAL 33 [PRESSURE DATA]
TOTAL FM JAN 1 1567 HIGHEST SLP 30.14 ON 24
DPTR FM NORMAL 50 LOWEST SLP 29.75 ON 30
[REMARKS]
#FINAL-08-20#