000
CXUS52 KGSP 010917
CF6AND
PRELIMINARY LOCAL CLIMATOLOGICAL DATA (WS FORM: F-6)
STATION: ANDERSON SC
MONTH: NOVEMBER
YEAR: 2020
LATITUDE: 34 30 N
LONGITUDE: 82 43 W
TEMPERATURE IN F: :PCPN: SNOW: WIND :SUNSHINE: SKY :PK WND
================================================================================
1 2 3 4 5 6A 6B 7 8 9 10 11 12 13 14 15 16 17 18
12Z AVG MX 2MIN
DY MAX MIN AVG DEP HDD CDD WTR SNW DPTH SPD SPD DIR MIN PSBL S-S WX SPD DR
================================================================================
1 71 47 59 3 6 0 0.18 M M 10.5 25 320 M M 5 1 32 300
2 60 33 47 -9 18 0 0.00 M M 3.1 16 310 M M 0 22 310
3 64 32 48 -8 17 0 0.00 M M 1.1 9 210 M M 0 14 230
4 69 39 54 -2 11 0 0.00 M M 1.6 9 140 M M 0 13 150
5 71 41 56 1 9 0 0.00 M M 1.3 8 110 M M 0 10 110
6 75 49 62 7 3 0 0.00 M M 3.5 13 70 M M 0 15 60
7 75 58 67 12 0 2 0.00 M M 8.3 15 80 M M 5 18 70
8 76 62 69 15 0 4 0.00 M M 9.4 18 70 M M 5 26 70
9 78 63 71 17 0 6 T M M 10.6 18 80 M M 6 24 70
10 71 65 68 14 0 3 0.22 M M 8.9 14 70 M M 9 1 18 60
11 79 69 74 20 0 9 0.87 M M 3.3 18 270 M M 9 123 22 270
12 78 67 73 20 0 8 0.81 M M 6.4 15 80 M M 8 1 19 70
13 78 48 63 10 2 0 0.00 M M 5.0 18 250 M M 4 12 22 250
14 69 45 57 5 8 0 0.00 M M 4.8 15 70 M M 2 18 70
15 69 54 62 10 3 0 0.00 M M 7.7 23 210 M M 7 12 29 210
16 64 37 51 -1 14 0 0.00 M M 2.1 14 320 M M 0 8 17 310
17 68 38 53 1 12 0 0.00 M M 8.5 23 310 M M 0 29 320
18 62 30 46 -5 19 0 0.00 M M 2.6 13 70 M M 0 18 70
19 59 33 46 -5 19 0 0.00 M M 2.0 8 70 M M 0 10 80
20 69 34 52 1 13 0 0.00 M M 1.9 12 220 M M 0 15 220
21 71 39 55 5 10 0 0.00 M M 1.1 7 290 M M 3 12 10 270
22 69 43 56 6 9 0 0.00 M M 1.2 8 230 M M 2 1 10 200
23 64 42 53 3 12 0 0.00 M M 4.1 12 260 M M 1 15 40
24 57 34 46 -3 19 0 0.00 M M 4.6 15 60 M M 2 19 60
25 67 47 57 8 8 0 0.13 M M 4.8 18 320 M M 9 1 26 340
26 73 50 62 13 3 0 0.21 M M 5.1 15 220 M M 5 1 19 210
27 70 39 55 7 10 0 0.00 M M 2.2 9 220 M M 2 12 11 240
28 69 49 59 11 6 0 0.04 M M 1.8 15 320 M M 4 12 19 320
29 59 46 53 5 12 0 0.74 M M 5.1 15 70 M M 9 12 19 70
30 53 37 45 -2 20 0 1.40 M M 14.5 25 250 M M 6 1 36 250
================================================================================
SM 2057 1370 263 32 4.60 M 147.1 M 103
================================================================================
AV 68.6 45.7 4.9 FASTST M M 3 MAX(MPH)
MISC ----> # 25 320 36 250
================================================================================
NOTES:
# LAST OF SEVERAL OCCURRENCES
COLUMN 17 PEAK WIND IN M.P.H.
PRELIMINARY LOCAL CLIMATOLOGICAL DATA (WS FORM: F-6) , PAGE 2
STATION: ANDERSON SC
MONTH: NOVEMBER
YEAR: 2020
LATITUDE: 34 30 N
LONGITUDE: 82 43 W
[TEMPERATURE DATA] [PRECIPITATION DATA] SYMBOLS USED IN COLUMN 16
AVERAGE MONTHLY: 57.1 TOTAL FOR MONTH: 4.60 1 = FOG OR MIST
DPTR FM NORMAL: 5.1 DPTR FM NORMAL: 1.01 2 = FOG REDUCING VISIBILITY
HIGHEST: 79 ON 11 GRTST 24HR 2.14 ON 29-30 TO 1/4 MILE OR LESS
LOWEST: 30 ON 18 3 = THUNDER
SNOW, ICE PELLETS, HAIL 4 = ICE PELLETS
TOTAL MONTH: M 5 = HAIL
GRTST 24HR M ON M 6 = FREEZING RAIN OR DRIZZLE
GRTST DEPTH: M ON M 7 = DUSTSTORM OR SANDSTORM:
VSBY 1/2 MILE OR LESS
8 = SMOKE OR HAZE
[NO. OF DAYS WITH] [WEATHER - DAYS WITH] 9 = BLOWING SNOW
X = TORNADO
MAX 32 OR BELOW: 0 0.01 INCH OR MORE: 9
MAX 90 OR ABOVE: 0 0.10 INCH OR MORE: 8
MIN 32 OR BELOW: 2 0.50 INCH OR MORE: 4
MIN 0 OR BELOW: 0 1.00 INCH OR MORE: 1
[HDD (BASE 65) ]
TOTAL THIS MO. 263 CLEAR (SCALE 0-3) 16
DPTR FM NORMAL -131 PTCLDY (SCALE 4-7) 10
TOTAL FM JUL 1 339 CLOUDY (SCALE 8-10) 4
DPTR FM NORMAL -229
[CDD (BASE 65) ]
TOTAL THIS MO. 32
DPTR FM NORMAL 28 [PRESSURE DATA]
TOTAL FM JAN 1 1895 HIGHEST SLP 30.66 ON 19
DPTR FM NORMAL 227 LOWEST SLP 29.51 ON 30
[REMARKS]
#FINAL-11-20#