000
CXUS53 KIWX 010810
CF6AOH
PRELIMINARY LOCAL CLIMATOLOGICAL DATA (WS FORM: F-6)
STATION: LIMA
MONTH: JUNE
YEAR: 2021
LATITUDE: 40 42 N
LONGITUDE: 84 1 W
TEMPERATURE IN F: :PCPN: SNOW: WIND :SUNSHINE: SKY :PK WND
================================================================================
1 2 3 4 5 6A 6B 7 8 9 10 11 12 13 14 15 16 17 18
12Z AVG MX 2MIN
DY MAX MIN AVG DEP HDD CDD WTR SNW DPTH SPD SPD DIR MIN PSBL S-S WX SPD DR
================================================================================
1 75 56 66 -1 0 1 T M M 3.8 10 200 M M 5 14 190
2 65 59 62 -5 3 0 1.00 M M 7.4 15 160 M M 10 1 22 170
3 74 62 68 0 0 3 T M M 5.6 12 200 M M 7 1 16 210
4 85 61 73 5 0 8 0.00 M M 9.2 18 250 M M 3 25 280
5 86 65 76 8 0 11 0.00 M M 9.5 21 230 M M 1 26 250
6 87 65 76 8 0 11 0.00 M M 8.4 17 190 M M 2 25 190
7 80 70 75 6 0 10 0.45 M M 7.3 18 210 M M 6 18 28 180
8 82 69 76 7 0 11 0.32 M M 6.7 16 210 M M 4 13 23 210
9 81 68 75 6 0 10 0.00 M M 5.8 16 160 M M 4 20 160
10 86 66 76 6 0 11 0.00 M M 4.0 16 20 M M 4 18 23 20
11 87 66 77 7 0 12 0.00 M M 4.3 13 20 M M 1 128 19 350
12 88 66 77 7 0 12 0.00 M M 4.7 12 360 M M 1 1 16 40
13 87 65 76 6 0 11 0.00 M M 8.1 17 360 M M 1 25 320
14 82 59 71 1 0 6 0.05 M M 7.6 26 330 M M 3 39 320
15 79 57 68 -3 0 3 0.00 M M 8.5 18 340 M M 2 8 26 320
16 77 51 64 -7 1 0 0.00 M M 3.7 14 30 M M 0 20 20
17 87 56 72 1 0 7 0.00 M M 7.8 15 210 M M 0 23 220
18 81 66 74 3 0 9 0.58 M M 10.7 31 310 M M 3 138 43 310
19 83 68 76 4 0 11 0.16 M M 12.4 26 160 M M 4 1 39 180
20 88 72 80 8 0 15 T M M 10.7 16 220 M M 3 1 24 200
21 79 62 71 -1 0 6 0.22 M M 14.7 39 310 M M 6 13 48 310
22 69 51 60 -12 5 0 0.00 M M 7.5 17 320 M M 3 26 310
23 77 53 65 -7 0 0 T M M 8.7 16 170 M M 4 23 170
24 84 60 72 0 0 7 0.00 M M 10.5 21 220 M M 1 30 210
25 79 71 75 2 0 10 0.22 M M 13.3 23 180 M M 9 1 34 200
26 86 74 80 7 0 15 T M M 14.9 25 210 M M 4 40 190
27 88 73 81 8 0 16 0.59 M M 11.8 26 260 M M 3 138 41 240
28 90 73 82 9 0 17 0.46 M M 6.2 21 140 M M 2 138 30 180
29 92 73 83 10 0 18 0.02 M M 5.9 22 250 M M 2 13 27 250
30 81 73 77 4 0 12 0.05 M M 5.7 16 260 M M 4 13 21 260
================================================================================
SM 2465 1930 9 263 4.12 M 245.4 M 102
================================================================================
AV 82.2 64.3 8.2 FASTST M M 3 MAX(MPH)
MISC ----> 39 310 48 310
================================================================================
NOTES:
# LAST OF SEVERAL OCCURRENCES
COLUMN 17 PEAK WIND IN M.P.H.
PRELIMINARY LOCAL CLIMATOLOGICAL DATA (WS FORM: F-6) , PAGE 2
STATION: LIMA
MONTH: JUNE
YEAR: 2021
LATITUDE: 40 42 N
LONGITUDE: 84 1 W
[TEMPERATURE DATA] [PRECIPITATION DATA] SYMBOLS USED IN COLUMN 16
AVERAGE MONTHLY: 73.3 TOTAL FOR MONTH: 4.12 1 = FOG OR MIST
DPTR FM NORMAL: 2.7 DPTR FM NORMAL: 0.17 2 = FOG REDUCING VISIBILITY
HIGHEST: 92 ON 29 GRTST 24HR 1.00 ON 2- 2 TO 1/4 MILE OR LESS
LOWEST: 51 ON 22,16 3 = THUNDER
SNOW, ICE PELLETS, HAIL 4 = ICE PELLETS
TOTAL MONTH: M 5 = HAIL
GRTST 24HR M ON M 6 = FREEZING RAIN OR DRIZZLE
GRTST DEPTH: M ON M 7 = DUSTSTORM OR SANDSTORM:
VSBY 1/2 MILE OR LESS
8 = SMOKE OR HAZE
[NO. OF DAYS WITH] [WEATHER - DAYS WITH] 9 = BLOWING SNOW
X = TORNADO
MAX 32 OR BELOW: 0 0.01 INCH OR MORE: 12
MAX 90 OR ABOVE: 2 0.10 INCH OR MORE: 9
MIN 32 OR BELOW: 0 0.50 INCH OR MORE: 3
MIN 0 OR BELOW: 0 1.00 INCH OR MORE: 1
[HDD (BASE 65) ]
TOTAL THIS MO. 9 CLEAR (SCALE 0-3) 15
DPTR FM NORMAL -16 PTCLDY (SCALE 4-7) 13
TOTAL FM JUL 1 5381 CLOUDY (SCALE 8-10) 2
DPTR FM NORMAL -385
[CDD (BASE 65) ]
TOTAL THIS MO. 263
DPTR FM NORMAL 72 [PRESSURE DATA]
TOTAL FM JAN 1 356 HIGHEST SLP M ON M
DPTR FM NORMAL 90 LOWEST SLP 29.53 ON 21
[REMARKS]
#FINAL-06-21#