000
CXUS51 KCTP 010900
CF6AOO
PRELIMINARY LOCAL CLIMATOLOGICAL DATA (WS FORM: F-6)
STATION: ALTOONA
MONTH: FEBRUARY
YEAR: 2022
LATITUDE: 40 17 N
LONGITUDE: 78 19 W
TEMPERATURE IN F: :PCPN: SNOW: WIND :SUNSHINE: SKY :PK WND
================================================================================
1 2 3 4 5 6A 6B 7 8 9 10 11 12 13 14 15 16 17 18
12Z AVG MX 2MIN
DY MAX MIN AVG DEP HDD CDD WTR SNW DPTH SPD SPD DIR MIN PSBL S-S WX SPD DR
================================================================================
1 34 14 24 -4 41 0 0.00 M M 5.2 18 160 M M 0 8 22 160
2 40 23 32 4 33 0 0.07 M M 5.5 13 160 M M 2 1 16 190
3 39 34 37 8 28 0 1.03 M M 4.6 14 10 M M 10 12 17 20
4 34 23 29 0 36 0 0.43 M M 10.1 20 290 M M 10 168 24 310
5 23 15 19 -10 46 0 T M M 10.2 20 320 M M 7 8 27 310
6 31 12 22 -7 43 0 0.00 M M 5.8 14 190 M M 0 18 19 190
7 39 18 29 0 36 0 0.00 M M 2.2 9 160 M M 1 8 11 180
8 31 24 28 -1 37 0 T M M 7.8 22 270 M M 4 8 28 270
9 50 24 37 8 28 0 T M M 6.5 17 160 M M 3 23 180
10 44 31 38 8 27 0 0.00 M M 11.3 28 260 M M 4 8 36 280
11 55 27 41 11 24 0 0.00 M M 7.4 18 200 M M 3 25 200
12 48 28 38 8 27 0 T M M 10.8 25 280 M M 9 8 34 230
13 28 20 24 -6 41 0 T M M 8.4 15 320 M M 10 8 19 320
14 23 13 18 -12 47 0 T M M 10.5 22 290 M M 7 8 28 280
15 34 12 23 -7 42 0 0.00 M M 4.5 12 160 M M 1 15 160
16 48 27 38 7 27 0 0.00 M M 10.4 18 200 M M 1 25 190
17 59 46 53 22 12 0 0.71 M M 16.1 40 210 M M 7 1 52 210
18 59 22 41 10 24 0 0.13 M M 16.5 37 270 M M 8 1 52 290
19 34 16 25 -6 40 0 T M M 16.9 38 270 M M 4 18 48 270
20 41 12 27 -5 38 0 0.00 M M 7.4 16 170 M M 0 21 170
21 60 30 45 13 20 0 0.00 M M 5.8 16 200 M M 1 20 200
22 62 38 50 18 15 0 0.28 M M 7.5 21 240 M M 6 1 29 170
23 60 29 45 13 20 0 0.00 M M 14.1 28 270 M M 9 34 270
24 31 27 29 -4 36 0 0.25 M M 7.3 14 330 M M 9 168 18 320
25 39 25 32 -1 33 0 0.46 M M 16.0 33 280 M M 10 16 48 290
26 32 23 28 -5 37 0 T M M 8.2 17 310 M M 6 8 21 300
27 43 27 35 2 30 0 T M M 15.0 32 270 M M 1 41 260
28 40 26 33 -1 32 0 0.00 M M 5.5 16 320 M M 5 22 10
================================================================================
SM 1161 666 900 0 3.36 M 257.5 M 138
================================================================================
AV 41.5 23.8 9.2 FASTST M M 5 MAX(MPH)
MISC ----> 40 210 # 52 210
================================================================================
NOTES:
# LAST OF SEVERAL OCCURRENCES
COLUMN 17 PEAK WIND IN M.P.H.
PRELIMINARY LOCAL CLIMATOLOGICAL DATA (WS FORM: F-6) , PAGE 2
STATION: ALTOONA
MONTH: FEBRUARY
YEAR: 2022
LATITUDE: 40 17 N
LONGITUDE: 78 19 W
[TEMPERATURE DATA] [PRECIPITATION DATA] SYMBOLS USED IN COLUMN 16
AVERAGE MONTHLY: 32.6 TOTAL FOR MONTH: 3.36 1 = FOG OR MIST
DPTR FM NORMAL: 1.9 DPTR FM NORMAL: 1.41 2 = FOG REDUCING VISIBILITY
HIGHEST: 62 ON 22 GRTST 24HR 1.29 ON 3- 4 TO 1/4 MILE OR LESS
LOWEST: 12 ON 20,15 3 = THUNDER
SNOW, ICE PELLETS, HAIL 4 = ICE PELLETS
TOTAL MONTH: M 5 = HAIL
GRTST 24HR M ON M 6 = FREEZING RAIN OR DRIZZLE
GRTST DEPTH: M ON M 7 = DUSTSTORM OR SANDSTORM:
VSBY 1/2 MILE OR LESS
8 = SMOKE OR HAZE
[NO. OF DAYS WITH] [WEATHER - DAYS WITH] 9 = BLOWING SNOW
X = TORNADO
MAX 32 OR BELOW: 7 0.01 INCH OR MORE: 8
MAX 90 OR ABOVE: 0 0.10 INCH OR MORE: 7
MIN 32 OR BELOW: 25 0.50 INCH OR MORE: 2
MIN 0 OR BELOW: 0 1.00 INCH OR MORE: 1
[HDD (BASE 65) ]
TOTAL THIS MO. 900 CLEAR (SCALE 0-3) 11
DPTR FM NORMAL -62 PTCLDY (SCALE 4-7) 10
TOTAL FM JUL 1 3911 CLOUDY (SCALE 8-10) 7
DPTR FM NORMAL -362
[CDD (BASE 65) ]
TOTAL THIS MO. 0
DPTR FM NORMAL 0 [PRESSURE DATA]
TOTAL FM JAN 1 0 HIGHEST SLP 30.64 ON 15
DPTR FM NORMAL 0 LOWEST SLP 29.33 ON 18
[REMARKS]
#FINAL-02-22#