442
CXUS55 KBOU 010735
CF6APA
PRELIMINARY LOCAL CLIMATOLOGICAL DATA (WS FORM: F-6)
STATION: CENTENNIAL CO
MONTH: JUNE
YEAR: 2020
LATITUDE: 39 33 N
LONGITUDE: 104 51 W
TEMPERATURE IN F: :PCPN: SNOW: WIND :SUNSHINE: SKY :PK WND
================================================================================
1 2 3 4 5 6A 6B 7 8 9 10 11 12 13 14 15 16 17 18
12Z AVG MX 2MIN
DY MAX MIN AVG DEP HDD CDD WTR SNW DPTH SPD SPD DIR MIN PSBL S-S WX SPD DR
================================================================================
1 89 57 73 12 0 8 0.00 M M 6.2 17 230 M M 6 22 230
2 86 62 74 13 0 9 0.00 M M 7.7 20 110 M M 6 28 90
3 90 57 74 12 0 9 0.01 M M 7.0 26 360 M M 5 3 42 20
4 88 56 72 10 0 7 0.02 M M 6.5 29 320 M M 4 3 41 330
5 91 58 75 13 0 10 0.00 M M 11.0 29 200 M M 6 50 210
6 85 56 71 9 0 6 0.31 M M 18.8 52 230 M M 6 3 76 200
7 88 50 69 6 0 4 0.00 M M 15.0 36 210 M M 2 50 190
8 78 45 62 -1 3 0 0.01 M M 11.9 44 360 M M 4 58 360
9 66 40 53 -10 12 0 0.66 M M 15.9 32 360 M M 6 1 45 350
10 76 43 60 -4 5 0 0.00 M M 4.2 13 270 M M 2 18 280
11 81 49 65 1 0 0 0.00 M M 6.0 15 80 M M 2 25 80
12 89 56 73 9 0 8 T M M 13.2 29 150 M M 2 3 45 190
13 89 56 73 8 0 8 T M M 9.8 25 170 M M 5 3 34 160
14 90 61 76 11 0 11 0.00 M M 12.3 28 230 M M 5 38 220
15 92 55 74 9 0 9 0.00 M M 7.6 24 180 M M 4 40 190
16 93 64 79 13 0 14 0.00 M M 14.5 25 170 M M 5 35 240
17 93 54 74 8 0 9 0.00 M M 9.7 26 360 M M 4 8 36 350
18 72 52 62 -4 3 0 T M M 8.3 17 340 M M 7 22 20
19 66 49 58 -9 7 0 0.01 M M 6.6 24 120 M M 7 31 130
20 86 47 67 0 0 2 0.00 M M 6.5 20 220 M M 4 27 210
21 82 55 69 2 0 4 0.00 M M 7.4 32 10 M M 7 50 350
22 82 53 68 0 0 3 T M M 5.5 16 10 M M 5 22 360
23 87 55 71 3 0 6 0.03 M M 6.9 20 360 M M 4 26 340
24 91 55 73 5 0 8 0.01 M M 7.1 30 330 M M 4 3 38 340
25 89 60 75 6 0 10 0.01 M M 10.0 33 210 M M 6 38 45 280
26 84 54 69 0 0 4 0.06 M M 7.2 21 230 M M 6 3 26 230
27 90 57 74 5 0 9 0.00 M M 7.0 17 150 M M 5 23 30
28 90 62 76 6 0 11 T M M 9.2 30 220 M M 6 42 220
29 91 58 75 5 0 10 0.00 M M 12.1 28 240 M M 7 37 240
30 83 56 70 0 0 5 T 0.0 0 9.3 24 90 M M 4 37 60
================================================================================
SM 2557 1632 30 184 1.13 0.0 280.4 M 146
================================================================================
AV 85.2 54.4 9.3 FASTST M M 5 MAX(MPH)
MISC ----> # 52 230 # 76 200
================================================================================
NOTES:
# LAST OF SEVERAL OCCURRENCES
COLUMN 17 PEAK WIND IN M.P.H.
PRELIMINARY LOCAL CLIMATOLOGICAL DATA (WS FORM: F-6) , PAGE 2
STATION: CENTENNIAL CO
MONTH: JUNE
YEAR: 2020
LATITUDE: 39 33 N
LONGITUDE: 104 51 W
[TEMPERATURE DATA] [PRECIPITATION DATA] SYMBOLS USED IN COLUMN 16
AVERAGE MONTHLY: 69.8 TOTAL FOR MONTH: 1.13 1 = FOG OR MIST
DPTR FM NORMAL: 4.2 DPTR FM NORMAL: -0.99 2 = FOG REDUCING VISIBILITY
HIGHEST: 93 ON 17,16 GRTST 24HR 0.66 ON 9- 9 TO 1/4 MILE OR LESS
LOWEST: 40 ON 9 3 = THUNDER
SNOW, ICE PELLETS, HAIL 4 = ICE PELLETS
TOTAL MONTH: 0.0 INCH 5 = HAIL
GRTST 24HR 0.0 6 = FREEZING RAIN OR DRIZZLE
GRTST DEPTH: 0 7 = DUSTSTORM OR SANDSTORM:
VSBY 1/2 MILE OR LESS
8 = SMOKE OR HAZE
[NO. OF DAYS WITH] [WEATHER - DAYS WITH] 9 = BLOWING SNOW
X = TORNADO
MAX 32 OR BELOW: 0 0.01 INCH OR MORE: 10
MAX 90 OR ABOVE: 10 0.10 INCH OR MORE: 2
MIN 32 OR BELOW: 0 0.50 INCH OR MORE: 1
MIN 0 OR BELOW: 0 1.00 INCH OR MORE: 0
[HDD (BASE 65) ]
TOTAL THIS MO. 30 CLEAR (SCALE 0-3) 4
DPTR FM NORMAL -48 PTCLDY (SCALE 4-7) 26
TOTAL FM JUL 1 5693 CLOUDY (SCALE 8-10) 0
DPTR FM NORMAL -499
[CDD (BASE 65) ]
TOTAL THIS MO. 184
DPTR FM NORMAL 90 [PRESSURE DATA]
TOTAL FM JAN 1 226 HIGHEST SLP 30.23 ON 12
DPTR FM NORMAL 121 LOWEST SLP 29.29 ON 7
[REMARKS]
#FINAL-06-20#