000
CXUS52 KMFL 011130
CF6APF
PRELIMINARY LOCAL CLIMATOLOGICAL DATA (WS FORM: F-6)
STATION: NAPLES
MONTH: NOVEMBER
YEAR: 2023
LATITUDE: 26 8 N
LONGITUDE: 81 46 W
TEMPERATURE IN F: :PCPN: SNOW: WIND :SUNSHINE: SKY :PK WND
================================================================================
1 2 3 4 5 6A 6B 7 8 9 10 11 12 13 14 15 16 17 18
12Z AVG MX 2MIN
DY MAX MIN AVG DEP HDD CDD WTR SNW DPTH SPD SPD DIR MIN PSBL S-S WX SPD DR
================================================================================
1 84 65 75 0 0 10 0.00 0.0 0 9.0 21 40 M M 1 29 40
2 83 63 73 -2 0 8 0.00 0.0 0 14.4 24 60 M M 2 34 80
3 86 65 76 1 0 11 0.00 0.0 0 10.9 22 70 M M 0 28 70
4 85 66 76 2 0 11 0.00 0.0 0 8.0 15 20 M M 2 20 10
5 86 64 75 1 0 10 0.00 0.0 0 8.0 14 360 M M 1 20 20
6 85 59 72 -2 0 7 0.00 0.0 0 6.1 13 60 M M 0 18 60
7 87 65 76 2 0 11 0.00 0.0 0 6.9 15 290 M M 3 19 280
8 88 67 78 4 0 13 0.00 0.0 0 6.3 13 70 M M 2 M M
9 88 68 78 5 0 13 0.00 0.0 0 8.2 17 70 M M 2 1 20 50
10 87 70 79 6 0 14 0.00 0.0 0 5.6 14 230 M M 3 17 220
11 88 73 81 8 0 16 0.38 0.0 0 4.9 14 60 M M 5 1 17 60
12 89 72 81 8 0 16 0.02 0.0 0 6.0 14 80 M M 3 19 50
13 84 72 78 5 0 13 0.01 0.0 0 7.9 18 50 M M 10 1 23 50
14 86 72 79 7 0 14 T 0.0 0 9.6 21 70 M M 9 18 27 70
15 74 66 70 -2 0 5 3.28 0.0 0 16.9 37 80 M M 8 1 48 60
16 82 68 75 3 0 10 0.00 0.0 0 10.1 22 80 M M 6 29 70
17 80 66 73 1 0 8 0.00 0.0 0 4.8 14 280 M M 5 18 17 280
18 78 69 74 2 0 9 0.00 0.0 0 9.5 21 300 M M 4 25 310
19 79 64 72 0 0 7 0.00 0.0 0 5.7 16 280 M M 0 8 19 270
20 84 63 74 3 0 9 0.00 0.0 0 4.6 13 120 M M 1 15 90
21 85 67 76 5 0 11 0.00 0.0 0 8.7 17 110 M M 1 28 100
22 83 66 75 4 0 10 T 0.0 0 6.7 20 200 M M 3 1 23 200
23 77 64 71 0 0 6 0.00 0.0 0 6.1 12 300 M M 5 15 300
24 75 61 68 -3 0 3 0.01 0.0 0 7.5 14 50 M M 4 17 30
25 79 63 71 0 0 6 T 0.0 0 8.7 16 60 M M 3 20 60
26 83 69 76 5 0 11 0.00 0.0 0 8.5 18 150 M M 4 1 24 170
27 76 60 68 -2 0 3 0.00 0.0 0 7.6 14 340 M M 2 1 19 20
28 67 55 61 -9 4 0 0.00 0.0 0 7.4 14 60 M M 0 18 310
29 70 52 61 -9 4 0 0.00 0.0 0 7.8 15 20 M M 0 23 10
30 78 54 66 -4 0 1 0.00 0.0 0 8.3 15 120 M M 1 20 90
================================================================================
SM 2456 1948 8 266 3.70 0.0 240.7 M 90
================================================================================
AV 81.9 64.9 8.0 FASTST M M 3 MAX(MPH)
MISC ----> 37 80 48 60
================================================================================
NOTES:
# LAST OF SEVERAL OCCURRENCES
COLUMN 17 PEAK WIND IN M.P.H.
PRELIMINARY LOCAL CLIMATOLOGICAL DATA (WS FORM: F-6) , PAGE 2
STATION: NAPLES
MONTH: NOVEMBER
YEAR: 2023
LATITUDE: 26 8 N
LONGITUDE: 81 46 W
[TEMPERATURE DATA] [PRECIPITATION DATA] SYMBOLS USED IN COLUMN 16
AVERAGE MONTHLY: 73.4 TOTAL FOR MONTH: 3.70 1 = FOG OR MIST
DPTR FM NORMAL: 1.0 DPTR FM NORMAL: 2.31 2 = FOG REDUCING VISIBILITY
HIGHEST: 89 ON 12 GRTST 24HR 3.28 ON 15-15 TO 1/4 MILE OR LESS
LOWEST: 52 ON 29 3 = THUNDER
SNOW, ICE PELLETS, HAIL 4 = ICE PELLETS
TOTAL MONTH: 0.0 INCH 5 = HAIL
GRTST 24HR 0.0 6 = FREEZING RAIN OR DRIZZLE
GRTST DEPTH: 0 7 = DUSTSTORM OR SANDSTORM:
VSBY 1/2 MILE OR LESS
8 = SMOKE OR HAZE
[NO. OF DAYS WITH] [WEATHER - DAYS WITH] 9 = BLOWING SNOW
X = TORNADO
MAX 32 OR BELOW: 0 0.01 INCH OR MORE: 5
MAX 90 OR ABOVE: 0 0.10 INCH OR MORE: 2
MIN 32 OR BELOW: 0 0.50 INCH OR MORE: 1
MIN 0 OR BELOW: 0 1.00 INCH OR MORE: 1
[HDD (BASE 65) ]
TOTAL THIS MO. 8 CLEAR (SCALE 0-3) 16
DPTR FM NORMAL -4 PTCLDY (SCALE 4-7) 12
TOTAL FM JUL 1 8 CLOUDY (SCALE 8-10) 2
DPTR FM NORMAL -2
[CDD (BASE 65) ]
TOTAL THIS MO. 266
DPTR FM NORMAL 34 [PRESSURE DATA]
TOTAL FM JAN 1 4843 HIGHEST SLP 30.19 ON 29
DPTR FM NORMAL 905 LOWEST SLP 29.73 ON 18
[REMARKS]
#FINAL-11-23#