000
CXUS52 KMFL 231030
CF6APF
PRELIMINARY LOCAL CLIMATOLOGICAL DATA (WS FORM: F-6)
STATION: NAPLES
MONTH: APRIL
YEAR: 2024
LATITUDE: 26 8 N
LONGITUDE: 81 46 W
TEMPERATURE IN F: :PCPN: SNOW: WIND :SUNSHINE: SKY :PK WND
================================================================================
1 2 3 4 5 6A 6B 7 8 9 10 11 12 13 14 15 16 17 18
12Z AVG MX 2MIN
DY MAX MIN AVG DEP HDD CDD WTR SNW DPTH SPD SPD DIR MIN PSBL S-S WX SPD DR
================================================================================
1 83 63 73 1 0 8 0.00 0.0 0 5.6 15 220 M M 2 23 170
2 86 68 77 5 0 12 0.00 0.0 0 9.6 20 160 M M 1 29 160
3 85 71 78 6 0 13 0.01 0.0 0 15.4 29 190 M M 5 42 210
4 78 70 74 1 0 9 0.00 0.0 0 10.8 18 290 M M 3 26 300
5 77 65 71 -2 0 6 0.00 0.0 0 9.4 17 280 M M 1 24 290
6 78 65 72 -1 0 7 0.00 0.0 0 9.8 20 300 M M 1 27 290
7 83 60 72 -1 0 7 0.00 0.0 0 8.3 15 90 M M 0 21 90
8 83 62 73 0 0 8 0.00 0.0 0 10.6 20 100 M M 1 35 80
9 86 64 75 1 0 10 0.00 0.0 0 10.0 21 140 M M 4 28 100
10 87 68 78 4 0 13 0.00 0.0 0 13.6 23 150 M M 1 31 160
11 85 74 80 6 0 15 0.08 0.0 0 16.6 29 180 M M 8 1 42 200
12 81 69 75 1 0 10 0.00 0.0 0 11.4 21 290 M M 2 27 20
13 84 63 74 0 0 9 0.00 0.0 0 8.3 20 50 M M 0 27 50
14 85 59 72 -2 0 7 0.00 0.0 0 7.4 20 90 M M 0 26 90
15 84 63 74 -1 0 9 0.00 0.0 0 6.8 17 280 M M 1 21 290
16 88 62 75 0 0 10 0.00 0.0 0 8.6 18 80 M M 0 26 90
17 88 66 77 2 0 12 0.00 0.0 0 7.6 16 270 M M 1 22 100
18 84 66 75 0 0 10 0.00 0.0 0 6.1 14 280 M M 1 21 240
19 83 69 76 1 0 11 0.00 0.0 0 6.1 14 280 M M 1 22 270
20 86 69 78 2 0 13 0.00 0.0 0 5.1 15 270 M M 0 22 260
21 84 71 78 2 0 13 0.00 M M 7.6 17 220 M M 2 26 220
22 83 67 75 -1 0 10 T 0.0 0 10.2 21 300 M M 3 29 310
================================================================================
SM 1841 1454 0 222 0.09 0.0 204.9 M 38
================================================================================
AV 83.7 66.1 9.3 FASTST M M 2 MAX(MPH)
MISC ----> # 29 190 # 42 210
================================================================================
NOTES:
# LAST OF SEVERAL OCCURRENCES
COLUMN 17 PEAK WIND IN M.P.H.
PRELIMINARY LOCAL CLIMATOLOGICAL DATA (WS FORM: F-6) , PAGE 2
STATION: NAPLES
MONTH: APRIL
YEAR: 2024
LATITUDE: 26 8 N
LONGITUDE: 81 46 W
[TEMPERATURE DATA] [PRECIPITATION DATA] SYMBOLS USED IN COLUMN 16
AVERAGE MONTHLY: 74.9 TOTAL FOR MONTH: 0.09 1 = FOG OR MIST
DPTR FM NORMAL: 0.9 DPTR FM NORMAL: -1.72 2 = FOG REDUCING VISIBILITY
HIGHEST: 88 ON 17,16 GRTST 24HR 0.08 ON 11-11 TO 1/4 MILE OR LESS
LOWEST: 59 ON 14 3 = THUNDER
SNOW, ICE PELLETS, HAIL 4 = ICE PELLETS
TOTAL MONTH: 0.0 INCH 5 = HAIL
GRTST 24HR 0.0 6 = FREEZING RAIN OR DRIZZLE
GRTST DEPTH: 0 7 = DUSTSTORM OR SANDSTORM:
VSBY 1/2 MILE OR LESS
8 = SMOKE OR HAZE
[NO. OF DAYS WITH] [WEATHER - DAYS WITH] 9 = BLOWING SNOW
X = TORNADO
MAX 32 OR BELOW: 0 0.01 INCH OR MORE: 2
MAX 90 OR ABOVE: 0 0.10 INCH OR MORE: 0
MIN 32 OR BELOW: 0 0.50 INCH OR MORE: 0
MIN 0 OR BELOW: 0 1.00 INCH OR MORE: 0
[HDD (BASE 65) ]
TOTAL THIS MO. 0 CLEAR (SCALE 0-3) 18
DPTR FM NORMAL 0 PTCLDY (SCALE 4-7) 4
TOTAL FM JUL 1 133 CLOUDY (SCALE 8-10) 0
DPTR FM NORMAL -87
[CDD (BASE 65) ]
TOTAL THIS MO. 222
DPTR FM NORMAL 22 [PRESSURE DATA]
TOTAL FM JAN 1 684 HIGHEST SLP M ON M
DPTR FM NORMAL 83 LOWEST SLP 29.73 ON 3
[REMARKS]