000
CXUS53 KAPX 010631
CF6APX
PRELIMINARY LOCAL CLIMATOLOGICAL DATA (WS FORM: F-6)
STATION: GAYLORD WFO
MONTH: MARCH
YEAR: 2020
LATITUDE: 45 4 N
LONGITUDE: 84 43 W
TEMPERATURE IN F: :PCPN: SNOW: WIND :SUNSHINE: SKY :PK WND
================================================================================
1 2 3 4 5 6A 6B 7 8 9 10 11 12 13 14 15 16 17 18
12Z AVG MX 2MIN
DY MAX MIN AVG DEP HDD CDD WTR SNW DPTH SPD SPD DIR MIN PSBL S-S WX SPD DR
================================================================================
1 44 19 32 10 33 0 0.00 0.0 21 M M M M M M M M
2 39 26 33 10 32 0 0.00 0.0 18 M M M M M M M M
3 40 24 32 9 33 0 0.02 0.2 17 M M M M M M M M
4 32 23 28 5 37 0 T T 17 M M M M M M M M
5 39 20 30 6 35 0 0.07 0.8 16 M M M M M M M M
6 32 16 24 0 41 0 0.05 0.6 17 M M M M M M M M
7 44 12 28 4 37 0 0.00 0.0 16 M M M M M M M M
8 53 32 43 18 22 0 0.00 0.0 16 M M M M M M M M
9 49 39 44 19 21 0 0.73 0.0 15 M M M M M M M M
10 39 24 32 7 33 0 0.13 T 9 M M M M M M M M
11 38 26 32 6 33 0 0.08 1.3 10 M M M M M M M M
12 42 33 38 12 27 0 0.17 0.0 9 M M M M M M M M
13 39 27 33 7 32 0 0.01 0.1 6 M M M M M M M M
14 28 23 26 -1 39 0 0.00 0.0 6 M M M M M M M M
15 36 19 28 1 37 0 0.00 0.0 6 M M M M M M M M
16 40 20 30 2 35 0 0.01 0.1 5 M M M M M M M M
17 36 25 31 3 34 0 T T 5 M M M M M M M M
18 35 26 31 3 34 0 T T 4 M M M M M M M M
19 45 27 36 7 29 0 0.44 0.0 4 M M M M M M M M
20 38 15 27 -2 38 0 0.17 1.4 3 M M M M M M M M
21 29 9 19 -11 46 0 0.00 0.0 4 M M M M M M M M
22 36 15 26 -4 39 0 0.00 0.0 4 M M M M M M M M
23 39 24 32 2 33 0 T T 4 M M M M M M M M
24 43 27 35 4 30 0 0.00 0.0 2 M M M M M M M M
25 53 32 43 12 22 0 0.34 0.0 2 M M M M M M M M
26 40 34 37 5 28 0 0.15 0.0 1 M M M M M M M M
27 55 32 44 12 21 0 0.00 0.0 T M M M M M M M M
28 43 34 39 6 26 0 0.21 0.0 T M M M M M M M M
29 51 36 44 11 21 0 0.71 0.0 T M M M M M M 1 M M
30 36 32 34 0 31 0 0.02 T 0 M M M M M M 1 M M
31 37 30 34 0 31 0 T T 0 M M M M M M 1 M M
================================================================================
SM 1250 781 990 0 3.31 4.5 M M M
================================================================================
AV 40.3 25.2 M FASTST M M 6 MAX(MPH)
MISC ----> M M M M
================================================================================
NOTES:
# LAST OF SEVERAL OCCURRENCES
COLUMN 17 PEAK WIND IN M.P.H.
PRELIMINARY LOCAL CLIMATOLOGICAL DATA (WS FORM: F-6) , PAGE 2
STATION: GAYLORD WFO
MONTH: MARCH
YEAR: 2020
LATITUDE: 45 4 N
LONGITUDE: 84 43 W
[TEMPERATURE DATA] [PRECIPITATION DATA] SYMBOLS USED IN COLUMN 16
AVERAGE MONTHLY: 32.8 TOTAL FOR MONTH: 3.31 1 = FOG OR MIST
DPTR FM NORMAL: 4.9 DPTR FM NORMAL: 1.42 2 = FOG REDUCING VISIBILITY
HIGHEST: 55 ON 27 GRTST 24HR 0.73 ON 9- 9 TO 1/4 MILE OR LESS
LOWEST: 9 ON 21 3 = THUNDER
SNOW, ICE PELLETS, HAIL 4 = ICE PELLETS
TOTAL MONTH: 4.5 INCHES 5 = HAIL
GRTST 24HR 1.4 ON 20-20 6 = FREEZING RAIN OR DRIZZLE
GRTST DEPTH: 21 ON 1 7 = DUSTSTORM OR SANDSTORM:
VSBY 1/2 MILE OR LESS
8 = SMOKE OR HAZE
[NO. OF DAYS WITH] [WEATHER - DAYS WITH] 9 = BLOWING SNOW
X = TORNADO
MAX 32 OR BELOW: 4 0.01 INCH OR MORE: 16
MAX 90 OR ABOVE: 0 0.10 INCH OR MORE: 9
MIN 32 OR BELOW: 26 0.50 INCH OR MORE: 2
MIN 0 OR BELOW: 0 1.00 INCH OR MORE: 0
[HDD (BASE 65) ]
TOTAL THIS MO. 990 CLEAR (SCALE 0-3) 0
DPTR FM NORMAL -161 PTCLDY (SCALE 4-7) 0
TOTAL FM JUL 1 6578 CLOUDY (SCALE 8-10) 0
DPTR FM NORMAL -621
[CDD (BASE 65) ]
TOTAL THIS MO. 0
DPTR FM NORMAL 0 [PRESSURE DATA]
TOTAL FM JAN 1 0 HIGHEST SLP M ON M
DPTR FM NORMAL 0 LOWEST SLP M ON M
[REMARKS]
#FINAL-03-20#
#FINAL-03-20#