000
CXUS54 KEWX 011010
CF6AQO
PRELIMINARY LOCAL CLIMATOLOGICAL DATA (WS FORM: F-6)
STATION: LLANO MUNICIPAL AIRPORT
MONTH: JANUARY
YEAR: 2021
LATITUDE: 30 47 N
LONGITUDE: 98 40 W
TEMPERATURE IN F: :PCPN: SNOW: WIND :SUNSHINE: SKY :PK WND
================================================================================
1 2 3 4 5 6A 6B 7 8 9 10 11 12 13 14 15 16 17 18
12Z AVG MX 2MIN
DY MAX MIN AVG DEP HDD CDD WTR SNW DPTH SPD SPD DIR MIN PSBL S-S WX SPD DR
================================================================================
1 50 32 41 M 24 0 0.00 M M 10.8 18 320 M M 6 25 310
2 61 28 45 M 20 0 0.00 M M 4.7 12 250 M M 2 18 260
3 70 27 49 M 16 0 0.00 M M 4.8 18 260 M M 3 23 230
4 72 32 52 M 13 0 0.00 M M 4.4 13 360 M M 1 15 350
5 68 30 49 M 16 0 0.00 M M 4.4 15 180 M M 5 23 180
6 61 45 53 M 12 0 0.00 M M 9.7 22 300 M M 6 1 32 300
7 59 37 48 M 17 0 0.00 M M 8.7 16 330 M M 2 23 320
8 50 27 39 M 26 0 0.00 M M 4.3 12 30 M M 4 15 99
9 52 23 38 M 27 0 0.00 M M 4.8 13 60 M M 6 16 80
10 43 32 38 M 27 0 0.60 M M 8.5 14 60 M M 9 12 20 70
11 41 28 35 M 30 0 0.00 M M 6.1 12 350 M M 10 18 350
12 52 23 38 M 27 0 0.00 M M 1.9 8 290 M M 3 14 280
13 66 25 46 M 19 0 0.00 M M 4.0 14 260 M M 1 3 20 260
14 64 32 48 M 17 0 0.00 M M 8.9 24 360 M M 2 33 20
15 57 32 45 M 20 0 0.00 M M 10.2 23 300 M M 5 36 300
16 63 27 45 M 20 0 0.00 M M 3.6 7 70 M M 6 12 99
17 64 27 46 M 19 0 0.00 M M 2.8 9 310 M M 3 18 310
18 75 30 53 M 12 0 0.00 M M 5.9 20 200 M M 4 28 180
19 61 46 54 M 11 0 0.01 M M 7.2 12 30 M M 10 18 17 40
20 46 43 45 M 20 0 0.25 M M 2.5 8 290 M M 10 1 M M
21 59 45 52 M 13 0 0.01 M M 2.3 9 300 M M 7 1 M M
22 70 50 60 M 5 0 0.03 M M 5.6 10 20 M M 7 12 17 360
23 61 48 55 M 10 0 0.00 M M 5.0 9 120 M M 10 1 14 130
24 68 57 63 M 2 0 0.03 M M 5.1 10 140 M M 10 12 20 140
25 72 41 57 M 8 0 0.00 M M 9.4 21 290 M M 3 1 28 290
26 73 34 54 M 11 0 0.00 M M 5.6 16 10 M M 3 25 10
27 61 36 49 M 16 0 0.00 M M 7.4 17 340 M M 3 25 350
28 54 30 42 M 23 0 0.00 M M 3.6 7 110 M M 2 13 99
29 70 32 51 M 14 0 0.00 M M 5.3 14 190 M M 6 22 180
30 79 50 65 M 0 0 0.00 M M 10.6 22 290 M M 6 8 29 290
31 64 41 53 M 12 0 0.00 M M 9.6 20 340 M M 3 8 25 340
================================================================================
SM 1906 1090 507 0 0.93 M 187.8 M 158
================================================================================
AV 61.5 35.2 6.1 FASTST M M 5 MAX(MPH)
MISC ----> 24 360 36 300
================================================================================
NOTES:
# LAST OF SEVERAL OCCURRENCES
COLUMN 17 PEAK WIND IN M.P.H.
PRELIMINARY LOCAL CLIMATOLOGICAL DATA (WS FORM: F-6) , PAGE 2
STATION: LLANO MUNICIPAL AIRPORT
MONTH: JANUARY
YEAR: 2021
LATITUDE: 30 47 N
LONGITUDE: 98 40 W
[TEMPERATURE DATA] [PRECIPITATION DATA] SYMBOLS USED IN COLUMN 16
AVERAGE MONTHLY: 48.3 TOTAL FOR MONTH: 0.93 1 = FOG OR MIST
DPTR FM NORMAL: 0.0 DPTR FM NORMAL: M 2 = FOG REDUCING VISIBILITY
HIGHEST: 79 ON 30 GRTST 24HR 0.83 ON 9-10 TO 1/4 MILE OR LESS
LOWEST: 23 ON 9,12 3 = THUNDER
SNOW, ICE PELLETS, HAIL 4 = ICE PELLETS
TOTAL MONTH: M 5 = HAIL
GRTST 24HR M ON M 6 = FREEZING RAIN OR DRIZZLE
GRTST DEPTH: M ON M 7 = DUSTSTORM OR SANDSTORM:
VSBY 1/2 MILE OR LESS
8 = SMOKE OR HAZE
[NO. OF DAYS WITH] [WEATHER - DAYS WITH] 9 = BLOWING SNOW
X = TORNADO
MAX 32 OR BELOW: 0 0.01 INCH OR MORE: 6
MAX 90 OR ABOVE: 0 0.10 INCH OR MORE: 2
MIN 32 OR BELOW: 18 0.50 INCH OR MORE: 1
MIN 0 OR BELOW: 0 1.00 INCH OR MORE: 0
[HDD (BASE 65) ]
TOTAL THIS MO. 507 CLEAR (SCALE 0-3) 12
DPTR FM NORMAL M PTCLDY (SCALE 4-7) 13
TOTAL FM JUL 1 1277 CLOUDY (SCALE 8-10) 6
DPTR FM NORMAL M
[CDD (BASE 65) ]
TOTAL THIS MO. 0
DPTR FM NORMAL M [PRESSURE DATA]
TOTAL FM JAN 1 0 HIGHEST SLP M ON M
DPTR FM NORMAL M LOWEST SLP M ON M
[REMARKS]
#FINAL-01-21#