000
CXUS54 KHGX 011603
CF6ARM
PRELIMINARY LOCAL CLIMATOLOGICAL DATA (WS FORM: F-6)
STATION: Wharton
MONTH: JANUARY
YEAR: 2021
LATITUDE: 29 15 N
LONGITUDE: 96 9 W
TEMPERATURE IN F: :PCPN: SNOW: WIND :SUNSHINE: SKY :PK WND
================================================================================
1 2 3 4 5 6A 6B 7 8 9 10 11 12 13 14 15 16 17 18
12Z AVG MX 2MIN
DY MAX MIN AVG DEP HDD CDD WTR SNW DPTH SPD SPD DIR MIN PSBL S-S WX SPD DR
================================================================================
1 53 37 45 M 20 0 0.00 0.0 0 10.1 20 270 M M 0 28 240
2 57 38 48 M 17 0 0.00 0.0 0 6.0 13 320 M M 0 18 320
3 66 39 53 M 12 0 0.00 0.0 0 6.9 13 160 M M 0 18 180
4 73 42 58 M 7 0 0.00 0.0 0 3.1 12 210 M M 4 12 20 210
5 71 50 61 M 4 0 0.00 0.0 0 5.4 10 80 M M 7 12 M M
6 73 51 62 M 3 0 0.25 0.0 0 10.7 24 160 M M 6 3 37 210
7 60 41 51 M 14 0 0.00 0.0 0 10.4 16 320 M M 0 23 310
8 55 37 46 M 19 0 0.00 0.0 0 6.5 14 330 M M 1 17 360
9 56 33 45 M 20 0 0.00 0.0 0 4.4 8 130 M M 3 1 10 40
10 47 35 41 M 24 0 0.18 0.0 0 13.4 18 360 M M 10 29 360
11 44 34 39 M 26 0 0.00 0.0 0 12.0 16 350 M M 10 1 23 340
12 46 30 38 M 27 0 0.00 0.0 0 2.4 7 360 M M 6 1 M M
13 58 33 46 M 19 0 0.00 0.0 0 4.7 9 210 M M 0 16 200
14 72 34 53 M 12 0 0.00 0.0 0 8.1 17 230 M M 1 1 23 320
15 61 35 48 M 17 0 0.00 0.0 0 10.2 18 290 M M 0 27 290
16 61 37 49 M 16 0 0.00 0.0 0 5.4 9 280 M M 3 8 16 280
17 68 33 51 M 14 0 0.00 0.0 0 2.8 8 280 M M 0 16 280
18 73 38 56 M 9 0 0.00 0.0 0 8.5 20 160 M M 5 25 160
19 76 58 67 M 0 2 0.14 0.0 0 8.4 18 140 M M 8 24 140
20 69 57 63 M 2 0 0.00 0.0 0 6.2 9 150 M M 10 18 16 10
21 67 56 62 M 3 0 0.01 0.0 0 3.2 7 180 M M 10 1 17 310
22 73 58 66 M 0 1 0.00 0.0 0 3.1 6 40 M M 8 18 M M
23 64 57 61 M 4 0 0.00 0.0 0 7.9 12 90 M M 10 1 16 80
24 78 60 69 M 0 4 0.00 0.0 0 12.6 23 160 M M 10 1 28 160
25 76 63 70 M 0 5 0.00 0.0 0 10.3 20 150 M M 8 18 27 150
26 78 58 68 M 0 3 0.00 0.0 0 4.7 10 60 M M 6 M M
27 67 45 56 M 9 0 0.00 0.0 0 13.3 25 330 M M 4 32 330
28 60 37 49 M 16 0 0.00 0.0 0 5.9 10 30 M M 0 17 30
29 69 39 54 M 11 0 0.00 0.0 0 5.9 14 140 M M 3 1 18 150
30 75 55 65 M 0 0 0.00 0.0 0 12.4 24 170 M M 10 33 170
31 68 46 57 M 8 0 0.00 0.0 0 12.9 24 330 M M 2 32 330
================================================================================
SM 2014 1366 333 15 0.58 0.0 237.8 M 145
================================================================================
AV 65.0 44.1 7.7 FASTST M M 5 MAX(MPH)
MISC ----> 25 330 37 210
================================================================================
NOTES:
# LAST OF SEVERAL OCCURRENCES
COLUMN 17 PEAK WIND IN M.P.H.
PRELIMINARY LOCAL CLIMATOLOGICAL DATA (WS FORM: F-6) , PAGE 2
STATION: Wharton
MONTH: JANUARY
YEAR: 2021
LATITUDE: 29 15 N
LONGITUDE: 96 9 W
[TEMPERATURE DATA] [PRECIPITATION DATA] SYMBOLS USED IN COLUMN 16
AVERAGE MONTHLY: 54.5 TOTAL FOR MONTH: 0.58 1 = FOG OR MIST
DPTR FM NORMAL: 0.0 DPTR FM NORMAL: M 2 = FOG REDUCING VISIBILITY
HIGHEST: 78 ON 24,26 GRTST 24HR 1.20 ON 9-10 TO 1/4 MILE OR LESS
LOWEST: 30 ON 12 3 = THUNDER
SNOW, ICE PELLETS, HAIL 4 = ICE PELLETS
TOTAL MONTH: 0.0 INCH 5 = HAIL
GRTST 24HR 0.0 6 = FREEZING RAIN OR DRIZZLE
GRTST DEPTH: 0 7 = DUSTSTORM OR SANDSTORM:
VSBY 1/2 MILE OR LESS
8 = SMOKE OR HAZE
[NO. OF DAYS WITH] [WEATHER - DAYS WITH] 9 = BLOWING SNOW
X = TORNADO
MAX 32 OR BELOW: 0 0.01 INCH OR MORE: 4
MAX 90 OR ABOVE: 0 0.10 INCH OR MORE: 3
MIN 32 OR BELOW: 1 0.50 INCH OR MORE: 0
MIN 0 OR BELOW: 0 1.00 INCH OR MORE: 0
[HDD (BASE 65) ]
TOTAL THIS MO. 333 CLEAR (SCALE 0-3) 13
DPTR FM NORMAL M PTCLDY (SCALE 4-7) 9
TOTAL FM JUL 1 775 CLOUDY (SCALE 8-10) 9
DPTR FM NORMAL M
[CDD (BASE 65) ]
TOTAL THIS MO. 15
DPTR FM NORMAL M [PRESSURE DATA]
TOTAL FM JAN 1 15 HIGHEST SLP M ON M
DPTR FM NORMAL M LOWEST SLP M ON M
[REMARKS]
#FINAL-01-21#