000
CXUS53 KARX 010900
CF6ARX
PRELIMINARY LOCAL CLIMATOLOGICAL DATA (WS FORM: F-6)
STATION: LA CROSSE WEATHER OFFICE WI
MONTH: OCTOBER
YEAR: 2022
LATITUDE: 43 49 N
LONGITUDE: 91 12 W
TEMPERATURE IN F: :PCPN: SNOW: WIND :SUNSHINE: SKY :PK WND
================================================================================
1 2 3 4 5 6A 6B 7 8 9 10 11 12 13 14 15 16 17 18
12Z AVG MX 2MIN
DY MAX MIN AVG DEP HDD CDD WTR SNW DPTH SPD SPD DIR MIN PSBL S-S WX SPD DR
================================================================================
1 69 48 59 4 6 0 T 0.0 0 M M M M M M 14 M
2 69 50 60 5 5 0 T 0.0 0 M M M M M M 16 M
3 68 49 59 5 6 0 T 0.0 0 M M M M M M 23 M
4 69 52 61 7 4 0 0.00 0.0 0 M M M M M M 15 M
5 65 53 59 6 6 0 0.00 0.0 0 M M M M M M 15 M
6 58 38 48 -5 17 0 T 0.0 0 M M M M M M 27 M
7 50 33 42 -11 23 0 0.00 0.0 0 M M M M M M 13 M
8 57 32 45 -7 20 0 0.00 0.0 0 M M M M M M 20 M
9 62 41 52 0 13 0 0.00 0.0 0 M M M M M M 9 M
10 68 41 55 4 10 0 0.00 0.0 0 M M M M M M 23 M
11 72 53 63 12 2 0 0.00 0.0 0 M M M M M M 29 M
12 63 38 51 1 14 0 0.10 0.0 0 M M M M M M 35 M
13 44 34 39 -11 26 0 0.01 T 0 M M M M M M 23 M
14 38 30 34 -16 31 0 T T 0 M M M M M M 13 M
15 58 30 44 -5 21 0 0.00 0.0 0 M M M M M M 26 M
16 45 34 40 -9 25 0 0.01 T 0 M M M M M M 4 27 M
17 35 29 32 -16 33 0 T T 0 M M M M M M 29 M
18 41 23 32 -16 33 0 0.00 0.0 0 M M M M M M 29 M
19 44 22 33 -15 32 0 0.00 0.0 0 M M M M M M 21 M
20 61 33 47 0 18 0 0.00 0.0 0 M M M M M M 14 M
21 71 46 59 12 6 0 0.00 0.0 0 M M M M M M 20 M
22 79 52 66 20 0 1 0.00 0.0 0 M M M M M M 22 M
23 75 57 66 20 0 1 0.03 0.0 0 M M M M M M 3 29 M
24 65 43 54 9 11 0 1.04 0.0 0 M M M M M M 3 36 M
25 44 35 40 -5 25 0 T 0.0 0 M M M M M M 29 M
26 48 33 41 -3 24 0 0.00 0.0 0 M M M M M M 20 M
27 56 37 47 3 18 0 0.00 0.0 0 M M M M M M 19 M
28 57 38 48 4 17 0 0.00 0.0 0 M M M M M M 19 M
29 62 42 52 9 13 0 0.00 0.0 0 M M M M M M 14 M
30 59 46 53 10 12 0 0.00 0.0 0 M M M M M M 12 M
31 63 41 52 10 13 0 0.00 0.0 0 M M M M M M 11 M
================================================================================
SM 1815 1233 484 2 1.19 T M M M
================================================================================
AV 58.5 39.8 M FASTST M M M MAX(MPH)
MISC ----> M M 36 9999
================================================================================
NOTES:
# LAST OF SEVERAL OCCURRENCES
COLUMN 17 PEAK WIND IN M.P.H.
PRELIMINARY LOCAL CLIMATOLOGICAL DATA (WS FORM: F-6) , PAGE 2
STATION: LA CROSSE WEATHER OFFICE WI
MONTH: OCTOBER
YEAR: 2022
LATITUDE: 43 49 N
LONGITUDE: 91 12 W
[TEMPERATURE DATA] [PRECIPITATION DATA] SYMBOLS USED IN COLUMN 16
AVERAGE MONTHLY: 49.2 TOTAL FOR MONTH: 1.19 1 = FOG OR MIST
DPTR FM NORMAL: 0.4 DPTR FM NORMAL: -1.72 2 = FOG REDUCING VISIBILITY
HIGHEST: 79 ON 22 GRTST 24HR 1.04 ON 24-24 TO 1/4 MILE OR LESS
LOWEST: 22 ON 19 3 = THUNDER
SNOW, ICE PELLETS, HAIL 4 = ICE PELLETS
TOTAL MONTH: T 5 = HAIL
GRTST 24HR T ON 13-13 6 = FREEZING RAIN OR DRIZZLE
GRTST DEPTH: 0 7 = DUSTSTORM OR SANDSTORM:
VSBY 1/2 MILE OR LESS
8 = SMOKE OR HAZE
[NO. OF DAYS WITH] [WEATHER - DAYS WITH] 9 = BLOWING SNOW
X = TORNADO
MAX 32 OR BELOW: 0 0.01 INCH OR MORE: 5
MAX 90 OR ABOVE: 0 0.10 INCH OR MORE: 2
MIN 32 OR BELOW: 6 0.50 INCH OR MORE: 1
MIN 0 OR BELOW: 0 1.00 INCH OR MORE: 1
[HDD (BASE 65) ]
TOTAL THIS MO. 484 CLEAR (SCALE 0-3) 0
DPTR FM NORMAL -26 PTCLDY (SCALE 4-7) 0
TOTAL FM JUL 1 633 CLOUDY (SCALE 8-10) 31
DPTR FM NORMAL -73
[CDD (BASE 65) ]
TOTAL THIS MO. 2
DPTR FM NORMAL -4 [PRESSURE DATA]
TOTAL FM JAN 1 595 HIGHEST SLP M ON M
DPTR FM NORMAL 52 LOWEST SLP M ON M
[REMARKS]
#FINAL-10-22#