000
CXUS55 KGJT 010910
CF6ASE
PRELIMINARY LOCAL CLIMATOLOGICAL DATA (WS FORM: F-6)
STATION: ASPEN CO
MONTH: MAY
YEAR: 2022
LATITUDE: 39 13 N
LONGITUDE: 106 52 W
TEMPERATURE IN F: :PCPN: SNOW: WIND :SUNSHINE: SKY :PK WND
================================================================================
1 2 3 4 5 6A 6B 7 8 9 10 11 12 13 14 15 16 17 18
12Z AVG MX 2MIN
DY MAX MIN AVG DEP HDD CDD WTR SNW DPTH SPD SPD DIR MIN PSBL S-S WX SPD DR
================================================================================
1 63 35 49 4 16 0 0.02 M M 10.3 25 250 M M 3 37 320
2 55 34 45 -1 20 0 0.10 M M 4.8 15 170 M M 6 1 21 170
3 63 33 48 2 17 0 0.21 M M 9.2 26 280 M M 4 1 39 290
4 47 30 39 -7 26 0 T M M 6.5 16 350 M M 7 1 24 250
5 60 33 47 1 18 0 0.02 M M 6.3 16 10 M M 5 1 26 10
6 71 33 52 5 13 0 0.00 M M 8.1 20 340 M M 1 40 360
7 72 45 59 12 6 0 0.01 M M 10.1 31 210 M M 3 51 270
8 69 42 56 8 9 0 T M M 11.8 36 180 M M 5 56 170
9 63 44 54 6 11 0 0.00 M M 13.0 30 170 M M 3 46 170
10 70 33 52 4 13 0 0.00 M M 10.4 26 170 M M 0 41 160
11 74 37 56 8 9 0 0.00 M M 10.4 28 180 M M 0 40 180
12 60 35 48 -1 17 0 0.00 M M 8.1 24 190 M M 0 38 220
13 62 24 43 -6 22 0 0.00 M M 6.4 17 190 M M 0 31 200
14 70 29 50 1 15 0 0.00 M M 8.0 20 250 M M 1 31 240
15 74 38 56 6 9 0 0.00 M M 6.7 18 10 M M 0 27 10
16 75 39 57 7 8 0 0.00 M M 7.0 32 220 M M 0 45 230
17 75 41 58 8 7 0 0.00 M M 7.6 18 340 M M 1 26 350
18 72 40 56 5 9 0 T M M 7.5 15 350 M M 2 27 10
19 73 37 55 4 10 0 0.00 M M 9.1 26 250 M M 1 43 260
20 64 30 47 -4 18 0 0.33 M M 6.7 23 230 M M 9 1 42 190
21 48 30 39 -13 26 0 0.00 M M 4.5 16 320 M M 8 18 23 330
22 56 35 46 -6 19 0 0.00 M M 6.2 22 180 M M 9 27 180
23 56 37 47 -5 18 0 0.00 M M 5.8 16 320 M M 4 24 330
24 55 32 44 -9 21 0 0.02 M M 6.4 25 270 M M 4 3 44 280
25 63 26 45 -8 20 0 0.00 M M 7.8 20 320 M M 0 29 340
26 75 34 55 2 10 0 0.00 M M 8.1 20 320 M M 0 31 350
27 78 42 60 6 5 0 0.00 M M 8.3 21 200 M M 0 34 320
28 73 42 58 4 7 0 0.00 M M 9.5 26 210 M M 1 44 200
29 60 34 47 -7 18 0 0.54 M M 8.1 23 160 M M 8 138 34 350
30 48 31 40 -15 25 0 0.09 M M 6.2 16 350 M M 7 128 28 360
31 60 26 43 -12 22 0 0.00 M M 6.3 21 320 M M 3 32 280
================================================================================
SM 2004 1081 464 0 1.34 M 245.2 M 95
================================================================================
AV 64.6 34.9 7.9 FASTST M M 3 MAX(MPH)
MISC ----> 36 180 56 170
================================================================================
NOTES:
# LAST OF SEVERAL OCCURRENCES
COLUMN 17 PEAK WIND IN M.P.H.
PRELIMINARY LOCAL CLIMATOLOGICAL DATA (WS FORM: F-6) , PAGE 2
STATION: ASPEN CO
MONTH: MAY
YEAR: 2022
LATITUDE: 39 13 N
LONGITUDE: 106 52 W
[TEMPERATURE DATA] [PRECIPITATION DATA] SYMBOLS USED IN COLUMN 16
AVERAGE MONTHLY: 49.8 TOTAL FOR MONTH: 1.34 1 = FOG OR MIST
DPTR FM NORMAL: -0.2 DPTR FM NORMAL: -0.18 2 = FOG REDUCING VISIBILITY
HIGHEST: 78 ON 27 GRTST 24HR 0.60 ON 29-30 TO 1/4 MILE OR LESS
LOWEST: 24 ON 13 3 = THUNDER
SNOW, ICE PELLETS, HAIL 4 = ICE PELLETS
TOTAL MONTH: M 5 = HAIL
GRTST 24HR M ON M 6 = FREEZING RAIN OR DRIZZLE
GRTST DEPTH: M ON M 7 = DUSTSTORM OR SANDSTORM:
VSBY 1/2 MILE OR LESS
8 = SMOKE OR HAZE
[NO. OF DAYS WITH] [WEATHER - DAYS WITH] 9 = BLOWING SNOW
X = TORNADO
MAX 32 OR BELOW: 0 0.01 INCH OR MORE: 9
MAX 90 OR ABOVE: 0 0.10 INCH OR MORE: 4
MIN 32 OR BELOW: 9 0.50 INCH OR MORE: 1
MIN 0 OR BELOW: 0 1.00 INCH OR MORE: 0
[HDD (BASE 65) ]
TOTAL THIS MO. 464 CLEAR (SCALE 0-3) 18
DPTR FM NORMAL 0 PTCLDY (SCALE 4-7) 10
TOTAL FM JUL 1 7796 CLOUDY (SCALE 8-10) 3
DPTR FM NORMAL -171
[CDD (BASE 65) ]
TOTAL THIS MO. 0
DPTR FM NORMAL 0 [PRESSURE DATA]
TOTAL FM JAN 1 0 HIGHEST SLP M ON M
DPTR FM NORMAL 0 LOWEST SLP 29.11 ON 8
[REMARKS]
#FINAL-05-22#