000
CXAK56 PAJK 011410
CF6ASI
PRELIMINARY LOCAL CLIMATOLOGICAL DATA (WS FORM: F-6)
STATION: SITKA
MONTH: DECEMBER
YEAR: 2022
LATITUDE: 57 4 N
LONGITUDE: 135 21 W
TEMPERATURE IN F: :PCPN: SNOW: WIND :SUNSHINE: SKY :PK WND
================================================================================
1 2 3 4 5 6A 6B 7 8 9 10 11 12 13 14 15 16 17 18
12Z AVG MX 2MIN
DY MAX MIN AVG DEP HDD CDD WTR SNW DPTH SPD SPD DIR MIN PSBL S-S WX SPD DR
================================================================================
1 34 24 29 -9 36 0 0.03 M M 7.4 21 100 M M 9 8 26 110
2 36 22 29 -9 36 0 0.00 M M 3.9 10 320 M M 1 12 330
3 38 26 32 -6 33 0 0.00 M M 3.6 9 110 M M 3 10 120
4 38 30 34 -4 31 0 T M M 4.0 8 110 M M 4 10 110
5 41 30 36 -2 29 0 0.07 M M 4.8 10 20 M M 6 18 17 60
6 43 37 40 2 25 0 1.04 M M 8.3 15 110 M M 10 1 18 120
7 45 34 40 2 25 0 0.69 M M 14.6 29 190 M M 10 1 35 190
8 37 34 36 -2 29 0 0.26 M M 11.8 22 110 M M 9 128 27 110
9 39 33 36 -2 29 0 0.20 M M 4.9 17 180 M M 9 18 24 170
10 35 24 30 -8 35 0 0.00 M M 3.2 10 80 M M 1 12 70
11 37 23 30 -8 35 0 0.01 M M 4.4 16 110 M M 7 18 20 110
12 45 36 41 3 24 0 0.53 M M 13.2 32 220 M M 10 18 39 220
13 42 36 39 1 26 0 0.47 M M 7.0 15 110 M M 10 18 21 120
14 46 42 44 6 21 0 0.33 M M 6.9 17 180 M M 10 18 23 180
15 44 41 43 5 22 0 0.12 M M 6.8 14 250 M M 10 18 18 240
16 43 29 36 -1 29 0 0.06 M M 4.3 17 290 M M 5 18 19 290
17 32 21 27 -10 38 0 0.00 M M 6.2 21 20 M M 0 30 30
18 24 19 22 -15 43 0 0.00 M M 8.5 16 100 M M 1 22 110
19 22 18 20 -17 45 0 0.00 M M 13.1 21 110 M M 3 27 110
20 23 16 20 -17 45 0 0.00 M M 4.3 14 110 M M 5 18 120
21 30 18 24 -13 41 0 0.00 M M 3.3 15 330 M M 3 16 330
22 35 26 31 -6 34 0 0.00 M M 10.4 21 120 M M 9 28 110
23 38 28 33 -4 32 0 0.03 M M 18.5 31 110 M M 10 40 100
24 41 35 38 1 27 0 T M M 12.0 25 110 M M 8 34 110
25 49 36 43 6 22 0 0.10 M M 19.0 36 110 M M 9 47 110
26 50 40 45 8 20 0 0.39 M M 8.1 22 130 M M 10 1 28 110
27 41 36 39 2 26 0 0.14 M M 4.5 10 220 M M 9 1 13 210
28 41 33 37 0 28 0 0.03 M M 6.2 13 140 M M 6 1 17 100
29 45 40 43 6 22 0 0.01 M M 15.2 24 110 M M 8 32 110
30 42 40 41 4 24 0 0.83 M M 5.4 22 110 M M 10 1 27 110
31 43 40 42 5 23 0 0.37 M M 11.3 30 110 M M 10 1 40 100
================================================================================
SM 1199 947 935 0 5.71 M 255.1 M 215
================================================================================
AV 38.7 30.5 8.2 FASTST M M 7 MAX(MPH)
MISC ----> 36 110 47 110
================================================================================
NOTES:
# LAST OF SEVERAL OCCURRENCES
COLUMN 17 PEAK WIND IN M.P.H.
PRELIMINARY LOCAL CLIMATOLOGICAL DATA (WS FORM: F-6) , PAGE 2
STATION: SITKA
MONTH: DECEMBER
YEAR: 2022
LATITUDE: 57 4 N
LONGITUDE: 135 21 W
[TEMPERATURE DATA] [PRECIPITATION DATA] SYMBOLS USED IN COLUMN 16
AVERAGE MONTHLY: 34.6 TOTAL FOR MONTH: 5.71 1 = FOG OR MIST
DPTR FM NORMAL: -2.9 DPTR FM NORMAL: -2.72 2 = FOG REDUCING VISIBILITY
HIGHEST: 50 ON 26 GRTST 24HR 1.25 ON 6- 7 TO 1/4 MILE OR LESS
LOWEST: 16 ON 20 3 = THUNDER
SNOW, ICE PELLETS, HAIL 4 = ICE PELLETS
TOTAL MONTH: M 5 = HAIL
GRTST 24HR M ON M 6 = FREEZING RAIN OR DRIZZLE
GRTST DEPTH: M ON M 7 = DUSTSTORM OR SANDSTORM:
VSBY 1/2 MILE OR LESS
8 = SMOKE OR HAZE
[NO. OF DAYS WITH] [WEATHER - DAYS WITH] 9 = BLOWING SNOW
X = TORNADO
MAX 32 OR BELOW: 5 0.01 INCH OR MORE: 20
MAX 90 OR ABOVE: 0 0.10 INCH OR MORE: 13
MIN 32 OR BELOW: 15 0.50 INCH OR MORE: 4
MIN 0 OR BELOW: 0 1.00 INCH OR MORE: 1
[HDD (BASE 65) ]
TOTAL THIS MO. 935 CLEAR (SCALE 0-3) 6
DPTR FM NORMAL 81 PTCLDY (SCALE 4-7) 7
TOTAL FM JUL 1 2770 CLOUDY (SCALE 8-10) 18
DPTR FM NORMAL -268
[CDD (BASE 65) ]
TOTAL THIS MO. 0
DPTR FM NORMAL 0 [PRESSURE DATA]
TOTAL FM JAN 1 0 HIGHEST SLP 30.67 ON 21
DPTR FM NORMAL -1 LOWEST SLP 28.98 ON 26
[REMARKS]
#FINAL-12-22#