000
CXUS56 KPQR 011730
CLMAST
CLIMATE REPORT
NATIONAL WEATHER SERVICE PORTLAND OREGON
930 AM PST THU FEB 01 2024
...................................
...THE ASTORIA OR CLIMATE SUMMARY FOR THE MONTH OF JANUARY 2024...
CLIMATE NORMAL PERIOD 1991 TO 2020
CLIMATE RECORD PERIOD 1887 TO 2024
WEATHER OBSERVED NORMAL DEPART LAST YEAR`S
VALUE DATE(S) VALUE FROM VALUE DATE(S)
NORMAL
................................................................
TEMPERATURE (F)
HIGHEST 65 58 01/12
LOWEST 24 24 01/30
AVG. MAXIMUM 50.1 49.4 0.7 49.4
AVG. MINIMUM 40.3 38.1 2.2 38.1
MEAN 45.2 43.7 1.5 43.7
DAYS MAX >= 90 0 0.0 0.0 0
DAYS MAX <= 32 2 0.1 1.9 0
DAYS MIN <= 32 5 6.3 -1.3 8
DAYS MIN <= 0 0 0.0 0.0 0
PRECIPITATION (INCHES)
RECORD
MAXIMUM 24.10 2006
MINIMUM 0.69 1985
TOTALS 15.16 10.59 4.57 6.67
DAYS >= .01 27 21.6 5.4 22
DAYS >= .10 24 17.3 6.7 15
DAYS >= .50 10 8.1 1.9 6
DAYS >= 1.00 5 2.6 2.4 0
GREATEST
24 HR. TOTAL 2.63 01/26 TO 01/27
DEGREE DAYS
HEATING TOTAL 607 659 -52 648
SINCE 7/1 2240 2704 -464 MM
COOLING TOTAL 0 0 0 0
SINCE 1/1 0 0 0 MM
................................................................
WIND (MPH)
AVERAGE WIND SPEED 10.2
RESULTANT WIND SPEED/DIRECTION 3/210
HIGHEST WIND SPEED/DIRECTION 38/270 DATE 01/09
HIGHEST GUST SPEED/DIRECTION 55/270 DATE 01/09
SKY COVER
POSSIBLE SUNSHINE (PERCENT) MM
AVERAGE SKY COVER 0.75
NUMBER OF DAYS FAIR 3
NUMBER OF DAYS PC 8
NUMBER OF DAYS CLOUDY 20
AVERAGE RH (PERCENT) 83
WEATHER CONDITIONS. NUMBER OF DAYS WITH
THUNDERSTORM 0 MIXED PRECIP 0
HEAVY RAIN 6 RAIN 21
LIGHT RAIN 26 FREEZING RAIN 1
LT FREEZING RAIN 1 HAIL 0
HEAVY SNOW 0 SNOW 0
LIGHT SNOW 1 SLEET 0
FOG 26 FOG W/VIS <= 1/4 MILE 1
HAZE 9
- INDICATES NEGATIVE NUMBERS.
R INDICATES RECORD WAS SET OR TIED.
MM INDICATES DATA IS MISSING.
T INDICATES TRACE AMOUNT.
$$