000
CXUS53 KDLH 042141
CF6ASX
PRELIMINARY LOCAL CLIMATOLOGICAL DATA (WS FORM: F-6)
STATION: ASHLAND
MONTH: FEBRUARY
YEAR: 2023
LATITUDE: 46 32 N
LONGITUDE: 90 55 W
TEMPERATURE IN F: :PCPN: SNOW: WIND :SUNSHINE: SKY :PK WND
================================================================================
1 2 3 4 5 6A 6B 7 8 9 10 11 12 13 14 15 16 17 18
12Z AVG MX 2MIN
DY MAX MIN AVG DEP HDD CDD WTR SNW DPTH SPD SPD DIR MIN PSBL S-S WX SPD DR
================================================================================
1 17 -16 1 -13 64 0 0.01 M M 7.6 15 220 M M 5 22 230
2 13 -9 2 -12 63 0 0.00 M M 13.1 25 310 M M 5 18 33 310
3 4 -17 -6 -20 71 0 0.00 M M 8.3 15 190 M M 7 8 23 200
4 26 1 14 0 51 0 0.00 M M 8.1 18 210 M M 2 24 210
5 23 -1 11 -3 54 0 0.00 M M 5.7 13 320 M M 7 1 15 320
6 40 -4 18 3 47 0 0.04 M M 3.2 13 170 M M 3 18 23 170
7 36 26 31 16 34 0 0.00 M M 10.7 26 270 M M 5 1 35 270
8 49 24 37 22 28 0 0.00 M M 8.1 16 200 M M 0 21 210
9 35 15 25 10 40 0 0.00 M M 7.0 23 300 M M 6 128 34 310
10 27 9 18 2 47 0 0.00 M M 9.2 20 310 M M 0 26 310
11 45 20 33 17 32 0 0.00 M M 14.7 24 220 M M 0 37 210
12 44 30 37 21 28 0 0.00 M M 7.3 14 230 M M 2 19 240
13 42 25 34 18 31 0 0.00 M M 10.0 15 180 M M 1 25 200
14 46 34 40 23 25 0 0.54 M M 7.0 16 200 M M 5 12 24 200
15 36 20 28 11 37 0 0.01 M M 10.9 25 320 M M 9 128 35 310
16 20 8 14 -3 51 0 0.00 M M 8.1 15 20 M M 7 8 19 20
17 26 -1 13 -5 52 0 0.00 M M 11.8 24 220 M M 2 34 210
18 39 20 30 12 35 0 0.00 M M 6.9 15 230 M M 2 21 230
19 36 14 25 7 40 0 0.00 M M 7.8 18 290 M M 4 18 27 300
20 28 5 17 -2 48 0 0.15 M M 5.3 20 270 M M 8 128 29 260
21 22 11 17 -2 48 0 0.15 M M 6.1 18 320 M M 10 18 26 320
22 21 13 17 -2 48 0 1.08 M M 16.1 26 60 M M 10 128 37 60
23 18 1 10 -10 55 0 0.13 M M 17.9 32 30 M M 10 1289 47 30
24 13 -6 4 -16 61 0 0.01 M M 3.9 9 240 M M 6 18 13 250
25 24 1 13 -7 52 0 0.00 M M 11.6 24 220 M M 5 18 31 220
26 25 -2 12 -9 53 0 0.00 M M 4.4 13 240 M M 0 17 250
27 30 8 19 -2 46 0 0.60 M M 7.2 17 30 M M 8 126 22 30
28 35 13 24 2 41 0 0.00 M M 8.1 15 220 M M 2 8 21 230
================================================================================
SM 820 242 1282 0 2.72 M 246.1 M 131
================================================================================
AV 29.3 8.6 8.8 FASTST M M 5 MAX(MPH)
MISC ----> 32 30 47 30
================================================================================
NOTES:
# LAST OF SEVERAL OCCURRENCES
COLUMN 17 PEAK WIND IN M.P.H.
PRELIMINARY LOCAL CLIMATOLOGICAL DATA (WS FORM: F-6) , PAGE 2
STATION: ASHLAND
MONTH: FEBRUARY
YEAR: 2023
LATITUDE: 46 32 N
LONGITUDE: 90 55 W
[TEMPERATURE DATA] [PRECIPITATION DATA] SYMBOLS USED IN COLUMN 16
AVERAGE MONTHLY: 19.0 TOTAL FOR MONTH: 2.72 1 = FOG OR MIST
DPTR FM NORMAL: 1.8 DPTR FM NORMAL: 2.02 2 = FOG REDUCING VISIBILITY
HIGHEST: 49 ON 8 GRTST 24HR 1.08 ON 22-22 TO 1/4 MILE OR LESS
LOWEST: -17 ON 3 3 = THUNDER
SNOW, ICE PELLETS, HAIL 4 = ICE PELLETS
TOTAL MONTH: M 5 = HAIL
GRTST 24HR M ON M 6 = FREEZING RAIN OR DRIZZLE
GRTST DEPTH: M ON M 7 = DUSTSTORM OR SANDSTORM:
VSBY 1/2 MILE OR LESS
8 = SMOKE OR HAZE
[NO. OF DAYS WITH] [WEATHER - DAYS WITH] 9 = BLOWING SNOW
X = TORNADO
MAX 32 OR BELOW: 16 0.01 INCH OR MORE: 10
MAX 90 OR ABOVE: 0 0.10 INCH OR MORE: 6
MIN 32 OR BELOW: 27 0.50 INCH OR MORE: 3
MIN 0 OR BELOW: 8 1.00 INCH OR MORE: 1
[HDD (BASE 65) ]
TOTAL THIS MO. 1282 CLEAR (SCALE 0-3) 11
DPTR FM NORMAL -58 PTCLDY (SCALE 4-7) 12
TOTAL FM JUL 1 5954 CLOUDY (SCALE 8-10) 5
DPTR FM NORMAL -337
[CDD (BASE 65) ]
TOTAL THIS MO. 0
DPTR FM NORMAL 0 [PRESSURE DATA]
TOTAL FM JAN 1 0 HIGHEST SLP 30.75 ON 24
DPTR FM NORMAL 0 LOWEST SLP 29.10 ON 15
[REMARKS]
#FINAL-02-23#
PRECIPITATION DATA HAS BEEN SUBSTITUTED WITH ASXW3 COOP STATION DUE TO SUSPECTED UNDERESTIMATES FROM THE ASOS RAIN GAUGE IN BELOW-FREEZING TEMPERATURES. PRECIPITATION TOTALS REFLECT VALUES FROM 8 AM UNTIL 8 AM.