000
CXUS53 KDLH 010820
CF6ASX
PRELIMINARY LOCAL CLIMATOLOGICAL DATA (WS FORM: F-6)
STATION: ASHLAND
MONTH: AUGUST
YEAR: 2022
LATITUDE: 46 32 N
LONGITUDE: 90 55 W
TEMPERATURE IN F: :PCPN: SNOW: WIND :SUNSHINE: SKY :PK WND
================================================================================
1 2 3 4 5 6A 6B 7 8 9 10 11 12 13 14 15 16 17 18
12Z AVG MX 2MIN
DY MAX MIN AVG DEP HDD CDD WTR SNW DPTH SPD SPD DIR MIN PSBL S-S WX SPD DR
================================================================================
1 76 51 64 -3 1 0 0.00 M M 7.4 16 290 M M 5 18 23 310
2 81 49 65 -2 0 0 0.20 M M 4.5 15 40 M M 3 1238 20 40
3 84 63 74 7 0 9 T M M 12.2 24 290 M M 3 37 270
4 79 51 65 -2 0 0 0.00 M M 4.0 12 50 M M 2 1 17 360
5 88 51 70 3 0 5 0.00 M M 9.8 21 200 M M 1 1 32 200
6 80 59 70 3 0 5 0.01 M M 5.7 15 270 M M 5 22 200
7 68 55 62 -4 3 0 0.20 M M 11.1 20 30 M M 4 1 27 20
8 75 50 63 -3 2 0 0.06 M M 4.9 12 20 M M 3 1 16 20
9 84 47 66 0 0 1 0.00 M M 9.2 17 200 M M 0 1 25 220
10 81 51 66 0 0 1 0.00 M M 6.9 14 290 M M 2 19 290
11 75 45 60 -6 5 0 0.00 M M 4.7 14 360 M M 0 19 360
12 71 46 59 -7 6 0 0.06 M M 3.4 16 210 M M 6 18 22 200
13 63 57 60 -6 5 0 0.00 M M 6.5 16 30 M M 10 1 23 30
14 74 57 66 0 0 1 T M M 4.2 10 50 M M 8 1 13 50
15 77 55 66 0 0 1 0.00 M M 3.7 14 40 M M 8 12 19 30
16 79 58 69 4 0 4 0.00 M M 2.8 12 360 M M 8 12 15 360
17 79 60 70 5 0 5 0.12 M M 6.2 15 210 M M 6 1 21 240
18 78 56 67 2 0 2 0.87 M M 6.5 20 210 M M 2 123 28 220
19 80 57 69 4 0 4 0.06 M M 4.9 13 80 M M 6 12 18 200
20 70 49 60 -5 5 0 0.00 M M 8.4 18 20 M M 7 12 26 20
21 80 48 64 -1 1 0 0.00 M M 3.0 10 240 M M 3 1 14 350
22 85 53 69 5 0 4 0.00 M M 5.3 12 240 M M 1 16 250
23 87 58 73 9 0 8 0.00 M M 2.6 10 270 M M 2 1 16 250
24 77 56 67 3 0 2 0.03 M M 7.2 18 30 M M 6 12 26 20
25 68 50 59 -5 6 0 0.00 M M 7.8 17 50 M M 7 12 24 40
26 82 48 65 1 0 0 0.00 M M 7.2 16 270 M M 1 1 23 270
27 79 55 67 4 0 2 0.08 M M 11.0 25 200 M M 4 1 42 200
28 79 66 73 10 0 8 0.05 M M 8.3 24 210 M M 8 1 36 210
29 80 61 71 8 0 6 0.01 M M 11.9 30 210 M M 5 47 200
30 79 60 70 7 0 5 0.00 M M 12.2 23 280 M M 3 34 290
31 84 56 70 8 0 5 0.00 M M 8.3 20 290 M M 1 28 310
================================================================================
SM 2422 1678 34 78 1.75 M 211.8 M 130
================================================================================
AV 78.1 54.1 6.8 FASTST M M 4 MAX(MPH)
MISC ----> 30 210 47 200
================================================================================
NOTES:
# LAST OF SEVERAL OCCURRENCES
COLUMN 17 PEAK WIND IN M.P.H.
PRELIMINARY LOCAL CLIMATOLOGICAL DATA (WS FORM: F-6) , PAGE 2
STATION: ASHLAND
MONTH: AUGUST
YEAR: 2022
LATITUDE: 46 32 N
LONGITUDE: 90 55 W
[TEMPERATURE DATA] [PRECIPITATION DATA] SYMBOLS USED IN COLUMN 16
AVERAGE MONTHLY: 66.1 TOTAL FOR MONTH: 1.75 1 = FOG OR MIST
DPTR FM NORMAL: 1.0 DPTR FM NORMAL: -1.69 2 = FOG REDUCING VISIBILITY
HIGHEST: 88 ON 5 GRTST 24HR 0.93 ON 18-19 TO 1/4 MILE OR LESS
LOWEST: 45 ON 11 3 = THUNDER
SNOW, ICE PELLETS, HAIL 4 = ICE PELLETS
TOTAL MONTH: M 5 = HAIL
GRTST 24HR M ON M 6 = FREEZING RAIN OR DRIZZLE
GRTST DEPTH: M ON M 7 = DUSTSTORM OR SANDSTORM:
VSBY 1/2 MILE OR LESS
8 = SMOKE OR HAZE
[NO. OF DAYS WITH] [WEATHER - DAYS WITH] 9 = BLOWING SNOW
X = TORNADO
MAX 32 OR BELOW: 0 0.01 INCH OR MORE: 12
MAX 90 OR ABOVE: 0 0.10 INCH OR MORE: 4
MIN 32 OR BELOW: 0 0.50 INCH OR MORE: 1
MIN 0 OR BELOW: 0 1.00 INCH OR MORE: 0
[HDD (BASE 65) ]
TOTAL THIS MO. 34 CLEAR (SCALE 0-3) 14
DPTR FM NORMAL -36 PTCLDY (SCALE 4-7) 15
TOTAL FM JUL 1 86 CLOUDY (SCALE 8-10) 2
DPTR FM NORMAL -42
[CDD (BASE 65) ]
TOTAL THIS MO. 78
DPTR FM NORMAL 3 [PRESSURE DATA]
TOTAL FM JAN 1 264 HIGHEST SLP 30.30 ON 11
DPTR FM NORMAL 32 LOWEST SLP 29.52 ON 29
[REMARKS]
#FINAL-08-22#