000
CXUS53 KDLH 071238
CF6ASX
PRELIMINARY LOCAL CLIMATOLOGICAL DATA (WS FORM: F-6)
STATION: ASHLAND
MONTH: OCTOBER
YEAR: 2023
LATITUDE: 46 32 N
LONGITUDE: 90 55 W
TEMPERATURE IN F: :PCPN: SNOW: WIND :SUNSHINE: SKY :PK WND
================================================================================
1 2 3 4 5 6A 6B 7 8 9 10 11 12 13 14 15 16 17 18
12Z AVG MX 2MIN
DY MAX MIN AVG DEP HDD CDD WTR SNW DPTH SPD SPD DIR MIN PSBL S-S WX SPD DR
================================================================================
1 87 62 75 24 0 10 0.00 M M 4.3 16 210 M M 4 12 23 190
2 86 57 72 21 0 7 0.00 M M 8.1 18 210 M M 0 25 200
3 85 66 76 26 0 11 T M M 9.3 23 200 M M 2 38 210
4 75 49 62 12 3 0 0.01 M M 12.2 25 200 M M 7 1 37 200
5 65 45 55 5 10 0 0.09 M M 11.2 29 260 M M 5 1 40 260
6 53 36 45 -4 20 0 0.08 M M 9.9 20 330 M M 8 30 340
7 54 35 45 -4 20 0 0.00 M M 5.0 14 270 M M 3 17 270
8 50 38 44 -4 21 0 0.17 M M 3.7 14 50 M M 9 1 16 60
9 54 34 44 -4 21 0 0.00 M M 8.1 18 330 M M 5 29 330
10 49 42 46 -2 19 0 0.01 M M 5.1 9 350 M M 10 12 350
11 56 33 45 -2 20 0 0.00 M M 4.6 10 40 M M 7 1 13 30
12 56 31 44 -3 21 0 0.00 M M 6.9 22 50 M M 5 1 30 60
13 53 42 48 2 17 0 T M M 13.8 23 40 M M 8 33 50
14 52 46 49 3 16 0 0.13 M M 9.2 21 40 M M 10 18 29 30
15 58 41 50 5 15 0 0.00 M M 8.7 18 40 M M 7 24 50
16 49 32 41 -4 24 0 0.00 M M 3.9 15 10 M M 8 1 19 10
17 61 26 44 -1 21 0 0.00 M M 1.3 8 360 M M 1 12 9 350
18 54 43 49 5 16 0 0.13 M M 1.5 8 50 M M 8 M M
19 M M M M M M M M M M M M M M M M M
20 55 36 46 3 19 0 0.10 M M 4.5 9 360 M M 2 1 14 20
21 48 41 45 2 20 0 0.11 M M 4.1 18 20 M M 10 1 24 20
22 54 37 46 3 19 0 0.00 M M 3.5 10 260 M M 9 14 260
23 63 42 53 11 12 0 0.03 M M 4.6 15 200 M M 8 22 200
24 61 44 53 11 12 0 0.02 M M 5.8 17 40 M M 8 1 23 40
25 51 48 50 9 15 0 0.00 M M 7.6 13 70 M M 10 1 18 20
26 50 47 49 8 16 0 0.53 M M 11.2 18 50 M M 10 1 24 100
27 50 34 42 1 23 0 0.08 M M 10.4 22 290 M M 9 1 32 300
28 36 27 32 -8 33 0 0.00 M M 8.7 17 260 M M 9 24 260
29 39 23 31 -9 34 0 0.00 M M 7.8 18 270 M M 6 1 26 300
30 36 22 29 -10 36 0 0.01 M M 8.3 16 230 M M 9 1 23 250
31 37 22 30 -9 35 0 0.12 M M 8.9 24 360 M M 9 12 40 10
================================================================================
SM 1677 1181 538 28 1.62 M 212.2 M 206
================================================================================
AV 55.9 39.4 7.1 FASTST M M 7 MAX(MPH)
MISC ----> 29 260 # 40 260
================================================================================
NOTES:
# LAST OF SEVERAL OCCURRENCES
COLUMN 17 PEAK WIND IN M.P.H.
PRELIMINARY LOCAL CLIMATOLOGICAL DATA (WS FORM: F-6) , PAGE 2
STATION: ASHLAND
MONTH: OCTOBER
YEAR: 2023
LATITUDE: 46 32 N
LONGITUDE: 90 55 W
[TEMPERATURE DATA] [PRECIPITATION DATA] SYMBOLS USED IN COLUMN 16
AVERAGE MONTHLY: 47.6 TOTAL FOR MONTH: 1.62 1 = FOG OR MIST
DPTR FM NORMAL: 2.6 DPTR FM NORMAL: -1.21 2 = FOG REDUCING VISIBILITY
HIGHEST: 87 ON 1 GRTST 24HR 0.59 ON 26-27 TO 1/4 MILE OR LESS
LOWEST: 22 ON 31,30 3 = THUNDER
SNOW, ICE PELLETS, HAIL 4 = ICE PELLETS
TOTAL MONTH: M 5 = HAIL
GRTST 24HR M ON M 6 = FREEZING RAIN OR DRIZZLE
GRTST DEPTH: M ON M 7 = DUSTSTORM OR SANDSTORM:
VSBY 1/2 MILE OR LESS
8 = SMOKE OR HAZE
[NO. OF DAYS WITH] [WEATHER - DAYS WITH] 9 = BLOWING SNOW
X = TORNADO
MAX 32 OR BELOW: 0 0.01 INCH OR MORE: 15
MAX 90 OR ABOVE: 0 0.10 INCH OR MORE: 7
MIN 32 OR BELOW: 7 0.50 INCH OR MORE: 1
MIN 0 OR BELOW: 0 1.00 INCH OR MORE: 0
[HDD (BASE 65) ]
TOTAL THIS MO. 538 CLEAR (SCALE 0-3) 4
DPTR FM NORMAL -82 PTCLDY (SCALE 4-7) 15
TOTAL FM JUL 1 797 CLOUDY (SCALE 8-10) 12
DPTR FM NORMAL -203
[CDD (BASE 65) ]
TOTAL THIS MO. 28
DPTR FM NORMAL 26 [PRESSURE DATA]
TOTAL FM JAN 1 283 HIGHEST SLP 30.38 ON 28
DPTR FM NORMAL 24 LOWEST SLP 29.62 ON 21
[REMARKS]
#FINAL-10-23#
PRECIPITATION DATA FROM 10/29 THROUGH 10/31 HAS BEEN SUBSTITUTED WITH ASXW3 COOP STATION DATA DUE TO SUSPECTED UNDERESTIMATES FROM THE ASOS RAIN GAUGE IN BELOW-FREEZING TEMPERATURES. PRECIPITATION TOTALS FOR THESE DATES REFLECT VALUES FROM 8 AM UNTIL 8 AM.