689
CXUS53 KGID 011423
CF6AUH
PRELIMINARY LOCAL CLIMATOLOGICAL DATA (WS FORM: F-6)
STATION: AURORA
MONTH: FEBRUARY
YEAR: 2021
LATITUDE: 40 54 N
LONGITUDE: 97 59 W
TEMPERATURE IN F: :PCPN: SNOW: WIND :SUNSHINE: SKY :PK WND
================================================================================
1 2 3 4 5 6A 6B 7 8 9 10 11 12 13 14 15 16 17 18
12Z AVG MX 2MIN
DY MAX MIN AVG DEP HDD CDD WTR SNW DPTH SPD SPD DIR MIN PSBL S-S WX SPD DR
================================================================================
1 26 13 20 -5 45 0 0.00 M M 4.3 10 130 M M 10 12 M M
2 32 22 27 1 38 0 0.00 M M 3.5 8 130 M M 10 12 M M
3 43 18 31 5 34 0 0.00 M M 4.0 17 340 M M 3 12 29 340
4 36 19 28 2 37 0 M M M 19.2 32 340 M M 3 41 340
5 31 13 22 -4 43 0 0.00 M M 4.1 14 290 M M 4 M M
6 19 -3 8 -18 57 0 M M M 8.2 18 10 M M 7 21 40
7 5 2 4 -22 61 0 M M M 10.4 16 120 M M 10 20 110
8 3 -20 -8 -35 73 0 0.00 M M 5.2 10 30 M M 2 M M
9 6 -20 -7 -34 72 0 0.00 M M 1.3 6 330 M M 1 M M
10 11 -4 4 -23 61 0 0.00 M M 6.0 9 40 M M 4 M M
11 8 -5 2 -25 63 0 T M M 9.0 16 30 M M 5 M M
12 1 -9 -4 -32 69 0 M M M 9.2 17 30 M M 9 8 M M
13 3 -9 -3 -31 68 0 M M M 4.5 15 20 M M 5 M M
14 -1 -16 -8 -36 73 0 M M M 12.6 18 20 M M 7 21 10
15 -8 -27 -17 -45 82 0 0.00 M M 2.6 7 360 M M 0 M M
16 3 -31 -14 -43 79 0 0.00 M M 5.6 13 140 M M 5 9 180
17 15 3 9 -20 56 0 M M M 6.0 12 170 M M 10 M M
18 25 4 15 -14 50 0 T M M 5.9 12 320 M M 5 M M
19 23 0 12 -18 53 0 0.00 M M 5.1 10 250 M M 2 M M
20 31 -1 15 -15 50 0 0.00 M M 6.6 16 120 M M 3 12 20 110
21 39 28 34 4 31 0 M M M 12.3 22 320 M M 5 1 28 320
22 42 27 35 4 30 0 0.00 M M 15.2 20 270 M M 0 24 260
23 47 30 39 8 26 0 0.00 M M 9.6 17 330 M M 0 20 200
24 40 26 33 2 32 0 0.00 M M 9.6 22 320 M M 1 30 320
25 40 23 32 0 33 0 0.00 M M 6.1 10 160 M M 1 M M
26 44 28 36 4 29 0 0.00 M M 10.8 15 220 M M 1 20 220
27 45 28 37 4 28 0 0.00 M M 7.0 20 110 M M 1 27 110
28 39 28 34 1 31 0 0.00 M M 11.5 23 330 M M 5 28 310
================================================================================
SM 648 167 1404 0 M M 215.4 M 119
================================================================================
AV 23.1 6.0 7.7 FASTST M M 4 MAX(MPH)
MISC ----> 32 340 M M
================================================================================
NOTES:
# LAST OF SEVERAL OCCURRENCES
COLUMN 17 PEAK WIND IN M.P.H.
PRELIMINARY LOCAL CLIMATOLOGICAL DATA (WS FORM: F-6) , PAGE 2
STATION: AURORA
MONTH: FEBRUARY
YEAR: 2021
LATITUDE: 40 54 N
LONGITUDE: 97 59 W
[TEMPERATURE DATA] [PRECIPITATION DATA] SYMBOLS USED IN COLUMN 16
AVERAGE MONTHLY: 14.6 TOTAL FOR MONTH: M 1 = FOG OR MIST
DPTR FM NORMAL: -14.0 DPTR FM NORMAL: M 2 = FOG REDUCING VISIBILITY
HIGHEST: 47 ON 23 GRTST 24HR M ON M TO 1/4 MILE OR LESS
LOWEST: -31 ON 16 3 = THUNDER
SNOW, ICE PELLETS, HAIL 4 = ICE PELLETS
TOTAL MONTH: M 5 = HAIL
GRTST 24HR M ON M 6 = FREEZING RAIN OR DRIZZLE
GRTST DEPTH: M ON M 7 = DUSTSTORM OR SANDSTORM:
VSBY 1/2 MILE OR LESS
8 = SMOKE OR HAZE
[NO. OF DAYS WITH] [WEATHER - DAYS WITH] 9 = BLOWING SNOW
X = TORNADO
MAX 32 OR BELOW: 18 0.01 INCH OR MORE: M
MAX 90 OR ABOVE: 0 0.10 INCH OR MORE: M
MIN 32 OR BELOW: 28 0.50 INCH OR MORE: M
MIN 0 OR BELOW: 12 1.00 INCH OR MORE: M
[HDD (BASE 65) ]
TOTAL THIS MO. 1404 CLEAR (SCALE 0-3) 13
DPTR FM NORMAL 385 PTCLDY (SCALE 4-7) 10
TOTAL FM JUL 1 4695 CLOUDY (SCALE 8-10) 5
DPTR FM NORMAL -97
[CDD (BASE 65) ]
TOTAL THIS MO. 0
DPTR FM NORMAL 0 [PRESSURE DATA]
TOTAL FM JAN 1 0 HIGHEST SLP M ON M
DPTR FM NORMAL 0 LOWEST SLP M ON M
[REMARKS]
#FINAL-02-21#