000
CXUS53 KARX 011000
CF6AUM
PRELIMINARY LOCAL CLIMATOLOGICAL DATA (WS FORM: F-6)
STATION: AUSTIN MUNI MN
MONTH: FEBRUARY
YEAR: 2024
LATITUDE: 43 40 N
LONGITUDE: 92 56 W
TEMPERATURE IN F: :PCPN: SNOW: WIND :SUNSHINE: SKY :PK WND
================================================================================
1 2 3 4 5 6A 6B 7 8 9 10 11 12 13 14 15 16 17 18
12Z AVG MX 2MIN
DY MAX MIN AVG DEP HDD CDD WTR SNW DPTH SPD SPD DIR MIN PSBL S-S WX SPD DR
================================================================================
1 52 28 40 M 25 0 0.00 0.0 0 3.9 10 60 M M 4 12 M M
2 36 30 33 M 32 0 0.00 0.0 0 10.7 15 130 M M 7 21 110
3 37 30 34 M 31 0 0.00 0.0 0 8.5 15 130 M M 6 1 18 150
4 46 27 37 M 28 0 0.00 0.0 0 4.2 8 50 M M 0 1 M M
5 50 28 39 M 26 0 0.00 0.0 0 1.6 6 130 M M 0 1 M M
6 54 30 42 M 23 0 0.00 0.0 0 6.2 15 190 M M 0 1 18 210
7 48 36 42 M 23 0 0.00 0.0 0 9.6 15 150 M M 0 24 160
8 55 37 46 M 19 0 M 0.0 0 15.3 27 190 M M 8 35 190
9 36 28 32 M 33 0 0.00 0.0 0 15.0 21 300 M M 10 29 300
10 34 27 31 M 34 0 0.00 0.0 0 13.2 22 310 M M 10 32 310
11 39 28 34 M 31 0 0.00 0.0 0 6.4 14 290 M M 3 21 300
12 45 25 35 M 30 0 0.00 0.0 0 7.3 13 310 M M 0 21 300
13 37 23 30 M 35 0 0.00 0.0 0 0.9 7 320 M M 4 M M
14 48 28 38 M 27 0 M 0.0 0 5.8 13 190 M M 8 23 140
15 30 19 25 M 40 0 M M M 12.7 21 340 M M 2 29 340
16 21 7 14 M 51 0 0.00 0.0 M 13.2 22 320 M M 1 29 320
17 30 7 19 M 46 0 0.00 0.0 M 14.0 22 250 M M 1 32 250
18 37 21 29 M 36 0 M M M 10.4 18 280 M M 0 24 280
19 50 18 34 M 31 0 0.00 0.0 0 5.2 10 140 M M 0 M M
20 52 30 41 M 24 0 0.00 0.0 0 5.2 13 250 M M 1 18 250
21 54 30 42 M 23 0 0.00 0.0 0 2.0 7 140 M M 0 M M
22 55 28 42 M 23 0 0.00 0.0 0 7.9 20 300 M M 0 25 300
23 43 21 32 M 33 0 M M M 7.0 15 330 M M 4 21 330
24 45 14 30 M 35 0 0.00 0.0 M 9.4 18 200 M M 0 24 210
25 54 30 42 M 23 0 0.00 0.0 0 6.8 12 320 M M 2 17 320
26 72 28 50 M 15 0 0.00 M M 9.4 22 190 M M 0 31 180
27 52 12 32 M 33 0 M M M 14.2 28 330 M M 5 36 320
28 19 3 11 M 54 0 M M M 16.5 25 320 M M 1 36 320
29 57 19 38 M 27 0 M M M 16.6 27 190 M M 0 35 200
================================================================================
SM 1288 692 891 0 0.00 0.0 259.1 M 77
================================================================================
AV 44.4 23.9 8.9 FASTST M M 3 MAX(MPH)
MISC ----> 28 330 36 320
================================================================================
NOTES:
# LAST OF SEVERAL OCCURRENCES
COLUMN 17 PEAK WIND IN M.P.H.
PRELIMINARY LOCAL CLIMATOLOGICAL DATA (WS FORM: F-6) , PAGE 2
STATION: AUSTIN MUNI MN
MONTH: FEBRUARY
YEAR: 2024
LATITUDE: 43 40 N
LONGITUDE: 92 56 W
[TEMPERATURE DATA] [PRECIPITATION DATA] SYMBOLS USED IN COLUMN 16
AVERAGE MONTHLY: 34.1 TOTAL FOR MONTH: 0.00 1 = FOG OR MIST
DPTR FM NORMAL: 0.0 DPTR FM NORMAL: M 2 = FOG REDUCING VISIBILITY
HIGHEST: 72 ON 26 GRTST 24HR 0.00 ON 1- 1 TO 1/4 MILE OR LESS
LOWEST: 3 ON 28 3 = THUNDER
SNOW, ICE PELLETS, HAIL 4 = ICE PELLETS
TOTAL MONTH: 0.0 INCH 5 = HAIL
GRTST 24HR 0.0 6 = FREEZING RAIN OR DRIZZLE
GRTST DEPTH: 0 7 = DUSTSTORM OR SANDSTORM:
VSBY 1/2 MILE OR LESS
8 = SMOKE OR HAZE
[NO. OF DAYS WITH] [WEATHER - DAYS WITH] 9 = BLOWING SNOW
X = TORNADO
MAX 32 OR BELOW: 4 0.01 INCH OR MORE: 0
MAX 90 OR ABOVE: 0 0.10 INCH OR MORE: 0
MIN 32 OR BELOW: 27 0.50 INCH OR MORE: 0
MIN 0 OR BELOW: 0 1.00 INCH OR MORE: 0
[HDD (BASE 65) ]
TOTAL THIS MO. 891 CLEAR (SCALE 0-3) 18
DPTR FM NORMAL M PTCLDY (SCALE 4-7) 9
TOTAL FM JUL 1 4544 CLOUDY (SCALE 8-10) 2
DPTR FM NORMAL M
[CDD (BASE 65) ]
TOTAL THIS MO. 0
DPTR FM NORMAL M [PRESSURE DATA]
TOTAL FM JAN 1 0 HIGHEST SLP M ON M
DPTR FM NORMAL M LOWEST SLP M ON M
[REMARKS]
#FINAL-02-24#