000
CXUS56 KLOX 011255
CF6AVX
PRELIMINARY LOCAL CLIMATOLOGICAL DATA (WS FORM: F-6)
STATION: AVALON
MONTH: JANUARY
YEAR: 2023
LATITUDE: 33 24 N
LONGITUDE: 118 25 W
TEMPERATURE IN F: :PCPN: SNOW: WIND :SUNSHINE: SKY :PK WND
================================================================================
1 2 3 4 5 6A 6B 7 8 9 10 11 12 13 14 15 16 17 18
12Z AVG MX 2MIN
DY MAX MIN AVG DEP HDD CDD WTR SNW DPTH SPD SPD DIR MIN PSBL S-S WX SPD DR
================================================================================
1 52 48 50 -6 15 0 T M M 22.8 38 270 M M 9 12 47 270
2 51 47 49 -7 16 0 T M M 8.7 16 290 M M 6 12 22 170
3 58 49 54 -2 11 0 0.06 M M 10.2 23 150 M M 9 12 33 150
4 57 52 55 -1 10 0 0.53 M M 12.4 23 170 M M 7 12 30 160
5 55 49 52 -4 13 0 1.68 M M 15.7 30 170 M M 10 12 42 160
6 59 47 53 -3 12 0 0.00 M M 5.9 14 260 M M 3 1 16 310
7 63 52 58 2 7 0 0.00 M M 4.7 12 260 M M 0 18 13 250
8 60 50 55 -1 10 0 0.00 M M 4.2 12 260 M M 5 13 210
9 56 53 55 -1 10 0 0.34 M M 13.1 25 170 M M 10 12 38 170
10 58 50 54 -2 11 0 0.95 M M 15.7 36 240 M M 7 12 45 240
11 56 48 52 -4 13 0 0.00 M M 4.9 10 360 M M 1 18 13 350
12 66 50 58 2 7 0 0.00 M M 8.7 17 130 M M 0 23 100
13 62 53 58 2 7 0 0.00 M M 5.8 13 260 M M 0 1 14 260
14 56 51 54 -2 11 0 1.27 M M 15.5 33 230 M M 8 128 42 250
15 54 47 51 -5 14 0 0.35 M M 14.5 28 260 M M 10 12 33 260
16 55 46 51 -5 14 0 0.45 M M 22.3 33 270 M M 8 12 45 280
17 51 46 49 -7 16 0 0.00 M M 13.9 30 270 M M 6 42 270
18 54 46 50 -6 15 0 0.00 M M 4.0 9 320 M M M 13 280
19 52 45 49 -7 16 0 T M M 10.4 23 270 M M M 12 30 270
20 55 44 50 -6 15 0 0.00 M M 5.9 14 140 M M M 18 140
21 58 45 52 -4 13 0 0.00 M M 7.3 13 70 M M M 15 80
22 55 47 51 -5 14 0 0.00 M M 7.3 18 80 M M M 22 90
23 57 45 51 -5 14 0 0.00 M M 8.3 20 80 M M M 25 80
24 60 50 55 -1 10 0 0.00 M M 78.0 17 320 M M M 21 320
25 66 54 60 4 5 0 0.00 M M 8.0 20 90 M M 0 25 100
26 61 52 57 1 8 0 0.00 M M 14.8 28 80 M M 0 41 80
27 63 48 56 0 9 0 0.00 M M 5.6 12 260 M M 0 14 240
28 57 46 52 -4 13 0 0.00 M M 4.4 12 140 M M 6 17 150
29 50 44 47 -9 18 0 0.06 M M 7.9 22 260 M M 8 128 27 240
30 49 44 47 -8 18 0 0.06 M M 9.0 22 110 M M 9 1 29 80
31 58 45 52 -3 13 0 0.00 M M 7.4 15 70 M M 0 19 70
================================================================================
SM 1764 1493 378 0 5.75 M 377.3 M 122
================================================================================
AV 56.9 48.2 12.2 FASTST M M 5 MAX(MPH)
MISC ----> 38 270 47 270
================================================================================
NOTES:
# LAST OF SEVERAL OCCURRENCES
COLUMN 17 PEAK WIND IN M.P.H.
PRELIMINARY LOCAL CLIMATOLOGICAL DATA (WS FORM: F-6) , PAGE 2
STATION: AVALON
MONTH: JANUARY
YEAR: 2023
LATITUDE: 33 24 N
LONGITUDE: 118 25 W
[TEMPERATURE DATA] [PRECIPITATION DATA] SYMBOLS USED IN COLUMN 16
AVERAGE MONTHLY: 52.5 TOTAL FOR MONTH: 5.75 1 = FOG OR MIST
DPTR FM NORMAL: -3.5 DPTR FM NORMAL: 2.71 2 = FOG REDUCING VISIBILITY
HIGHEST: 66 ON 25,12 GRTST 24HR 2.13 ON 9- 9 TO 1/4 MILE OR LESS
LOWEST: 44 ON 30,29 3 = THUNDER
SNOW, ICE PELLETS, HAIL 4 = ICE PELLETS
TOTAL MONTH: M 5 = HAIL
GRTST 24HR M ON M 6 = FREEZING RAIN OR DRIZZLE
GRTST DEPTH: M ON M 7 = DUSTSTORM OR SANDSTORM:
VSBY 1/2 MILE OR LESS
8 = SMOKE OR HAZE
[NO. OF DAYS WITH] [WEATHER - DAYS WITH] 9 = BLOWING SNOW
X = TORNADO
MAX 32 OR BELOW: 0 0.01 INCH OR MORE: 10
MAX 90 OR ABOVE: 0 0.10 INCH OR MORE: 7
MIN 32 OR BELOW: 0 0.50 INCH OR MORE: 4
MIN 0 OR BELOW: 0 1.00 INCH OR MORE: 2
[HDD (BASE 65) ]
TOTAL THIS MO. 378 CLEAR (SCALE 0-3) 9
DPTR FM NORMAL 85 PTCLDY (SCALE 4-7) 7
TOTAL FM JUL 1 957 CLOUDY (SCALE 8-10) 15
DPTR FM NORMAL -45
[CDD (BASE 65) ]
TOTAL THIS MO. 0
DPTR FM NORMAL -14 [PRESSURE DATA]
TOTAL FM JAN 1 0 HIGHEST SLP 30.36 ON 26
DPTR FM NORMAL -14 LOWEST SLP 29.65 ON 16
[REMARKS]
#FINAL-01-23#