000
CXUS53 KGRR 010910
CF6AZO
PRELIMINARY LOCAL CLIMATOLOGICAL DATA (WS FORM: F-6)
STATION: KALAMAZOO
MONTH: MAY
YEAR: 2022
LATITUDE: 42 13 N
LONGITUDE: 85 33 W
TEMPERATURE IN F: :PCPN: SNOW: WIND :SUNSHINE: SKY :PK WND
================================================================================
1 2 3 4 5 6A 6B 7 8 9 10 11 12 13 14 15 16 17 18
12Z AVG MX 2MIN
DY MAX MIN AVG DEP HDD CDD WTR SNW DPTH SPD SPD DIR MIN PSBL S-S WX SPD DR
================================================================================
1 60 49 55 1 10 0 0.07 M M 9.3 22 200 M M 10 18 31 250
2 54 46 50 -5 15 0 T M M 7.1 15 20 M M 8 22 10
3 53 48 51 -4 14 0 1.13 M M 8.3 17 360 M M 10 18 25 20
4 62 46 54 -2 11 0 0.00 M M 5.8 17 10 M M 7 24 360
5 60 40 50 -6 15 0 0.08 M M 3.1 8 60 M M 6 1 14 140
6 56 49 53 -3 12 0 0.60 M M 8.9 18 60 M M 9 18 26 50
7 69 40 55 -1 10 0 0.00 M M 8.4 18 50 M M 0 30 60
8 68 36 52 -5 13 0 0.00 M M 5.6 13 110 M M 0 23 90
9 79 48 64 7 1 0 0.00 M M 9.3 20 140 M M 0 36 130
10 85 66 76 18 0 11 0.00 M M 6.4 17 190 M M 7 21 160
11 89 67 78 20 0 13 0.00 M M 4.7 12 170 M M 1 20 180
12 87 62 75 17 0 10 0.00 M M 4.8 16 190 M M 0 23 150
13 87 59 73 15 0 8 0.00 M M 5.3 15 200 M M 0 18 200
14 86 60 73 14 0 8 0.00 M M 6.6 18 310 M M 1 28 320
15 83 56 70 11 0 5 0.18 M M 5.5 20 300 M M 2 23 290
16 74 53 64 4 1 0 T M M 8.1 24 320 M M 2 35 320
17 69 49 59 -1 6 0 0.00 M M 8.1 17 320 M M 1 25 330
18 61 52 57 -3 8 0 0.27 M M 3.5 14 260 M M 10 1 21 270
19 80 52 66 6 0 1 0.12 M M 8.6 16 180 M M 7 138 23 200
20 86 66 76 15 0 11 T M M 13.0 31 200 M M 4 43 200
21 69 57 63 2 2 0 0.23 M M 6.9 20 300 M M 7 13 25 360
22 61 45 53 -9 12 0 T M M 10.0 21 300 M M 5 32 330
23 66 39 53 -9 12 0 0.00 M M 4.3 12 50 M M 2 20 60
24 71 43 57 -5 8 0 0.00 M M 4.5 12 70 M M 1 20 90
25 75 54 65 3 0 0 0.34 M M 6.6 12 120 M M 5 1 20 120
26 75 63 69 6 0 4 0.03 M M 7.6 17 190 M M 6 8 24 190
27 70 57 64 1 1 0 0.14 M M 5.9 15 310 M M 9 1 19 200
28 76 48 62 -2 3 0 0.00 M M 4.1 12 350 M M 2 15 350
29 83 60 72 8 0 7 0.00 M M 9.1 18 190 M M 2 28 160
30 88 66 77 13 0 12 0.00 M M 12.3 22 190 M M 0 30 170
31 92 71 82 18 0 17 T M M 11.9 23 200 M M 2 33 200
================================================================================
SM 2274 1647 154 107 3.19 M 223.6 M 126
================================================================================
AV 73.4 53.1 7.2 FASTST M M 4 MAX(MPH)
MISC ----> 31 200 43 200
================================================================================
NOTES:
# LAST OF SEVERAL OCCURRENCES
COLUMN 17 PEAK WIND IN M.P.H.
PRELIMINARY LOCAL CLIMATOLOGICAL DATA (WS FORM: F-6) , PAGE 2
STATION: KALAMAZOO
MONTH: MAY
YEAR: 2022
LATITUDE: 42 13 N
LONGITUDE: 85 33 W
[TEMPERATURE DATA] [PRECIPITATION DATA] SYMBOLS USED IN COLUMN 16
AVERAGE MONTHLY: 63.2 TOTAL FOR MONTH: 3.19 1 = FOG OR MIST
DPTR FM NORMAL: 3.7 DPTR FM NORMAL: -0.51 2 = FOG REDUCING VISIBILITY
HIGHEST: 92 ON 31 GRTST 24HR 1.13 ON 3- 3 TO 1/4 MILE OR LESS
LOWEST: 36 ON 8 3 = THUNDER
SNOW, ICE PELLETS, HAIL 4 = ICE PELLETS
TOTAL MONTH: M 5 = HAIL
GRTST 24HR M ON M 6 = FREEZING RAIN OR DRIZZLE
GRTST DEPTH: M ON M 7 = DUSTSTORM OR SANDSTORM:
VSBY 1/2 MILE OR LESS
8 = SMOKE OR HAZE
[NO. OF DAYS WITH] [WEATHER - DAYS WITH] 9 = BLOWING SNOW
X = TORNADO
MAX 32 OR BELOW: 0 0.01 INCH OR MORE: 11
MAX 90 OR ABOVE: 1 0.10 INCH OR MORE: 8
MIN 32 OR BELOW: 0 0.50 INCH OR MORE: 2
MIN 0 OR BELOW: 0 1.00 INCH OR MORE: 1
[HDD (BASE 65) ]
TOTAL THIS MO. 154 CLEAR (SCALE 0-3) 16
DPTR FM NORMAL -60 PTCLDY (SCALE 4-7) 9
TOTAL FM JUL 1 5826 CLOUDY (SCALE 8-10) 6
DPTR FM NORMAL -461
[CDD (BASE 65) ]
TOTAL THIS MO. 107
DPTR FM NORMAL 63 [PRESSURE DATA]
TOTAL FM JAN 1 115 HIGHEST SLP 30.41 ON 23
DPTR FM NORMAL 66 LOWEST SLP 29.38 ON 20
[REMARKS]
#FINAL-05-22#