000
CXUS54 KEWX 011010
CF6BAZ
PRELIMINARY LOCAL CLIMATOLOGICAL DATA (WS FORM: F-6)
STATION: NEW BRAUNFELS
MONTH: JULY
YEAR: 2021
LATITUDE: 29 43 N
LONGITUDE: 98 3 W
TEMPERATURE IN F: :PCPN: SNOW: WIND :SUNSHINE: SKY :PK WND
================================================================================
1 2 3 4 5 6A 6B 7 8 9 10 11 12 13 14 15 16 17 18
12Z AVG MX 2MIN
DY MAX MIN AVG DEP HDD CDD WTR SNW DPTH SPD SPD DIR MIN PSBL S-S WX SPD DR
================================================================================
1 93 73 83 -1 0 18 0.00 0.0 0 3.2 10 140 M M 3 13 150
2 95 74 85 1 0 20 0.00 M 0 4.6 13 160 M M 1 17 160
3 94 75 85 1 0 20 0.00 M M 5.6 18 60 M M 2 24 60
4 91 76 84 0 0 19 0.74 M M 5.8 23 80 M M 6 13 32 90
5 90 75 83 -1 0 18 0.56 M M 5.0 17 120 M M 7 13 22 120
6 87 74 81 -3 0 16 0.43 M M 9.3 21 140 M M 6 1 29 130
7 85 73 79 -5 0 14 0.08 M 0 9.2 23 140 M M 7 18 29 140
8 88 74 81 -3 0 16 0.35 M M 9.9 18 90 M M 7 1 27 60
9 81 75 78 -6 0 13 0.88 M M 10.2 24 110 M M 9 1 29 110
10 91 75 83 -1 0 18 0.11 M M 8.2 21 150 M M 6 1 27 150
11 91 76 84 0 0 19 0.00 M M 5.7 18 180 M M 7 18 24 180
12 91 74 83 -1 0 18 0.00 M M 8.7 21 60 M M 5 138 27 60
13 89 70 80 -4 0 15 0.02 M M 3.4 31 190 M M 4 13 42 190
14 89 71 80 -4 0 15 T M M 4.8 28 190 M M 5 123 43 180
15 92 72 82 -2 0 17 0.01 M M 7.9 16 170 M M 4 1 25 190
16 92 72 82 -2 0 17 0.00 M M 10.6 21 200 M M 3 27 180
17 94 74 84 0 0 19 0.00 M M 8.8 17 150 M M 6 1 24 170
18 94 71 83 -2 0 18 0.00 M M 3.9 12 180 M M 3 12 16 170
19 95 74 85 0 0 20 0.31 M M 5.6 23 30 M M 4 13 32 30
20 91 72 82 -3 0 17 0.00 M M 6.6 15 60 M M 3 1 21 50
21 91 72 82 -3 0 17 0.00 M M 4.3 14 140 M M 2 3 17 140
22 91 68 80 -5 0 15 0.28 M M 5.0 20 220 M M 2 13 27 180
23 93 73 83 -2 0 18 0.00 M M 10.4 21 180 M M 4 1 29 190
24 95 76 86 1 0 21 0.00 M M 10.7 18 190 M M 4 8 26 170
25 95 73 84 -1 0 19 0.00 M M 7.8 14 180 M M 3 1 20 190
26 95 72 84 -1 0 19 T M M 5.5 14 230 M M 2 19 230
27 95 71 83 -2 0 18 0.00 M M 5.2 10 190 M M 0 1 14 250
28 96 73 85 0 0 20 0.00 M M 3.9 13 140 M M 1 19 160
29 96 74 85 0 0 20 0.64 M M 3.7 35 50 M M 2 138 51 50
30 96 71 84 -2 0 19 0.00 M M 3.8 12 110 M M 1 1 14 110
31 96 76 86 0 0 21 0.00 M M 5.5 13 190 M M 3 1 19 190
================================================================================
SM 2852 2269 0 554 4.41 0.0 202.8 M 122
================================================================================
AV 92.0 73.2 6.5 FASTST M M 4 MAX(MPH)
MISC ----> 35 50 51 50
================================================================================
NOTES:
# LAST OF SEVERAL OCCURRENCES
COLUMN 17 PEAK WIND IN M.P.H.
PRELIMINARY LOCAL CLIMATOLOGICAL DATA (WS FORM: F-6) , PAGE 2
STATION: NEW BRAUNFELS
MONTH: JULY
YEAR: 2021
LATITUDE: 29 43 N
LONGITUDE: 98 3 W
[TEMPERATURE DATA] [PRECIPITATION DATA] SYMBOLS USED IN COLUMN 16
AVERAGE MONTHLY: 82.6 TOTAL FOR MONTH: 4.41 1 = FOG OR MIST
DPTR FM NORMAL: -1.9 DPTR FM NORMAL: 2.20 2 = FOG REDUCING VISIBILITY
HIGHEST: 96 ON 31,30 GRTST 24HR 1.19 ON 8- 9 TO 1/4 MILE OR LESS
LOWEST: 68 ON 22 3 = THUNDER
SNOW, ICE PELLETS, HAIL 4 = ICE PELLETS
TOTAL MONTH: 0.0 INCH 5 = HAIL
GRTST 24HR 0.0 6 = FREEZING RAIN OR DRIZZLE
GRTST DEPTH: 0 7 = DUSTSTORM OR SANDSTORM:
VSBY 1/2 MILE OR LESS
8 = SMOKE OR HAZE
[NO. OF DAYS WITH] [WEATHER - DAYS WITH] 9 = BLOWING SNOW
X = TORNADO
MAX 32 OR BELOW: 0 0.01 INCH OR MORE: 12
MAX 90 OR ABOVE: 25 0.10 INCH OR MORE: 9
MIN 32 OR BELOW: 0 0.50 INCH OR MORE: 4
MIN 0 OR BELOW: 0 1.00 INCH OR MORE: 0
[HDD (BASE 65) ]
TOTAL THIS MO. 0 CLEAR (SCALE 0-3) 15
DPTR FM NORMAL 0 PTCLDY (SCALE 4-7) 15
TOTAL FM JUL 1 0 CLOUDY (SCALE 8-10) 1
DPTR FM NORMAL 0
[CDD (BASE 65) ]
TOTAL THIS MO. 554
DPTR FM NORMAL -50 [PRESSURE DATA]
TOTAL FM JAN 1 1709 HIGHEST SLP 30.18 ON 13
DPTR FM NORMAL -64 LOWEST SLP 29.83 ON 6
[REMARKS]
#FINAL-07-21#