000
CXUS53 KFGF 010815
CF6BDE
PRELIMINARY LOCAL CLIMATOLOGICAL DATA (WS FORM: F-6)
STATION: BAUDETTE MN
MONTH: MARCH
YEAR: 2023
LATITUDE: 48 43 N
LONGITUDE: 94 36 W
TEMPERATURE IN F: :PCPN: SNOW: WIND :SUNSHINE: SKY :PK WND
================================================================================
1 2 3 4 5 6A 6B 7 8 9 10 11 12 13 14 15 16 17 18
12Z AVG MX 2MIN
DY MAX MIN AVG DEP HDD CDD WTR SNW DPTH SPD SPD DIR MIN PSBL S-S WX SPD DR
================================================================================
1 18 3 11 -5 54 0 0.00 M M 7.7 15 30 M M 0 20 10
2 28 -9 10 -6 55 0 T M M 6.8 16 160 M M 3 23 160
3 41 23 32 15 33 0 0.00 M M 9.7 18 160 M M 4 28 240
4 43 15 29 12 36 0 0.00 M M 4.6 12 240 M M 1 28 21 250
5 40 9 25 7 40 0 0.00 M M 3.3 9 190 M M 1 18 12 200
6 27 5 16 -2 49 0 0.00 M M 11.8 21 320 M M 1 26 320
7 24 -5 10 -9 55 0 0.00 M M 6.5 12 20 M M 2 16 30
8 34 22 28 9 37 0 T M M 7.6 12 110 M M 10 1 17 110
9 37 30 34 14 31 0 T M M 6.8 12 60 M M 10 1 15 70
10 33 22 28 8 37 0 T M M 9.1 15 100 M M 5 20 90
11 24 16 20 -1 45 0 T M M 17.1 24 80 M M 7 38 70
12 29 6 18 -4 47 0 T M M 11.7 20 50 M M 8 8 28 60
13 32 -9 12 -10 53 0 0.00 M M 1.6 7 310 M M 0 8 310
14 39 4 22 -1 43 0 M M M 10.7 18 180 M M 1 33 150
15 38 23 31 8 34 0 T T M 7.0 20 10 M M 7 8 25 20
16 31 7 19 -5 46 0 0.02 M M 17.3 24 320 M M 7 8 34 360
17 20 5 13 -11 52 0 T M M 17.2 23 350 M M 10 8 31 340
18 26 9 18 -7 47 0 0.00 M M 12.6 22 320 M M 3 8 28 310
19 32 6 19 -6 46 0 0.00 M M 7.8 14 300 M M 0 18 230
20 28 -2 13 -13 52 0 0.00 M M 5.2 14 300 M M 0 17 290
21 33 9 21 -5 44 0 0.01 M M 11.5 20 90 M M 4 26 80
22 32 16 24 -3 41 0 0.05 M M 11.2 23 310 M M 8 128 30 310
23 37 0 19 -9 46 0 T M M 4.8 12 230 M M 0 M M
24 41 14 28 0 37 0 0.00 M M 5.9 12 160 M M 1 16 200
25 38 23 31 2 34 0 M M M 8.6 15 320 M M 5 22 320
26 34 9 22 -7 43 0 0.00 M M 7.5 13 300 M M 0 17 300
27 24 6 15 -15 50 0 T M M 8.8 17 320 M M 1 22 320
28 21 -3 9 -21 56 0 T M M 5.1 15 280 M M 5 8 21 290
29 24 -1 12 -19 53 0 0.00 M M 7.5 16 250 M M 0 25 250
30 39 4 22 -9 43 0 0.00 M M 5.3 10 230 M M 0 15 220
31 40 22 31 -1 34 0 0.00 M M 11.1 21 30 M M 0 29 40
================================================================================
SM 987 279 1373 0 0.08 T 269.4 M 104
================================================================================
AV 31.8 9.0 8.7 FASTST M M 3 MAX(MPH)
MISC ----> # 24 80 38 70
================================================================================
NOTES:
# LAST OF SEVERAL OCCURRENCES
COLUMN 17 PEAK WIND IN M.P.H.
PRELIMINARY LOCAL CLIMATOLOGICAL DATA (WS FORM: F-6) , PAGE 2
STATION: BAUDETTE MN
MONTH: MARCH
YEAR: 2023
LATITUDE: 48 43 N
LONGITUDE: 94 36 W
[TEMPERATURE DATA] [PRECIPITATION DATA] SYMBOLS USED IN COLUMN 16
AVERAGE MONTHLY: 20.4 TOTAL FOR MONTH: 0.08 1 = FOG OR MIST
DPTR FM NORMAL: -3.3 DPTR FM NORMAL: -0.61 2 = FOG REDUCING VISIBILITY
HIGHEST: 43 ON 4 GRTST 24HR 0.06 ON 21-22 TO 1/4 MILE OR LESS
LOWEST: -9 ON 13, 2 3 = THUNDER
SNOW, ICE PELLETS, HAIL 4 = ICE PELLETS
TOTAL MONTH: T 5 = HAIL
GRTST 24HR T ON 15-15 6 = FREEZING RAIN OR DRIZZLE
GRTST DEPTH: M ON M 7 = DUSTSTORM OR SANDSTORM:
VSBY 1/2 MILE OR LESS
8 = SMOKE OR HAZE
[NO. OF DAYS WITH] [WEATHER - DAYS WITH] 9 = BLOWING SNOW
X = TORNADO
MAX 32 OR BELOW: 16 0.01 INCH OR MORE: 3
MAX 90 OR ABOVE: 0 0.10 INCH OR MORE: 0
MIN 32 OR BELOW: 31 0.50 INCH OR MORE: 0
MIN 0 OR BELOW: 7 1.00 INCH OR MORE: 0
[HDD (BASE 65) ]
TOTAL THIS MO. 1373 CLEAR (SCALE 0-3) 18
DPTR FM NORMAL 93 PTCLDY (SCALE 4-7) 9
TOTAL FM JUL 1 7899 CLOUDY (SCALE 8-10) 4
DPTR FM NORMAL -675
[CDD (BASE 65) ]
TOTAL THIS MO. 0
DPTR FM NORMAL 0 [PRESSURE DATA]
TOTAL FM JAN 1 0 HIGHEST SLP M ON M
DPTR FM NORMAL 0 LOWEST SLP 29.46 ON 3
[REMARKS]
#FINAL-03-23#