000
CXUS53 KFGF 010915
CF6BDE
PRELIMINARY LOCAL CLIMATOLOGICAL DATA (WS FORM: F-6)
STATION: BAUDETTE MN
MONTH: FEBRUARY
YEAR: 2024
LATITUDE: 48 43 N
LONGITUDE: 94 36 W
TEMPERATURE IN F: :PCPN: SNOW: WIND :SUNSHINE: SKY :PK WND
================================================================================
1 2 3 4 5 6A 6B 7 8 9 10 11 12 13 14 15 16 17 18
12Z AVG MX 2MIN
DY MAX MIN AVG DEP HDD CDD WTR SNW DPTH SPD SPD DIR MIN PSBL S-S WX SPD DR
================================================================================
1 39 26 33 27 32 0 0.00 M M 6.1 14 120 M M 5 8 18 110
2 39 25 32 26 33 0 0.00 M M 7.3 15 170 M M 4 18 20 160
3 36 23 30 24 35 0 0.00 M M 5.6 9 150 M M 4 18 12 140
4 38 32 35 29 30 0 0.00 M M 1.1 6 320 M M 10 128 7 240
5 36 32 34 28 31 0 0.00 M M 5.1 10 200 M M 10 18 16 170
6 37 28 33 26 32 0 M M M 4.7 8 300 M M 7 18 M M
7 42 35 39 32 26 0 0.01 M M 11.1 20 110 M M 8 18 25 80
8 43 37 40 33 25 0 0.69 M M 6.6 18 310 M M 10 18 25 310
9 36 17 27 19 38 0 0.01 M M 17.7 24 310 M M 10 8 31 300
10 29 15 22 14 43 0 0.01 M M 7.2 17 320 M M 9 24 320
11 29 23 26 18 39 0 0.01 M M 6.5 15 280 M M 10 20 260
12 30 22 26 18 39 0 T M M 7.6 15 330 M M 10 8 20 330
13 30 22 26 17 39 0 T M M 7.3 15 180 M M 9 25 190
14 33 23 28 19 37 0 T M M 9.8 20 310 M M 9 31 260
15 23 9 16 7 49 0 T M M 13.5 22 300 M M 6 29 290
16 16 2 9 -1 56 0 T M M 9.6 18 320 M M 6 24 330
17 36 16 26 16 39 0 0.00 M M 11.9 23 300 M M 1 31 300
18 30 12 21 10 44 0 0.00 M M 10.4 24 330 M M 2 8 36 320
19 40 8 24 13 41 0 0.00 M M 5.5 13 100 M M 0 15 110
20 48 21 35 24 30 0 0.00 M M 6.2 10 330 M M 0 14 230
21 40 22 31 19 34 0 0.00 M M 2.7 9 360 M M 5 8 12 360
22 50 28 39 27 26 0 0.00 M M 9.0 20 280 M M 5 29 280
23 28 11 20 7 45 0 0.00 M M 7.9 15 300 M M 1 21 20
24 47 13 30 17 35 0 0.00 M M 11.2 21 200 M M 2 32 200
25 41 18 30 16 35 0 0.00 M M 9.2 20 330 M M 2 26 310
26 53 19 36 22 29 0 0.04 M M 11.0 18 190 M M 3 32 180
27 31 -3 14 -1 51 0 0.05 M M 16.8 25 330 M M 8 89 41 340
28 10 -11 0 -15 65 0 0.00 M M 7.3 15 320 M M 0 21 320
29 24 -11 7 -8 58 0 M M M 10.5 18 100 M M 5 M M
================================================================================
SM 1014 514 1116 0 0.82 M 246.4 M 161
================================================================================
AV 35.0 17.7 8.5 FASTST M M 6 MAX(MPH)
MISC ----> 25 330 41 340
================================================================================
NOTES:
# LAST OF SEVERAL OCCURRENCES
COLUMN 17 PEAK WIND IN M.P.H.
PRELIMINARY LOCAL CLIMATOLOGICAL DATA (WS FORM: F-6) , PAGE 2
STATION: BAUDETTE MN
MONTH: FEBRUARY
YEAR: 2024
LATITUDE: 48 43 N
LONGITUDE: 94 36 W
[TEMPERATURE DATA] [PRECIPITATION DATA] SYMBOLS USED IN COLUMN 16
AVERAGE MONTHLY: 26.3 TOTAL FOR MONTH: 0.82 1 = FOG OR MIST
DPTR FM NORMAL: 16.6 DPTR FM NORMAL: 0.42 2 = FOG REDUCING VISIBILITY
HIGHEST: 53 ON 26 GRTST 24HR 0.70 ON 8- 9 TO 1/4 MILE OR LESS
LOWEST: -11 ON 29,28 3 = THUNDER
SNOW, ICE PELLETS, HAIL 4 = ICE PELLETS
TOTAL MONTH: M 5 = HAIL
GRTST 24HR M ON M 6 = FREEZING RAIN OR DRIZZLE
GRTST DEPTH: M ON M 7 = DUSTSTORM OR SANDSTORM:
VSBY 1/2 MILE OR LESS
8 = SMOKE OR HAZE
[NO. OF DAYS WITH] [WEATHER - DAYS WITH] 9 = BLOWING SNOW
X = TORNADO
MAX 32 OR BELOW: 11 0.01 INCH OR MORE: 7
MAX 90 OR ABOVE: 0 0.10 INCH OR MORE: 1
MIN 32 OR BELOW: 27 0.50 INCH OR MORE: 1
MIN 0 OR BELOW: 3 1.00 INCH OR MORE: 0
[HDD (BASE 65) ]
TOTAL THIS MO. 1116 CLEAR (SCALE 0-3) 9
DPTR FM NORMAL -432 PTCLDY (SCALE 4-7) 11
TOTAL FM JUL 1 5401 CLOUDY (SCALE 8-10) 9
DPTR FM NORMAL -1994
[CDD (BASE 65) ]
TOTAL THIS MO. 0
DPTR FM NORMAL 0 [PRESSURE DATA]
TOTAL FM JAN 1 0 HIGHEST SLP 30.40 ON 16
DPTR FM NORMAL 0 LOWEST SLP 29.26 ON 8
[REMARKS]
#FINAL-02-24#