000
CXUS51 KCTP 010800
CF6BFD
PRELIMINARY LOCAL CLIMATOLOGICAL DATA (WS FORM: F-6)
STATION: BRADFORD
MONTH: JUNE
YEAR: 2022
LATITUDE: 41 47 N
LONGITUDE: 78 38 W
TEMPERATURE IN F: :PCPN: SNOW: WIND :SUNSHINE: SKY :PK WND
================================================================================
1 2 3 4 5 6A 6B 7 8 9 10 11 12 13 14 15 16 17 18
12Z AVG MX 2MIN
DY MAX MIN AVG DEP HDD CDD WTR SNW DPTH SPD SPD DIR MIN PSBL S-S WX SPD DR
================================================================================
1 86 60 73 13 0 8 0.91 M M 5.8 25 320 M M 5 138 31 310
2 76 52 64 4 1 0 T M M 6.1 18 320 M M 8 18 22 320
3 74 46 60 0 5 0 0.00 M M 5.8 18 320 M M 1 18 26 340
4 70 43 57 -3 8 0 0.00 M M 6.8 18 280 M M 0 23 280
5 72 40 56 -5 9 0 0.00 M M 3.5 13 120 M M 4 18 120
6 80 47 64 3 1 0 0.00 M M 6.9 15 160 M M 4 23 210
7 69 54 62 1 3 0 0.63 M M 8.0 14 310 M M 9 18 23 150
8 74 49 62 0 3 0 0.36 M M 3.4 10 100 M M 7 128 13 100
9 66 54 60 -2 5 0 0.45 M M 8.9 16 310 M M 8 18 23 330
10 71 45 58 -4 7 0 0.00 M M 6.3 20 320 M M 2 12 26 320
11 74 48 61 -1 4 0 0.00 M M 3.6 14 350 M M 7 18 350
12 72 55 64 2 1 0 0.05 M M 4.4 13 210 M M 5 128 16 210
13 82 55 69 6 0 4 0.00 M M 5.3 17 320 M M 3 128 22 310
14 83 58 71 8 0 6 0.26 M M 2.8 13 360 M M 3 1 16 320
15 88 55 72 9 0 7 0.00 M M 4.6 12 200 M M 1 8 17 180
16 90 73 82 18 0 17 0.02 M M 6.8 17 220 M M 3 138 26 220
17 78 59 69 5 0 4 0.00 M M 13.1 28 290 M M 6 36 310
18 67 50 59 -5 6 0 0.01 M M 15.4 26 320 M M 5 36 320
19 69 44 57 -7 8 0 0.00 M M 9.2 23 320 M M 0 28 330
20 74 47 61 -3 4 0 0.00 M M 4.5 15 280 M M 9 20 320
21 89 60 75 10 0 10 0.07 M M 4.8 16 280 M M 4 3 22 290
22 93 64 79 14 0 14 0.60 M M 5.1 21 350 M M 2 3 25 350
23 82 59 71 6 0 6 0.00 M M 4.6 14 330 M M 2 128 17 350
24 84 52 68 3 0 3 0.00 M M 3.5 13 330 M M 1 18 16 320
25 88 51 70 5 0 5 0.00 M M 3.5 12 120 M M 0 16 120
26 84 63 74 8 0 9 0.85 M M 4.8 14 220 M M 6 138 21 200
27 73 55 64 -2 1 0 0.00 M M 9.6 21 320 M M 5 8 27 330
28 72 49 61 -5 4 0 0.00 M M 2.8 14 310 M M 1 1 16 300
29 77 44 61 -5 4 0 0.00 M M 4.4 14 280 M M 2 1 19 290
30 83 52 68 2 0 3 0.00 M M 3.6 13 210 M M 2 1 17 220
================================================================================
SM 2340 1583 74 96 4.21 M 177.9 M 115
================================================================================
AV 78.0 52.8 5.9 FASTST M M 4 MAX(MPH)
MISC ----> 28 290 # 36 310
================================================================================
NOTES:
# LAST OF SEVERAL OCCURRENCES
COLUMN 17 PEAK WIND IN M.P.H.
PRELIMINARY LOCAL CLIMATOLOGICAL DATA (WS FORM: F-6) , PAGE 2
STATION: BRADFORD
MONTH: JUNE
YEAR: 2022
LATITUDE: 41 47 N
LONGITUDE: 78 38 W
[TEMPERATURE DATA] [PRECIPITATION DATA] SYMBOLS USED IN COLUMN 16
AVERAGE MONTHLY: 65.4 TOTAL FOR MONTH: 4.21 1 = FOG OR MIST
DPTR FM NORMAL: 2.2 DPTR FM NORMAL: 0.03 2 = FOG REDUCING VISIBILITY
HIGHEST: 93 ON 22 GRTST 24HR 0.91 ON 1- 1 TO 1/4 MILE OR LESS
LOWEST: 40 ON 5 3 = THUNDER
SNOW, ICE PELLETS, HAIL 4 = ICE PELLETS
TOTAL MONTH: M 5 = HAIL
GRTST 24HR M ON M 6 = FREEZING RAIN OR DRIZZLE
GRTST DEPTH: M ON M 7 = DUSTSTORM OR SANDSTORM:
VSBY 1/2 MILE OR LESS
8 = SMOKE OR HAZE
[NO. OF DAYS WITH] [WEATHER - DAYS WITH] 9 = BLOWING SNOW
X = TORNADO
MAX 32 OR BELOW: 0 0.01 INCH OR MORE: 11
MAX 90 OR ABOVE: 2 0.10 INCH OR MORE: 7
MIN 32 OR BELOW: 0 0.50 INCH OR MORE: 4
MIN 0 OR BELOW: 0 1.00 INCH OR MORE: 0
[HDD (BASE 65) ]
TOTAL THIS MO. 74 CLEAR (SCALE 0-3) 13
DPTR FM NORMAL -35 PTCLDY (SCALE 4-7) 14
TOTAL FM JUL 1 6403 CLOUDY (SCALE 8-10) 3
DPTR FM NORMAL -820
[CDD (BASE 65) ]
TOTAL THIS MO. 96
DPTR FM NORMAL 41 [PRESSURE DATA]
TOTAL FM JAN 1 135 HIGHEST SLP 30.26 ON 30
DPTR FM NORMAL 60 LOWEST SLP 29.58 ON 9
[REMARKS]
#FINAL-06-22#