000
CXUS56 KHNX 011456
CF6BFL
PRELIMINARY LOCAL CLIMATOLOGICAL DATA (WS FORM: F-6)
STATION: BAKERSFIELD CA
MONTH: OCTOBER
YEAR: 2023
LATITUDE: 35 25 N
LONGITUDE: 119 3 W
TEMPERATURE IN F: :PCPN: SNOW: WIND :SUNSHINE: SKY :PK WND
================================================================================
1 2 3 4 5 6A 6B 7 8 9 10 11 12 13 14 15 16 17 18
12Z AVG MX 2MIN
DY MAX MIN AVG DEP HDD CDD WTR SNW DPTH SPD SPD DIR MIN PSBL S-S WX SPD DR
================================================================================
1 73 56 65 -9 0 0 0.15 0.0 0 4.5 12 310 M M 6 18 15 300
2 78 58 68 -5 0 3 0.00 0.0 0 4.3 15 300 M M 2 8 22 320
3 83 57 70 -3 0 5 0.00 0.0 0 4.6 10 280 M M 0 8 14 290
4 90 60 75 3 0 10 0.00 0.0 0 5.9 16 340 M M 0 8 24 270
5 93 61 77 5 0 12 0.00 0.0 0 5.5 16 320 M M 0 8 22 320
6 95 64 80 8 0 15 0.00 0.0 0 5.3 13 300 M M 0 8 17 300
7 99 65 82 11 0 17 0.00 0.0 0 4.9 14 310 M M 0 8 19 320
8 99 67 83 12 0 18 0.00 0.0 0 5.5 14 270 M M 0 8 19 280
9 92 62 77 7 0 12 0.00 0.0 0 7.8 18 310 M M 0 8 24 280
10 80 58 69 -1 0 4 0.00 0.0 0 6.4 16 340 M M 2 8 20 340
11 73 57 65 -5 0 0 0.00 0.0 0 9.2 21 320 M M 5 8 28 320
12 78 56 67 -2 0 2 0.00 0.0 0 4.2 12 310 M M 0 8 17 330
13 88 52 70 1 0 5 0.00 0.0 0 3.4 13 10 M M 0 8 17 10
14 85 56 71 3 0 6 0.00 0.0 0 3.6 10 300 M M 0 8 14 280
15 85 56 71 3 0 6 0.00 0.0 0 2.4 9 270 M M 0 8 14 280
16 85 58 72 4 0 7 0.00 0.0 0 2.9 12 320 M M 0 8 15 290
17 82 58 70 3 0 5 0.00 0.0 0 3.3 9 340 M M 0 8 13 340
18 88 58 73 6 0 8 0.00 0.0 0 3.6 14 290 M M 0 8 18 300
19 91 62 77 11 0 12 0.00 0.0 0 4.6 13 300 M M 0 8 18 300
20 95 63 79 13 0 14 0.00 0.0 0 4.3 12 280 M M 0 8 16 290
21 85 63 74 8 0 9 0.00 0.0 0 5.7 17 280 M M 0 8 19 280
22 79 56 68 3 0 3 0.00 0.0 0 6.5 15 300 M M 1 8 20 300
23 69 60 65 0 0 0 0.15 0.0 0 7.9 15 300 M M 6 18 19 300
24 77 55 66 1 0 1 0.00 0.0 0 3.9 9 250 M M 0 18 13 250
25 79 55 67 3 0 2 0.00 0.0 0 5.4 15 310 M M 0 18 19 300
26 69 50 60 -4 5 0 0.00 0.0 0 2.7 12 280 M M 1 18 15 300
27 69 47 58 -5 7 0 0.00 0.0 0 3.1 10 280 M M 0 18 14 290
28 69 46 58 -5 7 0 0.00 0.0 0 3.4 13 290 M M 0 8 16 310
29 72 44 58 -5 7 0 0.00 0.0 0 4.3 14 340 M M 0 8 18 330
30 78 41 60 -2 5 0 0.00 0.0 0 4.4 14 330 M M 0 8 20 300
31 80 44 62 0 3 0 0.00 0.0 0 4.2 13 350 M M 0 8 17 350
================================================================================
SM 2558 1745 34 176 0.30 0.0 147.7 M 23
================================================================================
AV 82.5 56.3 4.8 FASTST M M 1 MAX(MPH)
MISC ----> 21 320 28 320
================================================================================
NOTES:
# LAST OF SEVERAL OCCURRENCES
COLUMN 17 PEAK WIND IN M.P.H.
PRELIMINARY LOCAL CLIMATOLOGICAL DATA (WS FORM: F-6) , PAGE 2
STATION: BAKERSFIELD CA
MONTH: OCTOBER
YEAR: 2023
LATITUDE: 35 25 N
LONGITUDE: 119 3 W
[TEMPERATURE DATA] [PRECIPITATION DATA] SYMBOLS USED IN COLUMN 16
AVERAGE MONTHLY: 69.4 TOTAL FOR MONTH: 0.30 1 = FOG OR MIST
DPTR FM NORMAL: 1.7 DPTR FM NORMAL: 0.02 2 = FOG REDUCING VISIBILITY
HIGHEST: 99 ON 8, 7 GRTST 24HR 0.15 ON 23-23 TO 1/4 MILE OR LESS
LOWEST: 41 ON 30 3 = THUNDER
SNOW, ICE PELLETS, HAIL 4 = ICE PELLETS
TOTAL MONTH: 0.0 INCH 5 = HAIL
GRTST 24HR 0.0 6 = FREEZING RAIN OR DRIZZLE
GRTST DEPTH: 0 7 = DUSTSTORM OR SANDSTORM:
VSBY 1/2 MILE OR LESS
8 = SMOKE OR HAZE
[NO. OF DAYS WITH] [WEATHER - DAYS WITH] 9 = BLOWING SNOW
X = TORNADO
MAX 32 OR BELOW: 0 0.01 INCH OR MORE: 2
MAX 90 OR ABOVE: 8 0.10 INCH OR MORE: 2
MIN 32 OR BELOW: 0 0.50 INCH OR MORE: 0
MIN 0 OR BELOW: 0 1.00 INCH OR MORE: 0
[HDD (BASE 65) ]
TOTAL THIS MO. 34 CLEAR (SCALE 0-3) 28
DPTR FM NORMAL -15 PTCLDY (SCALE 4-7) 3
TOTAL FM JUL 1 34 CLOUDY (SCALE 8-10) 0
DPTR FM NORMAL -14
[CDD (BASE 65) ]
TOTAL THIS MO. 176
DPTR FM NORMAL 43 [PRESSURE DATA]
TOTAL FM JAN 1 2475 HIGHEST SLP 30.20 ON 30
DPTR FM NORMAL 56 LOWEST SLP 29.70 ON 10
[REMARKS]
#FINAL-10-23#