000
CXUS55 KBYZ 011000
CF6BHK
PRELIMINARY LOCAL CLIMATOLOGICAL DATA (WS FORM: F-6)
STATION: BAKER MT
MONTH: JULY
YEAR: 2023
LATITUDE: 46 20 N
LONGITUDE: 104 15 W
TEMPERATURE IN F: :PCPN: SNOW: WIND :SUNSHINE: SKY :PK WND
================================================================================
1 2 3 4 5 6A 6B 7 8 9 10 11 12 13 14 15 16 17 18
12Z AVG MX 2MIN
DY MAX MIN AVG DEP HDD CDD WTR SNW DPTH SPD SPD DIR MIN PSBL S-S WX SPD DR
================================================================================
1 88 58 73 5 0 8 0.00 M M 5.8 14 250 M M 1 18 260
2 85 59 72 4 0 7 0.00 M M 11.5 23 300 M M 0 30 310
3 70 54 62 -6 3 0 0.47 M M 11.8 22 60 M M 6 13 27 50
4 61 46 54 -14 11 0 0.00 M M 8.6 22 340 M M 6 8 26 320
5 72 41 57 -12 8 0 0.00 M M 3.8 14 160 M M 1 17 170
6 81 49 65 -4 0 0 0.00 M M 8.0 20 90 M M 2 3 23 90
7 78 51 65 -4 0 0 0.00 M M 8.2 20 50 M M 2 23 60
8 81 51 66 -4 0 1 0.00 M M 9.2 17 180 M M 0 21 180
9 87 61 74 4 0 9 0.00 M M 8.1 16 220 M M 0 20 220
10 92 55 74 4 0 9 0.00 M M 9.6 22 120 M M 1 27 100
11 87 58 73 3 0 8 0.17 M M 13.8 37 30 M M 3 13 45 30
12 81 54 68 -2 0 3 0.00 M M 9.0 21 310 M M 3 27 310
13 85 54 70 -1 0 5 0.00 M M 10.5 26 320 M M 0 32 320
14 79 56 68 -3 0 3 0.00 M M 11.5 26 340 M M 2 38 31 340
15 76 52 64 -7 1 0 0.00 M M 8.1 23 320 M M 9 18 30 320
16 79 51 65 -6 0 0 0.00 M M 5.7 15 50 M M 5 18 20 50
17 83 47 65 -6 0 0 T M M 14.5 24 120 M M 1 8 30 110
18 86 56 71 -1 0 6 0.00 M M 9.3 24 320 M M 0 29 330
19 78 51 65 -7 0 0 0.00 M M 11.9 30 330 M M 0 42 310
20 83 47 65 -7 0 0 0.00 M M 4.4 13 30 M M 0 17 50
21 89 51 70 -2 0 5 0.00 M M 5.7 15 310 M M 1 19 310
22 95 56 76 4 0 11 0.02 M M 6.2 15 100 M M 1 3 18 320
23 98 62 80 8 0 15 0.00 M M 10.5 23 70 M M 0 34 60
24 102 60 81 9 0 16 0.00 M M 12.9 25 140 M M 0 34 130
25 97 66 82 10 0 17 0.00 M M 10.7 24 320 M M 1 33 320
26 95 62 79 7 0 14 0.00 M M 6.2 21 360 M M 1 28 20
27 93 60 77 5 0 12 0.25 M M 8.0 41 300 M M 1 13 52 330
28 84 60 72 0 0 7 0.06 M M 8.7 23 10 M M 3 13 28 360
29 86 62 74 2 0 9 0.00 M M 13.0 24 120 M M 2 3 27 120
30 88 65 77 5 0 12 0.00 M M 13.0 21 110 M M 0 3 27 100
31 96 63 80 8 0 15 0.00 M M 10.3 23 180 M M 2 3 29 190
================================================================================
SM 2635 1718 23 192 0.97 M 288.5 M 54
================================================================================
AV 85.0 55.4 9.3 FASTST M M 2 MAX(MPH)
MISC ----> 41 300 52 330
================================================================================
NOTES:
# LAST OF SEVERAL OCCURRENCES
COLUMN 17 PEAK WIND IN M.P.H.
PRELIMINARY LOCAL CLIMATOLOGICAL DATA (WS FORM: F-6) , PAGE 2
STATION: BAKER MT
MONTH: JULY
YEAR: 2023
LATITUDE: 46 20 N
LONGITUDE: 104 15 W
[TEMPERATURE DATA] [PRECIPITATION DATA] SYMBOLS USED IN COLUMN 16
AVERAGE MONTHLY: 70.2 TOTAL FOR MONTH: 0.97 1 = FOG OR MIST
DPTR FM NORMAL: -0.5 DPTR FM NORMAL: -1.06 2 = FOG REDUCING VISIBILITY
HIGHEST: 102 ON 24 GRTST 24HR 0.47 ON 3- 3 TO 1/4 MILE OR LESS
LOWEST: 41 ON 5 3 = THUNDER
SNOW, ICE PELLETS, HAIL 4 = ICE PELLETS
TOTAL MONTH: M 5 = HAIL
GRTST 24HR M ON M 6 = FREEZING RAIN OR DRIZZLE
GRTST DEPTH: M ON M 7 = DUSTSTORM OR SANDSTORM:
VSBY 1/2 MILE OR LESS
8 = SMOKE OR HAZE
[NO. OF DAYS WITH] [WEATHER - DAYS WITH] 9 = BLOWING SNOW
X = TORNADO
MAX 32 OR BELOW: 0 0.01 INCH OR MORE: 5
MAX 90 OR ABOVE: 8 0.10 INCH OR MORE: 3
MIN 32 OR BELOW: 0 0.50 INCH OR MORE: 0
MIN 0 OR BELOW: 0 1.00 INCH OR MORE: 0
[HDD (BASE 65) ]
TOTAL THIS MO. 23 CLEAR (SCALE 0-3) 27
DPTR FM NORMAL 4 PTCLDY (SCALE 4-7) 3
TOTAL FM JUL 1 23 CLOUDY (SCALE 8-10) 1
DPTR FM NORMAL 10
[CDD (BASE 65) ]
TOTAL THIS MO. 192
DPTR FM NORMAL -5 [PRESSURE DATA]
TOTAL FM JAN 1 287 HIGHEST SLP 30.27 ON 5
DPTR FM NORMAL 29 LOWEST SLP 29.73 ON 11
[REMARKS]
#FINAL-07-23#