000
CXUS55 KBYZ 011000
CF6BHK
PRELIMINARY LOCAL CLIMATOLOGICAL DATA (WS FORM: F-6)
STATION: BAKER MT
MONTH: MAY
YEAR: 2022
LATITUDE: 46 20 N
LONGITUDE: 104 15 W
TEMPERATURE IN F: :PCPN: SNOW: WIND :SUNSHINE: SKY :PK WND
================================================================================
1 2 3 4 5 6A 6B 7 8 9 10 11 12 13 14 15 16 17 18
12Z AVG MX 2MIN
DY MAX MIN AVG DEP HDD CDD WTR SNW DPTH SPD SPD DIR MIN PSBL S-S WX SPD DR
================================================================================
1 58 30 44 -3 21 0 0.00 M M 7.0 17 30 M M 2 22 30
2 60 39 50 2 15 0 0.00 M M 14.1 25 120 M M 7 31 120
3 58 33 46 -2 19 0 0.00 M M 20.3 31 130 M M 2 39 110
4 65 34 50 2 15 0 0.00 M M 8.5 21 150 M M 0 24 140
5 72 35 54 5 11 0 0.00 M M 11.4 25 140 M M 0 32 140
6 74 45 60 11 5 0 0.00 M M 12.3 28 140 M M 1 33 150
7 73 35 54 5 11 0 0.00 M M 16.8 37 300 M M 1 45 300
8 64 31 48 -2 17 0 0.01 M M 8.3 29 300 M M 2 37 310
9 54 39 47 -3 18 0 0.24 M M 13.0 29 280 M M 6 1 34 270
10 64 37 51 1 14 0 0.00 M M 11.8 23 250 M M 1 27 250
11 54 45 50 -1 15 0 0.16 M M 17.4 29 70 M M 9 13 34 40
12 53 43 48 -3 17 0 1.12 M M 13.6 32 290 M M 10 13 41 290
13 59 40 50 -2 15 0 0.58 M M 22.7 40 290 M M 8 13 53 280
14 62 36 49 -3 16 0 0.00 M M 14.9 29 260 M M 2 35 270
15 67 42 55 3 10 0 0.00 M M 10.0 23 290 M M 2 36 240
16 76 39 58 5 7 0 0.00 M M 10.7 23 150 M M 1 29 150
17 75 45 60 7 5 0 0.00 M M 9.3 21 300 M M 2 31 320
18 66 43 55 2 10 0 0.00 M M 12.2 30 290 M M 2 41 280
19 57 41 49 -5 16 0 0.30 M M 21.3 40 280 M M 7 1 52 280
20 43 32 38 -16 27 0 0.06 M M 20.0 35 330 M M 9 1 43 290
21 44 31 38 -16 27 0 T M M 10.6 23 330 M M 8 29 330
22 59 25 42 -13 23 0 0.00 M M 5.8 16 150 M M 2 20 170
23 65 42 54 -1 11 0 T M M 9.4 25 150 M M 5 30 150
24 68 34 51 -5 14 0 0.00 M M 6.8 17 130 M M 0 20 140
25 71 39 55 -1 10 0 0.00 M M 8.1 17 240 M M 3 23 210
26 75 46 61 5 4 0 0.00 M M 10.7 28 300 M M 0 37 300
27 78 46 62 5 3 0 0.00 M M 9.7 25 140 M M 3 29 140
28 76 46 61 4 4 0 0.58 M M 8.3 23 160 M M 6 13 27 170
29 69 51 60 3 5 0 0.00 M M 9.7 20 340 M M 5 12 23 310
30 55 49 52 -6 13 0 0.06 M M 18.5 30 340 M M 8 1 41 330
31 63 41 52 -6 13 0 0.02 M M 17.4 31 320 M M 5 1 38 320
================================================================================
SM 1977 1214 411 0 3.13 M 390.6 M 119
================================================================================
AV 63.8 39.2 12.6 FASTST M M 4 MAX(MPH)
MISC ----> # 40 290 53 280
================================================================================
NOTES:
# LAST OF SEVERAL OCCURRENCES
COLUMN 17 PEAK WIND IN M.P.H.
PRELIMINARY LOCAL CLIMATOLOGICAL DATA (WS FORM: F-6) , PAGE 2
STATION: BAKER MT
MONTH: MAY
YEAR: 2022
LATITUDE: 46 20 N
LONGITUDE: 104 15 W
[TEMPERATURE DATA] [PRECIPITATION DATA] SYMBOLS USED IN COLUMN 16
AVERAGE MONTHLY: 51.5 TOTAL FOR MONTH: 3.13 1 = FOG OR MIST
DPTR FM NORMAL: -1.1 DPTR FM NORMAL: 0.47 2 = FOG REDUCING VISIBILITY
HIGHEST: 78 ON 27 GRTST 24HR 1.45 ON 12-13 TO 1/4 MILE OR LESS
LOWEST: 25 ON 22 3 = THUNDER
SNOW, ICE PELLETS, HAIL 4 = ICE PELLETS
TOTAL MONTH: M 5 = HAIL
GRTST 24HR M ON M 6 = FREEZING RAIN OR DRIZZLE
GRTST DEPTH: M ON M 7 = DUSTSTORM OR SANDSTORM:
VSBY 1/2 MILE OR LESS
8 = SMOKE OR HAZE
[NO. OF DAYS WITH] [WEATHER - DAYS WITH] 9 = BLOWING SNOW
X = TORNADO
MAX 32 OR BELOW: 0 0.01 INCH OR MORE: 10
MAX 90 OR ABOVE: 0 0.10 INCH OR MORE: 6
MIN 32 OR BELOW: 5 0.50 INCH OR MORE: 3
MIN 0 OR BELOW: 0 1.00 INCH OR MORE: 1
[HDD (BASE 65) ]
TOTAL THIS MO. 411 CLEAR (SCALE 0-3) 17
DPTR FM NORMAL 23 PTCLDY (SCALE 4-7) 9
TOTAL FM JUL 1 7923 CLOUDY (SCALE 8-10) 5
DPTR FM NORMAL -234
[CDD (BASE 65) ]
TOTAL THIS MO. 0
DPTR FM NORMAL -5 [PRESSURE DATA]
TOTAL FM JAN 1 0 HIGHEST SLP 30.40 ON 22
DPTR FM NORMAL -5 LOWEST SLP 29.33 ON 7
[REMARKS]
#FINAL-05-22#