000
CXUS54 KBMX 011110
CF6BHM
PRELIMINARY LOCAL CLIMATOLOGICAL DATA (WS FORM: F-6)
STATION: BIRMINGHAM
MONTH: FEBRUARY
YEAR: 2024
LATITUDE: 33 34 N
LONGITUDE: 86 45 W
TEMPERATURE IN F: :PCPN: SNOW: WIND :SUNSHINE: SKY :PK WND
================================================================================
1 2 3 4 5 6A 6B 7 8 9 10 11 12 13 14 15 16 17 18
12Z AVG MX 2MIN
DY MAX MIN AVG DEP HDD CDD WTR SNW DPTH SPD SPD DIR MIN PSBL S-S WX SPD DR
================================================================================
1 61 29 45 -1 20 0 0.00 0.0 0 1.3 8 330 M M 5 12 340
2 71 36 54 8 11 0 0.00 0.0 0 1.3 9 330 M M 4 14 290
3 69 41 55 9 10 0 0.00 0.0 0 6.8 16 100 M M 5 26 100
4 56 42 49 3 16 0 1.43 0.0 0 12.7 21 50 M M 9 1 33 90
5 63 41 52 6 13 0 T 0.0 0 7.9 20 50 M M 6 32 50
6 68 34 51 4 14 0 0.00 0.0 0 3.4 15 320 M M 1 8 19 310
7 65 37 51 4 14 0 0.00 0.0 0 4.7 13 180 M M 5 19 140
8 60 48 54 7 11 0 0.00 0.0 0 5.5 15 180 M M 9 21 170
9 68 57 63 16 2 0 0.00 0.0 0 5.8 14 190 M M 10 19 200
10 69 62 66 18 0 1 T 0.0 0 9.9 22 190 M M 10 1 29 180
11 68 58 63 15 2 0 1.61 0.0 0 7.0 29 330 M M 10 13 38 330
12 62 43 53 5 12 0 1.60 0.0 0 11.1 30 270 M M 10 138 40 270
13 56 37 47 -1 18 0 0.00 0.0 0 6.8 20 300 M M 5 29 280
14 66 33 50 2 15 0 0.00 0.0 M 1.2 8 180 M M 2 10 190
15 69 36 53 4 12 0 0.00 0.0 M 3.3 15 240 M M 5 23 260
16 67 46 57 8 8 0 0.00 0.0 0 6.9 17 210 M M 10 23 200
17 57 34 46 -3 19 0 0.03 0.0 0 13.6 22 360 M M 9 1 33 10
18 53 29 41 -9 24 0 0.00 0.0 0 6.1 13 330 M M 4 18 310
19 60 25 43 -7 22 0 0.00 0.0 0 1.7 12 350 M M 0 16 260
20 66 32 49 -1 16 0 0.00 0.0 0 1.7 12 220 M M 3 16 230
21 71 37 54 4 11 0 0.00 0.0 0 5.8 15 200 M M 3 24 210
22 71 53 62 12 3 0 0.03 0.0 0 11.4 22 200 M M 8 31 200
23 70 45 58 7 7 0 0.08 0.0 M 8.7 29 280 M M 5 1 46 280
24 67 41 54 3 11 0 0.00 0.0 M 8.3 26 310 M M 1 36 300
25 69 31 50 -1 15 0 0.00 0.0 0 6.1 17 190 M M 2 8 22 190
26 76 51 64 12 1 0 0.00 0.0 0 10.6 21 180 M M 3 8 30 180
27 75 62 69 17 0 4 0.00 0.0 0 16.2 25 190 M M 9 37 190
28 74 42 58 6 7 0 0.11 0.0 0 14.2 25 320 M M 9 13 37 210
29 51 37 44 -8 21 0 0.00 0.0 0 7.4 15 50 M M 10 21 100
================================================================================
SM 1898 1199 335 5 4.89 0.0 207.4 M 172
================================================================================
AV 65.4 41.3 7.2 FASTST M M 6 MAX(MPH)
MISC ----> 30 270 46 280
================================================================================
NOTES:
# LAST OF SEVERAL OCCURRENCES
COLUMN 17 PEAK WIND IN M.P.H.
PRELIMINARY LOCAL CLIMATOLOGICAL DATA (WS FORM: F-6) , PAGE 2
STATION: BIRMINGHAM
MONTH: FEBRUARY
YEAR: 2024
LATITUDE: 33 34 N
LONGITUDE: 86 45 W
[TEMPERATURE DATA] [PRECIPITATION DATA] SYMBOLS USED IN COLUMN 16
AVERAGE MONTHLY: 53.4 TOTAL FOR MONTH: 4.89 1 = FOG OR MIST
DPTR FM NORMAL: 4.6 DPTR FM NORMAL: -0.06 2 = FOG REDUCING VISIBILITY
HIGHEST: 76 ON 26 GRTST 24HR 2.46 ON 11-12 TO 1/4 MILE OR LESS
LOWEST: 25 ON 19 3 = THUNDER
SNOW, ICE PELLETS, HAIL 4 = ICE PELLETS
TOTAL MONTH: 0.0 INCH 5 = HAIL
GRTST 24HR 0.0 6 = FREEZING RAIN OR DRIZZLE
GRTST DEPTH: 0 7 = DUSTSTORM OR SANDSTORM:
VSBY 1/2 MILE OR LESS
8 = SMOKE OR HAZE
[NO. OF DAYS WITH] [WEATHER - DAYS WITH] 9 = BLOWING SNOW
X = TORNADO
MAX 32 OR BELOW: 0 0.01 INCH OR MORE: 7
MAX 90 OR ABOVE: 0 0.10 INCH OR MORE: 4
MIN 32 OR BELOW: 5 0.50 INCH OR MORE: 3
MIN 0 OR BELOW: 0 1.00 INCH OR MORE: 3
[HDD (BASE 65) ]
TOTAL THIS MO. 335 CLEAR (SCALE 0-3) 8
DPTR FM NORMAL -124 PTCLDY (SCALE 4-7) 9
TOTAL FM JUL 1 1857 CLOUDY (SCALE 8-10) 12
DPTR FM NORMAL -265
[CDD (BASE 65) ]
TOTAL THIS MO. 5
DPTR FM NORMAL 1 [PRESSURE DATA]
TOTAL FM JAN 1 6 HIGHEST SLP 30.49 ON 29
DPTR FM NORMAL 0 LOWEST SLP 29.56 ON 12
[REMARKS]
#FINAL-02-24#