000
CXUS54 KBMX 011010
CF6BHM
PRELIMINARY LOCAL CLIMATOLOGICAL DATA (WS FORM: F-6)
STATION: BIRMINGHAM
MONTH: JULY
YEAR: 2021
LATITUDE: 33 34 N
LONGITUDE: 86 45 W
TEMPERATURE IN F: :PCPN: SNOW: WIND :SUNSHINE: SKY :PK WND
================================================================================
1 2 3 4 5 6A 6B 7 8 9 10 11 12 13 14 15 16 17 18
12Z AVG MX 2MIN
DY MAX MIN AVG DEP HDD CDD WTR SNW DPTH SPD SPD DIR MIN PSBL S-S WX SPD DR
================================================================================
1 85 72 79 -2 0 14 T 0.0 0 4.2 13 240 M M 8 138 16 260
2 85 71 78 -3 0 13 0.32 0.0 M 3.3 12 360 M M 8 13 16 10
3 84 64 74 -7 0 9 0.00 0.0 M 4.0 13 320 M M 1 18 20 330
4 86 61 74 -7 0 9 0.00 0.0 0 2.0 12 60 M M 0 18 15 40
5 90 68 79 -2 0 14 0.00 0.0 0 5.4 13 70 M M 1 8 18 60
6 87 71 79 -2 0 14 0.55 0.0 0 6.1 21 170 M M 8 138 25 180
7 83 71 77 -4 0 12 0.23 0.0 0 3.8 9 160 M M 9 1 12 110
8 88 71 80 -1 0 15 0.00 0.0 0 6.5 14 240 M M 7 17 280
9 91 75 83 2 0 18 0.00 0.0 0 9.1 23 220 M M 6 3 30 220
10 90 72 81 0 0 16 0.02 0.0 0 7.2 24 210 M M 5 3 34 200
11 90 74 82 0 0 17 0.13 0.0 0 11.6 26 220 M M 8 138 36 220
12 87 71 79 -3 0 14 0.44 0.0 0 8.3 23 200 M M 7 13 30 170
13 86 69 78 -4 0 13 0.14 0.0 0 6.5 26 260 M M 6 138 33 260
14 91 70 81 -1 0 16 T 0.0 0 3.9 12 310 M M 4 15 300
15 93 72 83 1 0 18 0.12 0.0 0 2.6 18 210 M M 4 3 26 210
16 90 71 81 -1 0 16 0.34 0.0 0 4.4 36 190 M M 6 13 43 180
17 86 71 79 -3 0 14 1.39 0.0 0 4.0 24 200 M M 8 123 30 210
18 87 71 79 -3 0 14 0.15 0.0 0 4.2 18 210 M M 9 13 22 250
19 81 71 76 -6 0 11 2.24 0.0 M 4.4 15 320 M M 9 138 19 300
20 87 73 80 -2 0 15 0.00 0.0 M 3.5 17 240 M M 8 18 20 240
21 90 74 82 0 0 17 T 0.0 0 3.1 13 360 M M 7 15 290
22 92 72 82 0 0 17 T 0.0 0 2.2 15 200 M M 4 3 19 50
23 92 75 84 2 0 19 0.00 0.0 0 3.5 15 190 M M 7 1238 18 200
24 93 73 83 1 0 18 0.00 0.0 0 1.3 13 110 M M 4 20 110
25 90 76 83 1 0 18 0.50 0.0 0 3.3 16 20 M M 5 18 19 20
26 92 76 84 2 0 19 0.01 0.0 M 2.0 14 140 M M 6 3 19 170
27 92 73 83 1 0 18 1.80 0.0 M 3.3 21 110 M M 6 123 30 70
28 95 76 86 4 0 21 0.00 0.0 0 2.5 13 330 M M 4 12 16 340
29 94 72 83 1 0 18 0.00 0.0 0 2.2 10 20 M M 2 1 14 300
30 92 74 83 1 0 18 0.12 0.0 0 5.1 21 10 M M 7 138 26 10
31 93 73 83 1 0 18 0.16 0.0 0 3.6 31 350 M M 5 13 42 360
================================================================================
SM 2762 2223 0 483 8.66 0.0 137.1 M 179
================================================================================
AV 89.1 71.7 4.4 FASTST M M 6 MAX(MPH)
MISC ----> 36 190 43 180
================================================================================
NOTES:
# LAST OF SEVERAL OCCURRENCES
COLUMN 17 PEAK WIND IN M.P.H.
PRELIMINARY LOCAL CLIMATOLOGICAL DATA (WS FORM: F-6) , PAGE 2
STATION: BIRMINGHAM
MONTH: JULY
YEAR: 2021
LATITUDE: 33 34 N
LONGITUDE: 86 45 W
[TEMPERATURE DATA] [PRECIPITATION DATA] SYMBOLS USED IN COLUMN 16
AVERAGE MONTHLY: 80.4 TOTAL FOR MONTH: 8.66 1 = FOG OR MIST
DPTR FM NORMAL: -1.1 DPTR FM NORMAL: 3.24 2 = FOG REDUCING VISIBILITY
HIGHEST: 95 ON 28 GRTST 24HR 2.27 ON 18-19 TO 1/4 MILE OR LESS
LOWEST: 61 ON 4 3 = THUNDER
SNOW, ICE PELLETS, HAIL 4 = ICE PELLETS
TOTAL MONTH: 0.0 INCH 5 = HAIL
GRTST 24HR 0.0 6 = FREEZING RAIN OR DRIZZLE
GRTST DEPTH: 0 7 = DUSTSTORM OR SANDSTORM:
VSBY 1/2 MILE OR LESS
8 = SMOKE OR HAZE
[NO. OF DAYS WITH] [WEATHER - DAYS WITH] 9 = BLOWING SNOW
X = TORNADO
MAX 32 OR BELOW: 0 0.01 INCH OR MORE: 17
MAX 90 OR ABOVE: 18 0.10 INCH OR MORE: 15
MIN 32 OR BELOW: 0 0.50 INCH OR MORE: 5
MIN 0 OR BELOW: 0 1.00 INCH OR MORE: 3
[HDD (BASE 65) ]
TOTAL THIS MO. 0 CLEAR (SCALE 0-3) 4
DPTR FM NORMAL 0 PTCLDY (SCALE 4-7) 24
TOTAL FM JUL 1 0 CLOUDY (SCALE 8-10) 3
DPTR FM NORMAL 0
[CDD (BASE 65) ]
TOTAL THIS MO. 483
DPTR FM NORMAL -30 [PRESSURE DATA]
TOTAL FM JAN 1 1154 HIGHEST SLP 30.29 ON 14
DPTR FM NORMAL -84 LOWEST SLP 29.85 ON 2
[REMARKS]
#FINAL-07-21#