905
CXUS54 KBMX 011110
CF6BHM
PRELIMINARY LOCAL CLIMATOLOGICAL DATA (WS FORM: F-6)
STATION: BIRMINGHAM
MONTH: APRIL
YEAR: 2020
LATITUDE: 33 34 N
LONGITUDE: 86 45 W
TEMPERATURE IN F: :PCPN: SNOW: WIND :SUNSHINE: SKY :PK WND
================================================================================
1 2 3 4 5 6A 6B 7 8 9 10 11 12 13 14 15 16 17 18
12Z AVG MX 2MIN
DY MAX MIN AVG DEP HDD CDD WTR SNW DPTH SPD SPD DIR MIN PSBL S-S WX SPD DR
================================================================================
1 66 41 54 -5 11 0 0.00 0.0 0 7.1 18 360 M M 1 26 330
2 72 41 57 -2 8 0 0.00 0.0 0 3.8 12 360 M M 3 17 50
3 78 47 63 4 2 0 0.00 0.0 0 2.1 10 330 M M 6 12 280
4 80 54 67 7 0 2 0.00 0.0 0 2.3 13 340 M M 8 16 350
5 82 57 70 10 0 5 0.00 0.0 0 2.8 9 300 M M 5 12 300
6 84 56 70 10 0 5 0.00 0.0 0 3.4 13 200 M M 5 16 250
7 74 62 68 8 0 3 0.41 0.0 0 4.7 13 200 M M 9 1 17 170
8 79 66 73 13 0 8 T 0.0 0 7.0 13 210 M M 9 1 16 200
9 77 61 69 8 0 4 0.07 0.0 0 9.4 29 300 M M 8 3 37 300
10 61 41 51 -10 14 0 0.00 0.0 0 9.4 22 10 M M 4 29 10
11 73 39 56 -5 9 0 0.00 0.0 0 3.8 15 190 M M 2 18 180
12 74 56 65 3 0 0 2.80 0.0 0 11.6 35 240 M M 9 123 44 240
13 69 49 59 -3 6 0 T 0.0 0 11.1 29 260 M M 8 38 280
14 65 43 54 -8 11 0 0.00 0.0 0 9.7 17 320 M M 5 22 350
15 62 37 50 -12 15 0 0.00 0.0 0 7.6 23 20 M M 3 28 20
16 70 36 53 -9 12 0 0.00 0.0 0 2.7 14 30 M M 0 16 20
17 78 47 63 0 2 0 0.00 0.0 0 7.9 20 190 M M 6 3 26 180
18 69 50 60 -3 5 0 0.44 0.0 0 6.7 24 280 M M 7 13 29 290
19 61 49 55 -8 10 0 3.36 0.0 0 5.4 18 120 M M 9 13 27 120
20 73 52 63 -1 2 0 0.07 0.0 0 7.3 17 340 M M 5 1 23 330
21 78 49 64 0 1 0 0.00 0.0 0 5.9 21 330 M M 2 26 330
22 67 48 58 -6 7 0 0.20 0.0 0 4.6 16 110 M M 7 13 22 100
23 71 55 63 -1 2 0 1.09 0.0 0 10.5 29 130 M M 8 13 40 130
24 75 58 67 2 0 2 0.00 0.0 0 5.9 13 340 M M 5 21 290
25 79 58 69 4 0 4 0.01 0.0 0 11.5 28 260 M M 5 38 230
26 70 47 59 -6 6 0 0.00 0.0 0 12.5 26 290 M M 1 34 310
27 74 41 58 -8 7 0 0.00 0.0 0 3.1 15 320 M M 3 22 330
28 81 51 66 0 0 1 0.00 0.0 0 7.5 21 190 M M 8 28 190
29 73 56 65 -1 0 0 0.01 0.0 0 10.1 26 200 M M 8 38 150
30 71 50 61 -5 4 0 0.00 0.0 0 8.8 20 280 M M 5 25 300
================================================================================
SM 2186 1497 134 34 8.46 0.0 206.2 M 164
================================================================================
AV 72.9 49.9 6.9 FASTST M M 5 MAX(MPH)
MISC ----> # 35 240 # 44 240
================================================================================
NOTES:
# LAST OF SEVERAL OCCURRENCES
COLUMN 17 PEAK WIND IN M.P.H.
PRELIMINARY LOCAL CLIMATOLOGICAL DATA (WS FORM: F-6) , PAGE 2
STATION: BIRMINGHAM
MONTH: APRIL
YEAR: 2020
LATITUDE: 33 34 N
LONGITUDE: 86 45 W
[TEMPERATURE DATA] [PRECIPITATION DATA] SYMBOLS USED IN COLUMN 16
AVERAGE MONTHLY: 61.4 TOTAL FOR MONTH: 8.46 1 = FOG OR MIST
DPTR FM NORMAL: -1.1 DPTR FM NORMAL: 4.08 2 = FOG REDUCING VISIBILITY
HIGHEST: 84 ON 6 GRTST 24HR 3.36 ON 19-19 TO 1/4 MILE OR LESS
LOWEST: 36 ON 16 3 = THUNDER
SNOW, ICE PELLETS, HAIL 4 = ICE PELLETS
TOTAL MONTH: 0.0 INCH 5 = HAIL
GRTST 24HR 0.0 6 = FREEZING RAIN OR DRIZZLE
GRTST DEPTH: 0 7 = DUSTSTORM OR SANDSTORM:
VSBY 1/2 MILE OR LESS
8 = SMOKE OR HAZE
[NO. OF DAYS WITH] [WEATHER - DAYS WITH] 9 = BLOWING SNOW
X = TORNADO
MAX 32 OR BELOW: 0 0.01 INCH OR MORE: 10
MAX 90 OR ABOVE: 0 0.10 INCH OR MORE: 6
MIN 32 OR BELOW: 0 0.50 INCH OR MORE: 3
MIN 0 OR BELOW: 0 1.00 INCH OR MORE: 3
[HDD (BASE 65) ]
TOTAL THIS MO. 134 CLEAR (SCALE 0-3) 8
DPTR FM NORMAL -5 PTCLDY (SCALE 4-7) 18
TOTAL FM JUL 1 2069 CLOUDY (SCALE 8-10) 4
DPTR FM NORMAL -582
[CDD (BASE 65) ]
TOTAL THIS MO. 34
DPTR FM NORMAL -28 [PRESSURE DATA]
TOTAL FM JAN 1 114 HIGHEST SLP 30.33 ON 16
DPTR FM NORMAL 30 LOWEST SLP 29.50 ON 12
[REMARKS]
#FINAL-04-20#