000
CXUS55 KVEF 020144
CF6BIH
PRELIMINARY LOCAL CLIMATOLOGICAL DATA (WS FORM: F-6)
STATION: BISHOP CA
MONTH: DECEMBER
YEAR: 2022
LATITUDE: 37 22 N
LONGITUDE: 118 22 W
TEMPERATURE IN F: :PCPN: SNOW: WIND :SUNSHINE: SKY :PK WND
================================================================================
1 2 3 4 5 6A 6B 7 8 9 10 11 12 13 14 15 16 17 18
12Z AVG MX 2MIN
DY MAX MIN AVG DEP HDD CDD WTR SNW DPTH SPD SPD DIR MIN PSBL S-S WX SPD DR
================================================================================
1 60 18 39 -1 26 0 0.01 0.0 0 6.8 20 140 M M 4 24 160
2 54 27 41 1 24 0 T 0.0 0 7.1 21 10 M M 1 26 10
3 49 34 42 2 23 0 0.02 0.0 0 3.7 15 170 M M 8 22 140
4 62 32 47 8 18 0 0.13 0.0 0 8.0 23 160 M M 4 31 160
5 56 26 41 2 24 0 0.00 0.0 0 5.2 13 330 M M 1 14 330
6 51 17 34 -5 31 0 0.00 0.0 0 4.4 10 300 M M 3 12 220
7 49 22 36 -3 29 0 0.03 M M 3.8 10 40 M M 3 1 13 40
8 47 17 32 -6 33 0 0.00 0.0 0 5.2 15 170 M M 0 19 160
9 51 15 33 -5 32 0 0.00 0.0 0 3.4 9 310 M M 0 10 310
10 57 18 38 0 27 0 0.61 0.0 0 13.8 33 150 M M 4 1 45 170
11 43 23 33 -5 32 0 0.89 M M 8.7 22 160 M M 6 1 28 170
12 44 22 33 -5 32 0 0.00 0.0 0 7.8 18 320 M M 2 26 320
13 47 25 36 -2 29 0 0.00 0.0 0 9.5 17 10 M M 1 20 10
14 55 20 38 0 27 0 0.00 0.0 0 5.6 12 360 M M 0 15 350
15 54 23 39 1 26 0 0.00 0.0 0 9.9 21 340 M M 0 26 340
16 52 20 36 -2 29 0 0.00 0.0 0 5.5 12 310 M M 0 15 320
17 50 16 33 -5 32 0 0.00 0.0 0 4.7 9 290 M M 0 12 320
18 49 15 32 -6 33 0 0.00 0.0 0 4.8 9 340 M M 0 11 290
19 49 15 32 -6 33 0 0.00 0.0 0 4.1 10 300 M M 0 12 340
20 55 26 41 3 24 0 0.00 0.0 0 4.3 9 350 M M 1 10 50
21 57 21 39 1 26 0 0.00 0.0 0 3.8 9 20 M M 0 10 320
22 53 23 38 0 27 0 0.00 0.0 0 3.4 10 310 M M 0 11 310
23 61 25 43 5 22 0 0.00 0.0 0 5.0 10 360 M M 1 11 160
24 64 24 44 6 21 0 0.00 0.0 0 4.5 9 300 M M 0 10 320
25 69 25 47 9 18 0 0.00 0.0 0 5.1 10 290 M M 0 11 290
26 55 29 42 4 23 0 0.00 0.0 0 3.8 16 30 M M 0 18 20
27 48 32 40 2 25 0 0.23 0.0 0 5.6 16 10 M M 8 1 22 220
28 55 27 41 3 24 0 0.00 0.0 0 7.0 16 350 M M 0 21 330
29 49 28 39 1 26 0 0.00 0.0 0 2.8 9 250 M M 6 11 250
30 52 29 41 3 24 0 0.00 0.0 0 3.7 16 230 M M 3 23 240
31 50 32 41 3 24 0 0.64 M M 5.3 21 140 M M 7 1 27 150
================================================================================
SM 1647 726 824 0 2.56 0.0 176.3 M 63
================================================================================
AV 53.1 23.4 5.7 FASTST M M 2 MAX(MPH)
MISC ----> 33 150 45 170
================================================================================
NOTES:
# LAST OF SEVERAL OCCURRENCES
COLUMN 17 PEAK WIND IN M.P.H.
PRELIMINARY LOCAL CLIMATOLOGICAL DATA (WS FORM: F-6) , PAGE 2
STATION: BISHOP CA
MONTH: DECEMBER
YEAR: 2022
LATITUDE: 37 22 N
LONGITUDE: 118 22 W
[TEMPERATURE DATA] [PRECIPITATION DATA] SYMBOLS USED IN COLUMN 16
AVERAGE MONTHLY: 38.3 TOTAL FOR MONTH: 2.56 1 = FOG OR MIST
DPTR FM NORMAL: 0.0 DPTR FM NORMAL: 1.90 2 = FOG REDUCING VISIBILITY
HIGHEST: 69 ON 25 GRTST 24HR 1.50 ON 10-11 TO 1/4 MILE OR LESS
LOWEST: 15 ON 19,18 3 = THUNDER
SNOW, ICE PELLETS, HAIL 4 = ICE PELLETS
TOTAL MONTH: 0.0 INCH 5 = HAIL
GRTST 24HR 0.0 6 = FREEZING RAIN OR DRIZZLE
GRTST DEPTH: 0 7 = DUSTSTORM OR SANDSTORM:
VSBY 1/2 MILE OR LESS
8 = SMOKE OR HAZE
[NO. OF DAYS WITH] [WEATHER - DAYS WITH] 9 = BLOWING SNOW
X = TORNADO
MAX 32 OR BELOW: 0 0.01 INCH OR MORE: 8
MAX 90 OR ABOVE: 0 0.10 INCH OR MORE: 5
MIN 32 OR BELOW: 30 0.50 INCH OR MORE: 3
MIN 0 OR BELOW: 0 1.00 INCH OR MORE: 0
[HDD (BASE 65) ]
TOTAL THIS MO. 824 CLEAR (SCALE 0-3) 21
DPTR FM NORMAL -3 PTCLDY (SCALE 4-7) 10
TOTAL FM JUL 1 1718 CLOUDY (SCALE 8-10) 0
DPTR FM NORMAL 34
[CDD (BASE 65) ]
TOTAL THIS MO. 0
DPTR FM NORMAL 0 [PRESSURE DATA]
TOTAL FM JAN 1 1515 HIGHEST SLP 30.49 ON 24
DPTR FM NORMAL 304 LOWEST SLP 29.45 ON 11
[REMARKS]
#FINAL-12-22#