000
CXUS55 KBYZ 011100
CF6BIL
PRELIMINARY LOCAL CLIMATOLOGICAL DATA (WS FORM: F-6)
STATION: BILLINGS MT
MONTH: DECEMBER
YEAR: 2023
LATITUDE: 45 47 N
LONGITUDE: 108 32 W
TEMPERATURE IN F: :PCPN: SNOW: WIND :SUNSHINE: SKY :PK WND
================================================================================
1 2 3 4 5 6A 6B 7 8 9 10 11 12 13 14 15 16 17 18
12Z AVG MX 2MIN
DY MAX MIN AVG DEP HDD CDD WTR SNW DPTH SPD SPD DIR MIN PSBL S-S WX SPD DR
================================================================================
1 38 20 29 -2 36 0 0.00 0.0 0 12.8 21 240 M M 7 25 240
2 43 25 34 3 31 0 0.00 0.0 0 15.8 23 280 M M 7 32 250
3 44 34 39 9 26 0 0.00 0.0 0 16.2 36 270 M M 6 45 280
4 49 39 44 14 21 0 T 0.0 0 13.9 29 320 M M 9 41 290
5 61 43 52 22 13 0 T 0.0 0 19.4 29 240 M M 8 38 240
6 61 47 54 25 11 0 0.00 0.0 0 18.2 26 240 M M 7 34 230
7 51 36 44 15 21 0 0.06 0.0 0 16.4 35 310 M M 8 48 310
8 41 24 33 4 32 0 T T 0 7.7 18 270 M M 6 25 270
9 39 28 34 5 31 0 0.00 0.0 0 11.9 24 240 M M 6 33 240
10 50 34 42 14 23 0 0.00 0.0 0 17.3 30 270 M M 7 42 280
11 40 30 35 7 30 0 0.04 T 0 10.6 20 240 M M 8 1 25 230
12 42 26 34 6 31 0 0.00 0.0 0 7.9 16 240 M M 4 21 240
13 46 24 35 7 30 0 0.00 0.0 0 13.7 22 230 M M 0 29 230
14 54 24 39 11 26 0 0.00 0.0 0 13.3 23 230 M M 1 32 240
15 47 26 37 10 28 0 0.00 0.0 0 10.1 18 230 M M 3 23 230
16 51 28 40 13 25 0 0.00 0.0 0 16.5 28 240 M M 5 37 250
17 49 26 38 11 27 0 0.00 0.0 0 9.2 21 320 M M 4 27 330
18 52 23 38 11 27 0 0.00 0.0 0 13.7 26 240 M M 5 34 230
19 54 36 45 18 20 0 0.00 0.0 0 9.9 21 240 M M 4 25 240
20 57 37 47 20 18 0 0.00 0.0 0 10.1 17 240 M M 6 21 230
21 54 34 44 18 21 0 0.00 0.0 0 13.9 21 240 M M 3 28 240
22 57 34 46 20 19 0 0.00 0.0 0 13.0 18 230 M M 1 23 250
23 42 25 34 8 31 0 0.23 1.8 0 12.7 24 320 M M 9 1 35 310
24 30 18 24 -2 41 0 0.00 0.0 1 10.2 16 230 M M 4 21 230
25 29 13 21 -5 44 0 0.00 0.0 1 16.7 24 240 M M 1 29 230
26 32 15 24 -2 41 0 0.00 0.0 T 19.6 26 240 M M 2 35 240
27 38 22 30 4 35 0 0.00 0.0 T 16.6 24 240 M M 1 31 230
28 41 24 33 7 32 0 0.00 0.0 0 19.7 26 240 M M 3 33 240
29 42 24 33 7 32 0 0.00 0.0 0 17.6 24 240 M M 4 30 240
30 44 25 35 9 30 0 0.00 0.0 0 9.7 22 230 M M 1 27 230
31 42 23 33 7 32 0 0.00 0.0 0 12.9 21 240 M M 5 26 240
================================================================================
SM 1420 867 865 0 0.33 1.8 427.2 M 145
================================================================================
AV 45.8 28.0 13.8 FASTST M M 5 MAX(MPH)
MISC ----> 36 270 48 310
================================================================================
NOTES:
# LAST OF SEVERAL OCCURRENCES
COLUMN 17 PEAK WIND IN M.P.H.
PRELIMINARY LOCAL CLIMATOLOGICAL DATA (WS FORM: F-6) , PAGE 2
STATION: BILLINGS MT
MONTH: DECEMBER
YEAR: 2023
LATITUDE: 45 47 N
LONGITUDE: 108 32 W
[TEMPERATURE DATA] [PRECIPITATION DATA] SYMBOLS USED IN COLUMN 16
AVERAGE MONTHLY: 36.9 TOTAL FOR MONTH: 0.33 1 = FOG OR MIST
DPTR FM NORMAL: 9.3 DPTR FM NORMAL: -0.24 2 = FOG REDUCING VISIBILITY
HIGHEST: 61 ON 6, 5 GRTST 24HR 0.23 ON 23-23 TO 1/4 MILE OR LESS
LOWEST: 13 ON 25 3 = THUNDER
SNOW, ICE PELLETS, HAIL 4 = ICE PELLETS
TOTAL MONTH: 1.8 INCHES 5 = HAIL
GRTST 24HR 1.8 ON 23-23 6 = FREEZING RAIN OR DRIZZLE
GRTST DEPTH: 1 ON 25,24 7 = DUSTSTORM OR SANDSTORM:
VSBY 1/2 MILE OR LESS
8 = SMOKE OR HAZE
[NO. OF DAYS WITH] [WEATHER - DAYS WITH] 9 = BLOWING SNOW
X = TORNADO
MAX 32 OR BELOW: 3 0.01 INCH OR MORE: 3
MAX 90 OR ABOVE: 0 0.10 INCH OR MORE: 1
MIN 32 OR BELOW: 21 0.50 INCH OR MORE: 0
MIN 0 OR BELOW: 0 1.00 INCH OR MORE: 0
[HDD (BASE 65) ]
TOTAL THIS MO. 865 CLEAR (SCALE 0-3) 9
DPTR FM NORMAL -293 PTCLDY (SCALE 4-7) 20
TOTAL FM JUL 1 2224 CLOUDY (SCALE 8-10) 2
DPTR FM NORMAL -537
[CDD (BASE 65) ]
TOTAL THIS MO. 0
DPTR FM NORMAL 0 [PRESSURE DATA]
TOTAL FM JAN 1 715 HIGHEST SLP 30.46 ON 15
DPTR FM NORMAL 53 LOWEST SLP 29.47 ON 7
[REMARKS]
#FINAL-12-23#