000
CXUS52 KTBW 241000
CF6BKV
PRELIMINARY LOCAL CLIMATOLOGICAL DATA (WS FORM: F-6)
STATION: BROOKSVILLE
MONTH: APRIL
YEAR: 2024
LATITUDE: 28 28 N
LONGITUDE: 82 27 W
TEMPERATURE IN F: :PCPN: SNOW: WIND :SUNSHINE: SKY :PK WND
================================================================================
1 2 3 4 5 6A 6B 7 8 9 10 11 12 13 14 15 16 17 18
12Z AVG MX 2MIN
DY MAX MIN AVG DEP HDD CDD WTR SNW DPTH SPD SPD DIR MIN PSBL S-S WX SPD DR
================================================================================
1 83 55 69 3 0 4 0.00 0.0 0 5.1 15 150 M M 0 1 20 150
2 86 58 72 5 0 7 0.00 0.0 0 8.2 18 210 M M 2 1 24 190
3 82 60 71 4 0 6 0.31 0.0 0 12.5 36 300 M M 7 13 51 280
4 73 53 63 -4 2 0 0.00 0.0 0 9.6 21 270 M M 0 30 270
5 77 47 62 -5 3 0 0.00 0.0 0 9.2 22 270 M M 0 1 30 250
6 76 46 61 -6 4 0 0.00 0.0 0 5.8 16 280 M M 0 12 23 280
7 79 44 62 -6 3 0 0.00 0.0 0 3.3 13 60 M M 0 1 17 70
8 81 48 65 -3 0 0 0.00 0.0 0 6.9 18 120 M M 0 25 110
9 83 59 71 3 0 6 0.00 0.0 0 9.2 21 160 M M 2 29 130
10 86 63 75 7 0 10 0.00 0.0 0 9.1 17 140 M M 3 24 170
11 80 68 74 6 0 9 1.43 0.0 0 17.1 31 180 M M 7 123 45 200
12 77 52 65 -3 0 0 0.00 0.0 0 10.7 22 260 M M 1 38 270
13 81 46 64 -5 1 0 0.00 0.0 0 4.2 15 20 M M 0 12 20 20
14 84 45 65 -4 0 0 0.00 0.0 0 3.8 14 250 M M 0 20 250
15 86 52 69 0 0 4 0.00 0.0 0 2.9 13 300 M M 0 1 17 60
16 87 52 70 1 0 5 0.00 0.0 0 6.4 15 130 M M 0 1 22 60
17 88 56 72 2 0 7 0.00 0.0 0 4.9 15 290 M M 0 1 21 140
18 88 61 75 5 0 10 0.00 0.0 0 4.3 12 250 M M 0 1 16 300
19 87 60 74 4 0 9 0.00 0.0 0 4.5 16 280 M M 0 1 24 290
20 87 57 72 2 0 7 0.00 0.0 0 4.1 15 280 M M 1 12 21 280
21 85 61 73 3 0 8 0.23 0.0 0 7.4 20 260 M M 3 13 29 250
22 79 59 69 -1 0 4 0.00 0.0 0 9.8 17 300 M M 4 24 360
23 80 51 66 -5 0 1 0.00 M M 7.9 16 100 M M 0 23 90
================================================================================
SM 1895 1253 13 97 1.97 0.0 166.9 M 30
================================================================================
AV 82.4 54.5 7.3 FASTST M M 1 MAX(MPH)
MISC ----> 36 300 51 280
================================================================================
NOTES:
# LAST OF SEVERAL OCCURRENCES
COLUMN 17 PEAK WIND IN M.P.H.
PRELIMINARY LOCAL CLIMATOLOGICAL DATA (WS FORM: F-6) , PAGE 2
STATION: BROOKSVILLE
MONTH: APRIL
YEAR: 2024
LATITUDE: 28 28 N
LONGITUDE: 82 27 W
[TEMPERATURE DATA] [PRECIPITATION DATA] SYMBOLS USED IN COLUMN 16
AVERAGE MONTHLY: 68.4 TOTAL FOR MONTH: 1.97 1 = FOG OR MIST
DPTR FM NORMAL: -0.1 DPTR FM NORMAL: 0.27 2 = FOG REDUCING VISIBILITY
HIGHEST: 88 ON 18,17 GRTST 24HR 1.43 ON 11-11 TO 1/4 MILE OR LESS
LOWEST: 44 ON 7 3 = THUNDER
SNOW, ICE PELLETS, HAIL 4 = ICE PELLETS
TOTAL MONTH: 0.0 INCH 5 = HAIL
GRTST 24HR 0.0 6 = FREEZING RAIN OR DRIZZLE
GRTST DEPTH: 0 7 = DUSTSTORM OR SANDSTORM:
VSBY 1/2 MILE OR LESS
8 = SMOKE OR HAZE
[NO. OF DAYS WITH] [WEATHER - DAYS WITH] 9 = BLOWING SNOW
X = TORNADO
MAX 32 OR BELOW: 0 0.01 INCH OR MORE: 3
MAX 90 OR ABOVE: 0 0.10 INCH OR MORE: 3
MIN 32 OR BELOW: 0 0.50 INCH OR MORE: 1
MIN 0 OR BELOW: 0 1.00 INCH OR MORE: 1
[HDD (BASE 65) ]
TOTAL THIS MO. 13 CLEAR (SCALE 0-3) 20
DPTR FM NORMAL -17 PTCLDY (SCALE 4-7) 3
TOTAL FM JUL 1 654 CLOUDY (SCALE 8-10) 0
DPTR FM NORMAL -220
[CDD (BASE 65) ]
TOTAL THIS MO. 97
DPTR FM NORMAL -13 [PRESSURE DATA]
TOTAL FM JAN 1 306 HIGHEST SLP M ON M
DPTR FM NORMAL 39 LOWEST SLP 29.66 ON 3
[REMARKS]