000
CXUS52 KTBW 011336
CF6BKV
PRELIMINARY LOCAL CLIMATOLOGICAL DATA (WS FORM: F-6)
STATION: BROOKSVILLE
MONTH: MAY
YEAR: 2022
LATITUDE: 28 28 N
LONGITUDE: 82 27 W
TEMPERATURE IN F: :PCPN: SNOW: WIND :SUNSHINE: SKY :PK WND
================================================================================
1 2 3 4 5 6A 6B 7 8 9 10 11 12 13 14 15 16 17 18
12Z AVG MX 2MIN
DY MAX MIN AVG DEP HDD CDD WTR SNW DPTH SPD SPD DIR MIN PSBL S-S WX SPD DR
================================================================================
1 90 64 77 5 0 12 0.39 0.0 0 4.6 23 60 M M 2 123 33 50
2 91 64 78 6 0 13 0.00 0.0 0 4.1 13 320 M M 1 1 17 320
3 92 70 81 8 0 16 T 0.0 0 6.1 21 150 M M 2 3 28 140
4 90 65 78 5 0 13 0.20 0.0 0 4.0 15 310 M M 1 13 20 310
5 95 67 81 8 0 16 0.00 0.0 0 4.2 16 250 M M 1 1 22 250
6 93 67 80 7 0 15 0.00 0.0 0 9.0 21 230 M M 2 12 27 180
7 89 69 79 5 0 14 T 0.0 0 13.0 23 290 M M 3 32 230
8 90 65 78 4 0 13 0.00 0.0 0 8.5 20 300 M M 1 29 310
9 90 66 78 4 0 13 0.00 0.0 0 10.3 20 70 M M 2 29 50
10 88 54 71 -3 0 6 0.00 0.0 0 7.8 17 50 M M 0 1 24 40
11 90 54 72 -2 0 7 0.00 0.0 0 7.7 23 50 M M 0 32 10
12 89 56 73 -2 0 8 0.32 0.0 0 7.0 17 300 M M 3 3 25 40
13 85 65 75 0 0 10 0.00 0.0 0 3.3 14 280 M M 3 138 20 250
14 88 60 74 -1 0 9 0.00 0.0 0 5.3 17 270 M M 1 1 24 280
15 89 64 77 2 0 12 0.10 0.0 0 5.8 23 310 M M 2 3 30 310
16 87 62 75 0 0 10 0.00 0.0 0 5.8 17 270 M M 2 1 28 290
17 89 62 76 0 0 11 0.00 0.0 0 5.4 16 300 M M 1 1 23 290
18 90 64 77 1 0 12 0.02 0.0 0 4.1 16 200 M M 2 123 24 210
19 89 65 77 1 0 12 0.00 0.0 0 3.5 13 290 M M 4 128 17 280
20 90 62 76 0 0 11 2.37 0.0 0 6.9 18 170 M M 6 13 24 200
21 88 70 79 3 0 14 0.35 0.0 0 8.1 23 290 M M 3 138 34 300
22 93 69 81 4 0 16 T 0.0 0 6.5 28 270 M M 5 13 39 270
23 91 71 81 4 0 16 0.00 0.0 0 5.9 15 300 M M 2 20 310
24 92 73 83 6 0 18 0.00 0.0 0 7.7 17 170 M M 2 27 170
25 90 69 80 3 0 15 0.00 0.0 0 7.7 16 140 M M 2 22 120
26 92 73 83 6 0 18 0.00 0.0 0 7.9 18 300 M M 2 24 150
27 88 71 80 2 0 15 0.01 0.0 0 7.3 21 230 M M 4 3 27 200
28 90 65 78 0 0 13 0.00 0.0 0 4.7 15 290 M M 2 12 21 310
29 93 61 77 -1 0 12 0.00 0.0 0 4.9 15 160 M M 1 1 21 170
30 93 68 81 3 0 16 0.03 0.0 0 5.6 21 230 M M 1 3 27 240
31 93 63 78 0 0 13 0.00 0.0 0 6.0 22 50 M M 1 12 30 50
================================================================================
SM 2797 2018 0 399 3.79 0.0 198.7 M 64
================================================================================
AV 90.2 65.1 6.4 FASTST M M 2 MAX(MPH)
MISC ----> 28 270 39 270
================================================================================
NOTES:
# LAST OF SEVERAL OCCURRENCES
COLUMN 17 PEAK WIND IN M.P.H.
PRELIMINARY LOCAL CLIMATOLOGICAL DATA (WS FORM: F-6) , PAGE 2
STATION: BROOKSVILLE
MONTH: MAY
YEAR: 2022
LATITUDE: 28 28 N
LONGITUDE: 82 27 W
[TEMPERATURE DATA] [PRECIPITATION DATA] SYMBOLS USED IN COLUMN 16
AVERAGE MONTHLY: 77.7 TOTAL FOR MONTH: 3.79 1 = FOG OR MIST
DPTR FM NORMAL: 2.4 DPTR FM NORMAL: 0.44 2 = FOG REDUCING VISIBILITY
HIGHEST: 95 ON 5 GRTST 24HR 2.63 ON 20-21 TO 1/4 MILE OR LESS
LOWEST: 54 ON 11,10 3 = THUNDER
SNOW, ICE PELLETS, HAIL 4 = ICE PELLETS
TOTAL MONTH: 0.0 INCH 5 = HAIL
GRTST 24HR 0.0 6 = FREEZING RAIN OR DRIZZLE
GRTST DEPTH: 0 7 = DUSTSTORM OR SANDSTORM:
VSBY 1/2 MILE OR LESS
8 = SMOKE OR HAZE
[NO. OF DAYS WITH] [WEATHER - DAYS WITH] 9 = BLOWING SNOW
X = TORNADO
MAX 32 OR BELOW: 0 0.01 INCH OR MORE: 9
MAX 90 OR ABOVE: 20 0.10 INCH OR MORE: 6
MIN 32 OR BELOW: 0 0.50 INCH OR MORE: 1
MIN 0 OR BELOW: 0 1.00 INCH OR MORE: 1
[HDD (BASE 65) ]
TOTAL THIS MO. 0 CLEAR (SCALE 0-3) 26
DPTR FM NORMAL -1 PTCLDY (SCALE 4-7) 5
TOTAL FM JUL 1 323 CLOUDY (SCALE 8-10) 0
DPTR FM NORMAL -551
[CDD (BASE 65) ]
TOTAL THIS MO. 399
DPTR FM NORMAL 77 [PRESSURE DATA]
TOTAL FM JAN 1 861 HIGHEST SLP 30.24 ON 21
DPTR FM NORMAL 224 LOWEST SLP 29.76 ON 7
[REMARKS]
#FINAL-05-22#