000
CXUS55 KBOI 021405
CF6BOI
PRELIMINARY LOCAL CLIMATOLOGICAL DATA (WS FORM: F-6)
STATION: BOISE ID
MONTH: MAY
YEAR: 2022
LATITUDE: 43 34 N
LONGITUDE: 116 13 W
TEMPERATURE IN F: :PCPN: SNOW: WIND :SUNSHINE: SKY :PK WND
================================================================================
1 2 3 4 5 6A 6B 7 8 9 10 11 12 13 14 15 16 17 18
12Z AVG MX 2MIN
DY MAX MIN AVG DEP HDD CDD WTR SNW DPTH SPD SPD DIR MIN PSBL S-S WX SPD DR
================================================================================
1 66 43 55 0 10 0 T 0.0 0 12.0 24 310 M M 6 33 300
2 66 41 54 -2 11 0 0.25 0.0 0 14.7 33 250 M M 4 3 43 250
3 65 38 52 -4 13 0 0.45 0.0 0 15.6 28 310 M M 6 1 37 310
4 72 39 56 0 9 0 0.00 0.0 0 3.9 13 120 M M 0 17 270
5 70 52 61 4 4 0 T 0.0 0 12.0 29 250 M M 4 39 240
6 74 48 61 4 4 0 0.05 0.0 0 9.1 29 290 M M 7 13 42 280
7 58 41 50 -7 15 0 0.29 T 0 8.8 31 300 M M 7 13 46 300
8 53 34 44 -14 21 0 0.03 T 0 6.0 24 280 M M 8 1 32 280
9 44 33 39 -19 26 0 0.26 0.5 T 6.7 18 290 M M 8 1 27 280
10 55 30 43 -15 22 0 0.00 0.0 0 5.6 14 340 M M 0 22 360
11 61 35 48 -11 17 0 0.00 0.0 0 8.1 18 340 M M 3 25 330
12 63 34 49 -10 16 0 0.17 0.0 0 5.9 24 290 M M 5 1 32 300
13 63 45 54 -5 11 0 0.08 0.0 0 4.9 22 280 M M 5 1 32 290
14 71 51 61 1 4 0 0.03 0.0 0 6.0 16 110 M M 6 20 330
15 85 50 68 8 0 3 0.00 0.0 0 10.2 22 140 M M 0 3 30 140
16 78 54 66 6 0 1 0.00 0.0 0 8.1 20 350 M M 0 28 330
17 74 48 61 1 4 0 0.00 0.0 0 8.2 18 340 M M 0 26 320
18 76 46 61 0 4 0 T 0.0 0 6.2 18 230 M M 1 29 220
19 58 41 50 -11 15 0 0.00 0.0 0 18.1 30 350 M M 3 41 320
20 65 38 52 -9 13 0 0.00 0.0 0 8.0 18 320 M M 2 25 290
21 68 42 55 -7 10 0 T 0.0 0 7.7 24 310 M M 2 33 320
22 68 43 56 -6 9 0 0.00 0.0 0 7.8 23 320 M M 1 30 310
23 71 45 58 -4 7 0 0.00 0.0 0 M 20 300 M M M M M
24 72 43 58 -4 7 0 0.00 0.0 0 7.0 18 320 M M 0 25 290
25 82 51 67 5 0 2 0.00 0.0 0 5.0 12 350 M M 1 15 340
26 88 54 71 8 0 6 T 0.0 0 5.2 18 310 M M 1 3 23 320
27 78 56 67 4 0 2 0.12 0.0 0 5.5 24 260 M M 5 1 35 270
28 69 50 60 -3 5 0 0.33 0.0 0 7.2 28 290 M M 8 1 40 290
29 51 46 49 -14 16 0 0.08 0.0 0 13.9 26 310 M M 10 33 310
30 51 42 47 -17 18 0 0.32 0.0 0 11.8 23 300 M M 10 1 30 300
31 66 45 56 -8 9 0 T 0.0 0 2.2 8 140 M M 7 11 270
================================================================================
SM 2081 1358 300 14 2.46 0.5 251.4 M 120
================================================================================
AV 67.1 43.8 8.4 FASTST M M 4 MAX(MPH)
MISC ----> 33 250 46 300
================================================================================
NOTES:
# LAST OF SEVERAL OCCURRENCES
COLUMN 17 PEAK WIND IN M.P.H.
PRELIMINARY LOCAL CLIMATOLOGICAL DATA (WS FORM: F-6) , PAGE 2
STATION: BOISE ID
MONTH: MAY
YEAR: 2022
LATITUDE: 43 34 N
LONGITUDE: 116 13 W
[TEMPERATURE DATA] [PRECIPITATION DATA] SYMBOLS USED IN COLUMN 16
AVERAGE MONTHLY: 55.5 TOTAL FOR MONTH: 2.46 1 = FOG OR MIST
DPTR FM NORMAL: -4.4 DPTR FM NORMAL: 1.01 2 = FOG REDUCING VISIBILITY
HIGHEST: 88 ON 26 GRTST 24HR 0.59 ON 2- 3 TO 1/4 MILE OR LESS
LOWEST: 30 ON 10 3 = THUNDER
SNOW, ICE PELLETS, HAIL 4 = ICE PELLETS
TOTAL MONTH: 0.5 INCH 5 = HAIL
GRTST 24HR 0.5 ON 9- 9 6 = FREEZING RAIN OR DRIZZLE
GRTST DEPTH: T 7 = DUSTSTORM OR SANDSTORM:
VSBY 1/2 MILE OR LESS
8 = SMOKE OR HAZE
[NO. OF DAYS WITH] [WEATHER - DAYS WITH] 9 = BLOWING SNOW
X = TORNADO
MAX 32 OR BELOW: 0 0.01 INCH OR MORE: 13
MAX 90 OR ABOVE: 0 0.10 INCH OR MORE: 8
MIN 32 OR BELOW: 1 0.50 INCH OR MORE: 0
MIN 0 OR BELOW: 0 1.00 INCH OR MORE: 0
[HDD (BASE 65) ]
TOTAL THIS MO. 300 CLEAR (SCALE 0-3) 14
DPTR FM NORMAL 100 PTCLDY (SCALE 4-7) 14
TOTAL FM JUL 1 5375 CLOUDY (SCALE 8-10) 3
DPTR FM NORMAL 117
[CDD (BASE 65) ]
TOTAL THIS MO. 14
DPTR FM NORMAL -28 [PRESSURE DATA]
TOTAL FM JAN 1 14 HIGHEST SLP 30.22 ON 13
DPTR FM NORMAL -31 LOWEST SLP 29.54 ON 6
[REMARKS]
#FINAL-05-22#