000
CXUS54 KLZK 011130
CF6BPK
PRELIMINARY LOCAL CLIMATOLOGICAL DATA (WS FORM: F-6)
STATION: MOUNTAIN HOME AIRPORT
MONTH: JULY
YEAR: 2021
LATITUDE: 36 22 N
LONGITUDE: 92 28 W
TEMPERATURE IN F: :PCPN: SNOW: WIND :SUNSHINE: SKY :PK WND
================================================================================
1 2 3 4 5 6A 6B 7 8 9 10 11 12 13 14 15 16 17 18
12Z AVG MX 2MIN
DY MAX MIN AVG DEP HDD CDD WTR SNW DPTH SPD SPD DIR MIN PSBL S-S WX SPD DR
================================================================================
1 84 69 77 -1 0 12 0.55 M M 1.7 9 30 M M 7 13 16 360
2 83 66 75 -3 0 10 0.00 M M 3.9 8 90 M M 2 M M
3 83 61 72 -6 0 7 0.00 M M 2.8 9 100 M M 1 13 100
4 84 61 73 -6 0 8 0.00 M M 1.8 9 120 M M 0 13 80
5 87 62 75 -4 0 10 0.00 M M 2.8 10 140 M M 1 14 150
6 88 66 77 -2 0 12 0.00 M M 1.7 9 200 M M 2 1 13 200
7 90 69 80 1 0 15 0.00 M M 2.1 10 250 M M 3 3 18 240
8 91 69 80 1 0 15 0.00 M M 2.0 9 270 M M 1 14 250
9 91 70 81 2 0 16 0.01 M M 2.7 13 190 M M 3 13 19 180
10 86 68 77 -2 0 12 0.02 M M 3.8 15 240 M M 4 23 240
11 82 66 74 -5 0 9 T M M 3.2 9 290 M M 7 18 17 340
12 78 65 72 -7 0 7 T M M 1.8 9 310 M M 7 14 320
13 88 62 75 -4 0 10 0.00 M M 0.9 4 190 M M 2 M M
14 92 65 79 -1 0 14 0.00 M M 4.7 16 220 M M 1 23 200
15 92 70 81 1 0 16 0.00 M M 6.3 15 220 M M 1 22 220
16 83 68 76 -4 0 11 0.92 M M 4.0 12 350 M M 4 13 18 350
17 87 68 78 -2 0 13 0.13 M M 2.4 15 170 M M 4 13 21 180
18 87 68 78 -2 0 13 0.01 M M 1.5 12 90 M M 7 12 17 80
19 85 69 77 -3 0 12 0.00 M M 3.7 13 80 M M 3 1 19 90
20 85 67 76 -4 0 11 0.00 M M 3.8 10 110 M M 1 16 130
21 87 65 76 -4 0 11 0.00 M M 2.0 8 80 M M 1 18 11 90
22 88 68 78 -2 0 13 T M M 3.0 9 160 M M 2 138 13 70
23 90 70 80 0 0 15 0.00 M M 2.4 8 260 M M 3 1 11 20
24 94 72 83 3 0 18 0.00 M M 1.7 10 230 M M 0 1 15 230
25 93 72 83 3 0 18 0.00 M M 2.2 12 110 M M 1 3 16 110
26 95 72 84 4 0 19 0.00 M M 2.7 16 130 M M 2 3 23 150
27 94 73 84 4 0 19 0.30 M M 1.9 14 110 M M 2 3 17 110
28 96 74 85 5 0 20 0.00 M M 1.1 7 220 M M 2 1 9 230
29 96 73 85 5 0 20 0.00 M M 1.9 7 210 M M 0 10 210
30 98 73 86 6 0 21 0.00 M M 1.0 7 340 M M 0 1 13 350
31 98 71 85 5 0 20 0.00 0.0 0 2.4 13 70 M M 1 23 90
================================================================================
SM 2755 2112 0 427 1.94 0.0 79.9 M 75
================================================================================
AV 88.9 68.1 2.6 FASTST M M 2 MAX(MPH)
MISC ----> # 16 220 # 23 200
================================================================================
NOTES:
# LAST OF SEVERAL OCCURRENCES
COLUMN 17 PEAK WIND IN M.P.H.
PRELIMINARY LOCAL CLIMATOLOGICAL DATA (WS FORM: F-6) , PAGE 2
STATION: MOUNTAIN HOME AIRPORT
MONTH: JULY
YEAR: 2021
LATITUDE: 36 22 N
LONGITUDE: 92 28 W
[TEMPERATURE DATA] [PRECIPITATION DATA] SYMBOLS USED IN COLUMN 16
AVERAGE MONTHLY: 78.5 TOTAL FOR MONTH: 1.94 1 = FOG OR MIST
DPTR FM NORMAL: -0.9 DPTR FM NORMAL: -1.69 2 = FOG REDUCING VISIBILITY
HIGHEST: 98 ON 30,31 GRTST 24HR 1.37 ON 30- 1 TO 1/4 MILE OR LESS
LOWEST: 61 ON 4, 3 3 = THUNDER
SNOW, ICE PELLETS, HAIL 4 = ICE PELLETS
TOTAL MONTH: 0.0 INCH 5 = HAIL
GRTST 24HR 0.0 6 = FREEZING RAIN OR DRIZZLE
GRTST DEPTH: 0 7 = DUSTSTORM OR SANDSTORM:
VSBY 1/2 MILE OR LESS
8 = SMOKE OR HAZE
[NO. OF DAYS WITH] [WEATHER - DAYS WITH] 9 = BLOWING SNOW
X = TORNADO
MAX 32 OR BELOW: 0 0.01 INCH OR MORE: 7
MAX 90 OR ABOVE: 14 0.10 INCH OR MORE: 4
MIN 32 OR BELOW: 0 0.50 INCH OR MORE: 2
MIN 0 OR BELOW: 0 1.00 INCH OR MORE: 0
[HDD (BASE 65) ]
TOTAL THIS MO. 0 CLEAR (SCALE 0-3) 23
DPTR FM NORMAL 0 PTCLDY (SCALE 4-7) 8
TOTAL FM JUL 1 0 CLOUDY (SCALE 8-10) 0
DPTR FM NORMAL 0
[CDD (BASE 65) ]
TOTAL THIS MO. 427
DPTR FM NORMAL -19 [PRESSURE DATA]
TOTAL FM JAN 1 867 HIGHEST SLP 30.18 ON 14
DPTR FM NORMAL -61 LOWEST SLP 29.77 ON 10
[REMARKS]
#FINAL-07-21#