000
CXUS54 KLCH 010830
CF6BPT
PRELIMINARY LOCAL CLIMATOLOGICAL DATA (WS FORM: F-6)
STATION: BEAUMONT PORT ARTHUR
MONTH: JUNE
YEAR: 2022
LATITUDE: 29 57 N
LONGITUDE: 94 1 W
TEMPERATURE IN F: :PCPN: SNOW: WIND :SUNSHINE: SKY :PK WND
================================================================================
1 2 3 4 5 6A 6B 7 8 9 10 11 12 13 14 15 16 17 18
12Z AVG MX 2MIN
DY MAX MIN AVG DEP HDD CDD WTR SNW DPTH SPD SPD DIR MIN PSBL S-S WX SPD DR
================================================================================
1 91 75 83 3 0 18 0.01 0.0 M 8.3 16 150 M M 2 24 170
2 93 69 81 1 0 16 0.76 0.0 M 5.1 45 360 M M 4 123 67 360
3 86 70 78 -3 0 13 0.00 0.0 M 8.7 17 40 M M 3 8 23 20
4 90 70 80 -1 0 15 1.33 0.0 M 4.4 22 60 M M 3 13 29 60
5 90 68 79 -2 0 14 0.00 0.0 M 4.2 14 190 M M 2 1 19 200
6 89 73 81 0 0 16 0.00 0.0 M 11.2 21 170 M M 3 27 170
7 91 75 83 2 0 18 0.00 0.0 M 10.5 22 170 M M 2 28 170
8 92 76 84 3 0 19 0.00 0.0 M 9.4 16 180 M M 2 24 190
9 94 75 85 3 0 20 0.00 0.0 M 4.5 15 180 M M 2 1 20 190
10 94 72 83 1 0 18 0.00 0.0 M 7.9 20 190 M M 2 1 32 190
11 94 77 86 4 0 21 0.00 0.0 M 7.6 16 200 M M 2 23 240
12 94 77 86 4 0 21 0.00 0.0 M 9.8 20 220 M M 2 29 220
13 95 77 86 4 0 21 0.00 0.0 M 10.0 20 160 M M 0 27 160
14 94 78 86 4 0 21 0.00 0.0 M 10.8 18 170 M M 2 26 160
15 95 76 86 4 0 21 0.00 0.0 M 8.4 16 160 M M 2 1 23 180
16 98 73 86 4 0 21 0.00 0.0 M 4.5 26 70 M M 1 1 33 90
17 95 75 85 3 0 20 T 0.0 M 4.1 16 110 M M 2 38 21 110
18 97 76 87 5 0 22 0.00 0.0 M 3.5 13 190 M M 1 13 18 190
19 100 75 88 6 0 23 0.00 0.0 0 4.2 14 200 M M 2 3 18 190
20 98 78 88 5 0 23 0.00 0.0 M 7.2 16 150 M M 1 23 130
21 97 77 87 4 0 22 0.00 0.0 0 7.3 18 130 M M 3 28 120
22 94 76 85 2 0 20 0.00 0.0 0 5.1 15 170 M M 1 3 20 170
23 100 73 87 4 0 22 0.00 0.0 0 6.1 17 180 M M 1 22 170
24 98 76 87 4 0 22 0.00 0.0 M 6.0 15 190 M M 1 22 160
25 99 70 85 2 0 20 0.00 0.0 0 6.6 17 180 M M 1 1 23 170
26 101 75 88 5 0 23 0.05 0.0 M 7.1 21 10 M M 1 13 27 10
27 96 76 86 3 0 21 0.00 0.0 M 7.2 16 70 M M 1 3 24 70
28 95 77 86 3 0 21 0.00 0.0 M 8.7 16 70 M M 1 22 70
29 94 75 85 2 0 20 0.01 0.0 M 7.3 28 80 M M 1 3 36 80
30 80 73 77 -6 0 12 1.38 0.0 M 7.3 20 160 M M 7 13 25 180
================================================================================
SM 2824 2233 0 584 3.54 0.0 213.0 M 58
================================================================================
AV 94.1 74.4 7.1 FASTST M M 2 MAX(MPH)
MISC ----> 45 360 67 360
================================================================================
NOTES:
# LAST OF SEVERAL OCCURRENCES
COLUMN 17 PEAK WIND IN M.P.H.
PRELIMINARY LOCAL CLIMATOLOGICAL DATA (WS FORM: F-6) , PAGE 2
STATION: BEAUMONT PORT ARTHUR
MONTH: JUNE
YEAR: 2022
LATITUDE: 29 57 N
LONGITUDE: 94 1 W
[TEMPERATURE DATA] [PRECIPITATION DATA] SYMBOLS USED IN COLUMN 16
AVERAGE MONTHLY: 84.3 TOTAL FOR MONTH: 3.54 1 = FOG OR MIST
DPTR FM NORMAL: 2.3 DPTR FM NORMAL: -3.16 2 = FOG REDUCING VISIBILITY
HIGHEST: 101 ON 26 GRTST 24HR 1.38 ON 30-30 TO 1/4 MILE OR LESS
LOWEST: 68 ON 5 3 = THUNDER
SNOW, ICE PELLETS, HAIL 4 = ICE PELLETS
TOTAL MONTH: 0.0 INCH 5 = HAIL
GRTST 24HR 0.0 6 = FREEZING RAIN OR DRIZZLE
GRTST DEPTH: 0 7 = DUSTSTORM OR SANDSTORM:
VSBY 1/2 MILE OR LESS
8 = SMOKE OR HAZE
[NO. OF DAYS WITH] [WEATHER - DAYS WITH] 9 = BLOWING SNOW
X = TORNADO
MAX 32 OR BELOW: 0 0.01 INCH OR MORE: 6
MAX 90 OR ABOVE: 27 0.10 INCH OR MORE: 3
MIN 32 OR BELOW: 0 0.50 INCH OR MORE: 3
MIN 0 OR BELOW: 0 1.00 INCH OR MORE: 2
[HDD (BASE 65) ]
TOTAL THIS MO. 0 CLEAR (SCALE 0-3) 25
DPTR FM NORMAL 0 PTCLDY (SCALE 4-7) 5
TOTAL FM JUL 1 1138 CLOUDY (SCALE 8-10) 0
DPTR FM NORMAL -124
[CDD (BASE 65) ]
TOTAL THIS MO. 584
DPTR FM NORMAL 74 [PRESSURE DATA]
TOTAL FM JAN 1 1321 HIGHEST SLP 30.15 ON 21
DPTR FM NORMAL 178 LOWEST SLP 29.73 ON 6
[REMARKS]
#FINAL-06-22#