000
CXUS54 KBRO 030403
CF6BRO
PRELIMINARY LOCAL CLIMATOLOGICAL DATA (WS FORM: F-6)
STATION: BROWNSVILLE
MONTH: NOVEMBER
YEAR: 2023
LATITUDE: 25 53 N
LONGITUDE: 97 26 W
TEMPERATURE IN F: :PCPN: SNOW: WIND :SUNSHINE: SKY :PK WND
================================================================================
1 2 3 4 5 6A 6B 7 8 9 10 11 12 13 14 15 16 17 18
12Z AVG MX 2MIN
DY MAX MIN AVG DEP HDD CDD WTR SNW DPTH SPD SPD DIR MIN PSBL S-S WX SPD DR
================================================================================
1 72 50 61 -13 4 0 0.00 0.0 0 10.9 20 10 M M 2 31 340
2 75 52 64 -10 1 0 0.00 0.0 0 6.1 16 90 M M 5 22 110
3 84 60 72 -2 0 7 0.00 0.0 0 4.9 16 120 M M 7 23 30
4 86 60 73 0 0 8 0.00 0.0 0 4.9 15 110 M M 2 20 110
5 86 60 73 0 0 8 0.00 0.0 0 4.8 16 80 M M 2 1 23 80
6 88 65 77 4 0 12 0.00 0.0 0 7.6 20 160 M M 1 27 160
7 87 65 76 3 0 11 0.00 0.0 0 9.4 23 150 M M 3 12 29 150
8 88 69 79 7 0 14 0.00 0.0 0 11.4 22 150 M M 3 30 160
9 85 74 80 8 0 15 0.10 0.0 0 10.3 23 150 M M 8 1 30 150
10 76 61 69 -3 0 4 0.95 0.0 0 9.3 21 320 M M 8 13 27 320
11 62 59 61 -11 4 0 1.87 0.0 0 10.4 16 340 M M 10 13 24 340
12 64 59 62 -9 3 0 1.29 0.0 0 11.5 20 320 M M 10 1 29 320
13 66 63 65 -6 0 0 0.10 0.0 0 13.4 21 330 M M 10 1 29 330
14 74 58 66 -5 0 1 T 0.0 0 8.9 17 330 M M 7 1 25 320
15 78 57 68 -3 0 3 0.00 0.0 0 5.9 14 40 M M 0 1 21 340
16 80 56 68 -2 0 3 0.00 0.0 0 4.2 12 50 M M 0 1 16 20
17 84 57 71 1 0 6 0.00 0.0 0 2.8 13 120 M M 3 12 17 90
18 85 61 73 3 0 8 0.00 0.0 0 2.4 12 70 M M 4 12 15 60
19 84 64 74 4 0 9 0.00 0.0 0 8.1 20 150 M M 4 12 26 130
20 85 70 78 9 0 13 0.00 0.0 0 10.7 28 170 M M 4 1 40 180
21 72 61 67 -2 0 2 0.00 0.0 0 12.0 23 330 M M 6 35 350
22 61 53 57 -12 8 0 0.14 0.0 0 6.3 15 320 M M 5 1 21 340
23 62 50 56 -13 9 0 0.19 0.0 0 3.6 12 270 M M 6 1 16 270
24 74 51 63 -5 2 0 T 0.0 0 4.8 12 50 M M 9 1 17 350
25 78 66 72 4 0 7 0.03 0.0 0 6.8 20 80 M M 10 18 26 70
26 72 58 65 -3 0 0 0.03 0.0 0 8.5 22 360 M M 10 12 30 10
27 62 55 59 -9 6 0 T 0.0 0 11.7 16 340 M M 10 25 330
28 68 55 62 -6 3 0 0.00 0.0 0 8.9 14 360 M M 10 22 350
29 74 60 67 -1 0 2 0.23 0.0 0 7.4 18 120 M M 10 1 24 130
30 82 63 73 6 0 8 0.23 0.0 0 15.3 38 170 M M 4 1 57 170
================================================================================
SM 2294 1792 40 141 5.16 0.0 243.2 M 173
================================================================================
AV 76.5 59.7 8.1 FASTST M M 6 MAX(MPH)
MISC ----> 38 170 57 170
================================================================================
NOTES:
# LAST OF SEVERAL OCCURRENCES
COLUMN 17 PEAK WIND IN M.P.H.
PRELIMINARY LOCAL CLIMATOLOGICAL DATA (WS FORM: F-6) , PAGE 2
STATION: BROWNSVILLE
MONTH: NOVEMBER
YEAR: 2023
LATITUDE: 25 53 N
LONGITUDE: 97 26 W
[TEMPERATURE DATA] [PRECIPITATION DATA] SYMBOLS USED IN COLUMN 16
AVERAGE MONTHLY: 68.1 TOTAL FOR MONTH: 5.16 1 = FOG OR MIST
DPTR FM NORMAL: -2.4 DPTR FM NORMAL: 3.40 2 = FOG REDUCING VISIBILITY
HIGHEST: 88 ON 8, 6 GRTST 24HR 2.56 ON 10-11 TO 1/4 MILE OR LESS
LOWEST: 50 ON 23, 1 3 = THUNDER
SNOW, ICE PELLETS, HAIL 4 = ICE PELLETS
TOTAL MONTH: 0.0 INCH 5 = HAIL
GRTST 24HR 0.0 6 = FREEZING RAIN OR DRIZZLE
GRTST DEPTH: 0 7 = DUSTSTORM OR SANDSTORM:
VSBY 1/2 MILE OR LESS
8 = SMOKE OR HAZE
[NO. OF DAYS WITH] [WEATHER - DAYS WITH] 9 = BLOWING SNOW
X = TORNADO
MAX 32 OR BELOW: 0 0.01 INCH OR MORE: 11
MAX 90 OR ABOVE: 0 0.10 INCH OR MORE: 9
MIN 32 OR BELOW: 0 0.50 INCH OR MORE: 3
MIN 0 OR BELOW: 0 1.00 INCH OR MORE: 2
[HDD (BASE 65) ]
TOTAL THIS MO. 40 CLEAR (SCALE 0-3) 9
DPTR FM NORMAL -3 PTCLDY (SCALE 4-7) 12
TOTAL FM JUL 1 55 CLOUDY (SCALE 8-10) 9
DPTR FM NORMAL 7
[CDD (BASE 65) ]
TOTAL THIS MO. 141
DPTR FM NORMAL -69 [PRESSURE DATA]
TOTAL FM JAN 1 4926 HIGHEST SLP 30.41 ON 1
DPTR FM NORMAL 488 LOWEST SLP 29.64 ON 20
[REMARKS]
#FINAL-11-23#